{"id":38344,"date":"2025-05-09T14:08:28","date_gmt":"2025-05-09T13:08:28","guid":{"rendered":"https:\/\/visitaltotamegaebarroso.pt\/?post_type=mec-events&#038;p=38344"},"modified":"2025-05-09T14:15:36","modified_gmt":"2025-05-09T13:15:36","slug":"montalegre-festival-aldea-de-los-lobos","status":"publish","type":"mec-events","link":"https:\/\/visitaltotamegaebarroso.pt\/es\/events\/montalegre-festival-aldea-de-los-lobos\/","title":{"rendered":"MONTALEGRE | Festival Aldea de los Lobos"},"content":{"rendered":"<p>La espera ha terminado, el aullido de la aldea de Fafi\u00e3o en 2025 se ha fijado para los d\u00edas 11 y 12 de julio.<\/p>\n<p>Le recordamos que se trata de un evento \u00fanico, compuesto por m\u00faltiples actividades que re\u00fanen \u00e1reas como la naturaleza, el teatro, la m\u00fasica, la escultura, la pintura y la fotograf\u00eda.<\/p>\n","protected":false},"excerpt":{"rendered":"<p>La espera ha terminado, el aullido de la aldea de Fafi\u00e3o en 2025 se ha fijado para los d\u00edas 11 y 12 de julio. Le recordamos que se trata de un evento \u00fanico, compuesto por m\u00faltiples actividades que re\u00fanen \u00e1reas [&hellip;]<\/p>\n","protected":false},"author":5,"featured_media":38340,"comment_status":"closed","ping_status":"closed","template":"","tags":[],"mec_category":[716],"_links":{"self":[{"href":"https:\/\/visitaltotamegaebarroso.pt\/es\/wp-json\/wp\/v2\/mec-events\/38344"}],"collection":[{"href":"https:\/\/visitaltotamegaebarroso.pt\/es\/wp-json\/wp\/v2\/mec-events"}],"about":[{"href":"https:\/\/visitaltotamegaebarroso.pt\/es\/wp-json\/wp\/v2\/types\/mec-events"}],"author":[{"embeddable":true,"href":"https:\/\/visitaltotamegaebarroso.pt\/es\/wp-json\/wp\/v2\/users\/5"}],"replies":[{"embeddable":true,"href":"https:\/\/visitaltotamegaebarroso.pt\/es\/wp-json\/wp\/v2\/comments?post=38344"}],"wp:featuredmedia":[{"embeddable":true,"href":"https:\/\/visitaltotamegaebarroso.pt\/es\/wp-json\/wp\/v2\/media\/38340"}],"wp:attachment":[{"href":"https:\/\/visitaltotamegaebarroso.pt\/es\/wp-json\/wp\/v2\/media?parent=38344"}],"wp:term":[{"taxonomy":"post_tag","embeddable":true,"href":"https:\/\/visitaltotamegaebarroso.pt\/es\/wp-json\/wp\/v2\/tags?post=38344"},{"taxonomy":"mec_category","embeddable":true,"href":"https:\/\/visitaltotamegaebarroso.pt\/es\/wp-json\/wp\/v2\/mec_category?post=38344"}],"curies":[{"name":"wp","href":"https:\/\/api.w.org\/{rel}","templated":true}]}}

<p>La espera ha terminado, el aullido de la aldea de Fafião en 2025 se ha fijado para los días 11 y 12 de julio.</p>
<p>Le recordamos que se trata de un evento único, compuesto por múltiples actividades que reúnen áreas como la naturaleza, el teatro, la música, la escultura, la pintura y la fotografía.</p>

<p>La espera ha terminado, el aullido de la aldea de Fafião en 2025 se ha fijado para los días 11 y 12 de julio. Le recordamos que se trata de un evento único, compuesto por múltiples actividades que reúnen áreas [&hellip;]</p>
