{"id":38258,"date":"2025-05-07T15:53:25","date_gmt":"2025-05-07T14:53:25","guid":{"rendered":"https:\/\/visitaltotamegaebarroso.pt\/events\/chaves-concierto-caelestis-de-la-orquesta-de-viento-de-la-caa\/"},"modified":"2025-05-07T15:53:25","modified_gmt":"2025-05-07T14:53:25","slug":"chaves-concierto-caelestis-de-la-orquesta-de-viento-de-la-caa","status":"publish","type":"mec-events","link":"https:\/\/visitaltotamegaebarroso.pt\/es\/events\/chaves-concierto-caelestis-de-la-orquesta-de-viento-de-la-caa\/","title":{"rendered":"Chaves | Concierto \u201cCaelestis\u201d de la Orquesta de Viento de la CAA"},"content":{"rendered":"<p>A pesar de los errores que la humanidad ha cometido a lo largo del tiempo -ya sea por la destrucci\u00f3n del medio ambiente, la violencia o la indiferencia ante el dolor ajeno-, la m\u00fasica siempre nos ha recordado la posibilidad de redenci\u00f3n y esperanza.<br \/>\nEn las obras de compositores como Gillingham y Maslanka, sentimos una tensi\u00f3n constante entre las dificultades y la b\u00fasqueda de una nueva conciencia. Gillingham, con su vibrante energ\u00eda y sus desaf\u00edos arm\u00f3nicos, y Maslanka, con su expresi\u00f3n v\u00edvida e intensa, sugieren que, por muy oscurecido que est\u00e9 nuestro camino, siempre existe la posibilidad de una transformaci\u00f3n, de un despertar a lo que realmente importa.<\/p>\n<p>Con este mismo esp\u00edritu de renovaci\u00f3n, Lu\u00eds Matos se dispone a estrenar el concierto para oboe del compositor Mart\u00ednez Gallego. El concierto de Gallego, con su mezcla de sonidos innovadores y expresiones tradicionales, refleja la idea de que, por dif\u00edciles que sean los tiempos, el arte y la m\u00fasica pueden ser el veh\u00edculo de un despertar colectivo.<\/p>\n<p>AAChaves Wind Orchestra<br \/>\nLuis Matos &#8211; Oboe Solo<br \/>\nLuciano Pereira &#8211; Director<\/p>\n<p>Organiza: Alma.Alta y Academia de Artes de Chaves<br \/>\nApoyo: Ayuntamiento de Chaves<\/p>\n","protected":false},"excerpt":{"rendered":"<p>A pesar de los errores que la humanidad ha cometido a lo largo del tiempo -ya sea por la destrucci\u00f3n del medio ambiente, la violencia o la indiferencia ante el dolor ajeno-, la m\u00fasica siempre nos ha recordado la posibilidad [&hellip;]<\/p>\n","protected":false},"author":5,"featured_media":38254,"comment_status":"closed","ping_status":"closed","template":"","tags":[],"mec_category":[1445],"_links":{"self":[{"href":"https:\/\/visitaltotamegaebarroso.pt\/es\/wp-json\/wp\/v2\/mec-events\/38258"}],"collection":[{"href":"https:\/\/visitaltotamegaebarroso.pt\/es\/wp-json\/wp\/v2\/mec-events"}],"about":[{"href":"https:\/\/visitaltotamegaebarroso.pt\/es\/wp-json\/wp\/v2\/types\/mec-events"}],"author":[{"embeddable":true,"href":"https:\/\/visitaltotamegaebarroso.pt\/es\/wp-json\/wp\/v2\/users\/5"}],"replies":[{"embeddable":true,"href":"https:\/\/visitaltotamegaebarroso.pt\/es\/wp-json\/wp\/v2\/comments?post=38258"}],"wp:featuredmedia":[{"embeddable":true,"href":"https:\/\/visitaltotamegaebarroso.pt\/es\/wp-json\/wp\/v2\/media\/38254"}],"wp:attachment":[{"href":"https:\/\/visitaltotamegaebarroso.pt\/es\/wp-json\/wp\/v2\/media?parent=38258"}],"wp:term":[{"taxonomy":"post_tag","embeddable":true,"href":"https:\/\/visitaltotamegaebarroso.pt\/es\/wp-json\/wp\/v2\/tags?post=38258"},{"taxonomy":"mec_category","embeddable":true,"href":"https:\/\/visitaltotamegaebarroso.pt\/es\/wp-json\/wp\/v2\/mec_category?post=38258"}],"curies":[{"name":"wp","href":"https:\/\/api.w.org\/{rel}","templated":true}]}}

<p>A pesar de los errores que la humanidad ha cometido a lo largo del tiempo -ya sea por la destrucción del medio ambiente, la violencia o la indiferencia ante el dolor ajeno-, la música siempre nos ha recordado la posibilidad de redención y esperanza.<br />
En las obras de compositores como Gillingham y Maslanka, sentimos una tensión constante entre las dificultades y la búsqueda de una nueva conciencia. Gillingham, con su vibrante energía y sus desafíos armónicos, y Maslanka, con su expresión vívida e intensa, sugieren que, por muy oscurecido que esté nuestro camino, siempre existe la posibilidad de una transformación, de un despertar a lo que realmente importa.</p>
<p>Con este mismo espíritu de renovación, Luís Matos se dispone a estrenar el concierto para oboe del compositor Martínez Gallego. El concierto de Gallego, con su mezcla de sonidos innovadores y expresiones tradicionales, refleja la idea de que, por difíciles que sean los tiempos, el arte y la música pueden ser el vehículo de un despertar colectivo.</p>
<p>AAChaves Wind Orchestra<br />
Luis Matos &#8211; Oboe Solo<br />
Luciano Pereira &#8211; Director</p>
<p>Organiza: Alma.Alta y Academia de Artes de Chaves<br />
Apoyo: Ayuntamiento de Chaves</p>

<p>A pesar de los errores que la humanidad ha cometido a lo largo del tiempo -ya sea por la destrucción del medio ambiente, la violencia o la indiferencia ante el dolor ajeno-, la música siempre nos ha recordado la posibilidad [&hellip;]</p>
