{"id":38218,"date":"2025-05-07T10:13:20","date_gmt":"2025-05-07T09:13:20","guid":{"rendered":"https:\/\/visitaltotamegaebarroso.pt\/events\/chaves-nuestros-artistas-lucia-persegani\/"},"modified":"2025-05-07T10:13:20","modified_gmt":"2025-05-07T09:13:20","slug":"chaves-nuestros-artistas-lucia-persegani","status":"publish","type":"mec-events","link":"https:\/\/visitaltotamegaebarroso.pt\/es\/events\/chaves-nuestros-artistas-lucia-persegani\/","title":{"rendered":"Chaves | Nuestros Artistas &#8211; Lucia Persegani"},"content":{"rendered":"<p>Lucia Persegani naci\u00f3 en R\u00edo de Janeiro y vive en Chaves desde 1990, ciudad en la que tiene varios proyectos arquitect\u00f3nicos propios. Amante del arte, comenz\u00f3 a trabajar la acuarela para su satisfacci\u00f3n personal.<br \/>\nAnimada a exponer sus obras, particip\u00f3 en la exposici\u00f3n \u00ab3 Artistas, 3 Miradas\u00bb en 2014, en la \u00abExposici\u00f3n de Arte de Artistas Flavienses\u00bb en 2021, en la Exposici\u00f3n de Arte V\u00eda XVII FLIC en 2022, en VIARTE en 2023, en la Exposici\u00f3n Colectiva del Ecomuseo de Boticas en 2023, en la Exposici\u00f3n de Arte FLIC VIII en 2024 y en el Centro de Cultura y Congreso de la Asociaci\u00f3n M\u00e9dica Portuguesa en 2024.<\/p>\n<p>La exposici\u00f3n, cuya entrada es gratuita, puede visitarse de lunes a viernes, de 9.30 a 13.00 horas y de 14.00 a 18.00 horas, y los s\u00e1bados, de 9.30 a 13.00 horas.<\/p>\n<p>Organiza: Ayuntamiento de Chaves<\/p>\n","protected":false},"excerpt":{"rendered":"<p>Lucia Persegani naci\u00f3 en R\u00edo de Janeiro y vive en Chaves desde 1990, ciudad en la que tiene varios proyectos arquitect\u00f3nicos propios. Amante del arte, comenz\u00f3 a trabajar la acuarela para su satisfacci\u00f3n personal. Animada a exponer sus obras, particip\u00f3 [&hellip;]<\/p>\n","protected":false},"author":5,"featured_media":38214,"comment_status":"closed","ping_status":"closed","template":"","tags":[],"mec_category":[716],"_links":{"self":[{"href":"https:\/\/visitaltotamegaebarroso.pt\/es\/wp-json\/wp\/v2\/mec-events\/38218"}],"collection":[{"href":"https:\/\/visitaltotamegaebarroso.pt\/es\/wp-json\/wp\/v2\/mec-events"}],"about":[{"href":"https:\/\/visitaltotamegaebarroso.pt\/es\/wp-json\/wp\/v2\/types\/mec-events"}],"author":[{"embeddable":true,"href":"https:\/\/visitaltotamegaebarroso.pt\/es\/wp-json\/wp\/v2\/users\/5"}],"replies":[{"embeddable":true,"href":"https:\/\/visitaltotamegaebarroso.pt\/es\/wp-json\/wp\/v2\/comments?post=38218"}],"wp:featuredmedia":[{"embeddable":true,"href":"https:\/\/visitaltotamegaebarroso.pt\/es\/wp-json\/wp\/v2\/media\/38214"}],"wp:attachment":[{"href":"https:\/\/visitaltotamegaebarroso.pt\/es\/wp-json\/wp\/v2\/media?parent=38218"}],"wp:term":[{"taxonomy":"post_tag","embeddable":true,"href":"https:\/\/visitaltotamegaebarroso.pt\/es\/wp-json\/wp\/v2\/tags?post=38218"},{"taxonomy":"mec_category","embeddable":true,"href":"https:\/\/visitaltotamegaebarroso.pt\/es\/wp-json\/wp\/v2\/mec_category?post=38218"}],"curies":[{"name":"wp","href":"https:\/\/api.w.org\/{rel}","templated":true}]}}

<p>Lucia Persegani nació en Río de Janeiro y vive en Chaves desde 1990, ciudad en la que tiene varios proyectos arquitectónicos propios. Amante del arte, comenzó a trabajar la acuarela para su satisfacción personal.<br />
Animada a exponer sus obras, participó en la exposición «3 Artistas, 3 Miradas» en 2014, en la «Exposición de Arte de Artistas Flavienses» en 2021, en la Exposición de Arte Vía XVII FLIC en 2022, en VIARTE en 2023, en la Exposición Colectiva del Ecomuseo de Boticas en 2023, en la Exposición de Arte FLIC VIII en 2024 y en el Centro de Cultura y Congreso de la Asociación Médica Portuguesa en 2024.</p>
<p>La exposición, cuya entrada es gratuita, puede visitarse de lunes a viernes, de 9.30 a 13.00 horas y de 14.00 a 18.00 horas, y los sábados, de 9.30 a 13.00 horas.</p>
<p>Organiza: Ayuntamiento de Chaves</p>

<p>Lucia Persegani nació en Río de Janeiro y vive en Chaves desde 1990, ciudad en la que tiene varios proyectos arquitectónicos propios. Amante del arte, comenzó a trabajar la acuarela para su satisfacción personal. Animada a exponer sus obras, participó [&hellip;]</p>
