{"id":38203,"date":"2025-05-06T16:39:19","date_gmt":"2025-05-06T15:39:19","guid":{"rendered":"https:\/\/visitaltotamegaebarroso.pt\/events\/chaves-festival-entre-curtas\/"},"modified":"2025-05-06T16:39:19","modified_gmt":"2025-05-06T15:39:19","slug":"chaves-festival-entre-curtas","status":"publish","type":"mec-events","link":"https:\/\/visitaltotamegaebarroso.pt\/es\/events\/chaves-festival-entre-curtas\/","title":{"rendered":"Chaves | Festival Entre Curtas"},"content":{"rendered":"<p>\u00a1El Teatro Experimental Flavio y el Festival Entre Curtas tienen una sugerencia!<br \/>\nAproveche nuestra programaci\u00f3n especial de cine, hecha pensando en usted.<\/p>\n<p>El viernes, a las 21h30, proyectaremos la pel\u00edcula Tr\u00e1s-os-Montes, un documental etnogr\u00e1fico sobre nuestra regi\u00f3n.<br \/>\nEl domingo, a las 18.00 y a las 21.30 h, se proyectar\u00e1 la pel\u00edcula de animaci\u00f3n Flow, ganadora del Oscar a la mejor pel\u00edcula de animaci\u00f3n y a la mejor pel\u00edcula internacional.<\/p>\n<p>\u00a1No querr\u00e1s perd\u00e9rtela! \u00a1Contamos contigo!<br \/>\nEntrada 5\u20ac<br \/>\nReservas en el 276 333 919 (Llamar a tel\u00e9fono fijo nacional)<\/p>\n","protected":false},"excerpt":{"rendered":"<p>\u00a1El Teatro Experimental Flavio y el Festival Entre Curtas tienen una sugerencia! Aproveche nuestra programaci\u00f3n especial de cine, hecha pensando en usted. El viernes, a las 21h30, proyectaremos la pel\u00edcula Tr\u00e1s-os-Montes, un documental etnogr\u00e1fico sobre nuestra regi\u00f3n. El domingo, a [&hellip;]<\/p>\n","protected":false},"author":5,"featured_media":38199,"comment_status":"closed","ping_status":"closed","template":"","tags":[],"mec_category":[1316],"_links":{"self":[{"href":"https:\/\/visitaltotamegaebarroso.pt\/es\/wp-json\/wp\/v2\/mec-events\/38203"}],"collection":[{"href":"https:\/\/visitaltotamegaebarroso.pt\/es\/wp-json\/wp\/v2\/mec-events"}],"about":[{"href":"https:\/\/visitaltotamegaebarroso.pt\/es\/wp-json\/wp\/v2\/types\/mec-events"}],"author":[{"embeddable":true,"href":"https:\/\/visitaltotamegaebarroso.pt\/es\/wp-json\/wp\/v2\/users\/5"}],"replies":[{"embeddable":true,"href":"https:\/\/visitaltotamegaebarroso.pt\/es\/wp-json\/wp\/v2\/comments?post=38203"}],"wp:featuredmedia":[{"embeddable":true,"href":"https:\/\/visitaltotamegaebarroso.pt\/es\/wp-json\/wp\/v2\/media\/38199"}],"wp:attachment":[{"href":"https:\/\/visitaltotamegaebarroso.pt\/es\/wp-json\/wp\/v2\/media?parent=38203"}],"wp:term":[{"taxonomy":"post_tag","embeddable":true,"href":"https:\/\/visitaltotamegaebarroso.pt\/es\/wp-json\/wp\/v2\/tags?post=38203"},{"taxonomy":"mec_category","embeddable":true,"href":"https:\/\/visitaltotamegaebarroso.pt\/es\/wp-json\/wp\/v2\/mec_category?post=38203"}],"curies":[{"name":"wp","href":"https:\/\/api.w.org\/{rel}","templated":true}]}}

<p>¡El Teatro Experimental Flavio y el Festival Entre Curtas tienen una sugerencia!<br />
Aproveche nuestra programación especial de cine, hecha pensando en usted.</p>
<p>El viernes, a las 21h30, proyectaremos la película Trás-os-Montes, un documental etnográfico sobre nuestra región.<br />
El domingo, a las 18.00 y a las 21.30 h, se proyectará la película de animación Flow, ganadora del Oscar a la mejor película de animación y a la mejor película internacional.</p>
<p>¡No querrás perdértela! ¡Contamos contigo!<br />
Entrada 5€<br />
Reservas en el 276 333 919 (Llamar a teléfono fijo nacional)</p>

<p>¡El Teatro Experimental Flavio y el Festival Entre Curtas tienen una sugerencia! Aproveche nuestra programación especial de cine, hecha pensando en usted. El viernes, a las 21h30, proyectaremos la película Trás-os-Montes, un documental etnográfico sobre nuestra región. El domingo, a [&hellip;]</p>
