{"id":38193,"date":"2025-05-06T12:13:34","date_gmt":"2025-05-06T11:13:34","guid":{"rendered":"https:\/\/visitaltotamegaebarroso.pt\/events\/montalegre-iii-patrimonio-enogastronomico-cofradias\/"},"modified":"2025-05-06T12:13:34","modified_gmt":"2025-05-06T11:13:34","slug":"montalegre-iii-patrimonio-enogastronomico-cofradias","status":"publish","type":"mec-events","link":"https:\/\/visitaltotamegaebarroso.pt\/es\/events\/montalegre-iii-patrimonio-enogastronomico-cofradias\/","title":{"rendered":"Montalegre | III Patrim\u00f3nio Enogastron\u00f3mico &#8211; Cofrad\u00edas"},"content":{"rendered":"<p>La tercera edici\u00f3n del evento Patrim\u00f3nio Enogastron\u00f3mico, bajo el lema \u00abGastronom\u00eda y Emociones\u00bb, promete ofrecer una experiencia multisensorial \u00fanica el pr\u00f3ximo fin de semana en el Pabell\u00f3n Multiusos de Montalegre.<br \/>\nContar\u00e1 con la presencia de las m\u00e1s prestigiosas cofrad\u00edas gastron\u00f3micas y en\u00f3filas del pa\u00eds, entre ellas la Cofrad\u00eda Nacional de la Leche, que celebrar\u00e1 su XIII Cap\u00edtulo de Entronizaci\u00f3n. Estas organizaciones aportar\u00e1n no s\u00f3lo sus conocimientos ancestrales, sino tambi\u00e9n demostraciones pr\u00e1cticas y degustaciones que celebran la riqueza de las tradiciones portuguesas. Cada cofrad\u00eda presentar\u00e1 sus rituales y productos emblem\u00e1ticos, creando un di\u00e1logo \u00fanico entre el pasado y el presente de la gastronom\u00eda portuguesa.<\/p>\n","protected":false},"excerpt":{"rendered":"<p>La tercera edici\u00f3n del evento Patrim\u00f3nio Enogastron\u00f3mico, bajo el lema \u00abGastronom\u00eda y Emociones\u00bb, promete ofrecer una experiencia multisensorial \u00fanica el pr\u00f3ximo fin de semana en el Pabell\u00f3n Multiusos de Montalegre. Contar\u00e1 con la presencia de las m\u00e1s prestigiosas cofrad\u00edas gastron\u00f3micas [&hellip;]<\/p>\n","protected":false},"author":5,"featured_media":38189,"comment_status":"closed","ping_status":"closed","template":"","tags":[],"mec_category":[716],"_links":{"self":[{"href":"https:\/\/visitaltotamegaebarroso.pt\/es\/wp-json\/wp\/v2\/mec-events\/38193"}],"collection":[{"href":"https:\/\/visitaltotamegaebarroso.pt\/es\/wp-json\/wp\/v2\/mec-events"}],"about":[{"href":"https:\/\/visitaltotamegaebarroso.pt\/es\/wp-json\/wp\/v2\/types\/mec-events"}],"author":[{"embeddable":true,"href":"https:\/\/visitaltotamegaebarroso.pt\/es\/wp-json\/wp\/v2\/users\/5"}],"replies":[{"embeddable":true,"href":"https:\/\/visitaltotamegaebarroso.pt\/es\/wp-json\/wp\/v2\/comments?post=38193"}],"wp:featuredmedia":[{"embeddable":true,"href":"https:\/\/visitaltotamegaebarroso.pt\/es\/wp-json\/wp\/v2\/media\/38189"}],"wp:attachment":[{"href":"https:\/\/visitaltotamegaebarroso.pt\/es\/wp-json\/wp\/v2\/media?parent=38193"}],"wp:term":[{"taxonomy":"post_tag","embeddable":true,"href":"https:\/\/visitaltotamegaebarroso.pt\/es\/wp-json\/wp\/v2\/tags?post=38193"},{"taxonomy":"mec_category","embeddable":true,"href":"https:\/\/visitaltotamegaebarroso.pt\/es\/wp-json\/wp\/v2\/mec_category?post=38193"}],"curies":[{"name":"wp","href":"https:\/\/api.w.org\/{rel}","templated":true}]}}

Montalegre | III Património Enogastronómico &#8211; Cofradías

<p>La tercera edición del evento Património Enogastronómico, bajo el lema «Gastronomía y Emociones», promete ofrecer una experiencia multisensorial única el próximo fin de semana en el Pabellón Multiusos de Montalegre.<br />
Contará con la presencia de las más prestigiosas cofradías gastronómicas y enófilas del país, entre ellas la Cofradía Nacional de la Leche, que celebrará su XIII Capítulo de Entronización. Estas organizaciones aportarán no sólo sus conocimientos ancestrales, sino también demostraciones prácticas y degustaciones que celebran la riqueza de las tradiciones portuguesas. Cada cofradía presentará sus rituales y productos emblemáticos, creando un diálogo único entre el pasado y el presente de la gastronomía portuguesa.</p>

<p>La tercera edición del evento Património Enogastronómico, bajo el lema «Gastronomía y Emociones», promete ofrecer una experiencia multisensorial única el próximo fin de semana en el Pabellón Multiusos de Montalegre. Contará con la presencia de las más prestigiosas cofradías gastronómicas [&hellip;]</p>
