{"id":38163,"date":"2025-05-05T16:25:42","date_gmt":"2025-05-05T15:25:42","guid":{"rendered":"https:\/\/visitaltotamegaebarroso.pt\/?post_type=mec-events&#038;p=38163"},"modified":"2025-05-05T16:30:53","modified_gmt":"2025-05-05T15:30:53","slug":"montalegre-xiv-jornadas-das-letras-galego-portuguesas","status":"publish","type":"mec-events","link":"https:\/\/visitaltotamegaebarroso.pt\/es\/events\/montalegre-xiv-jornadas-das-letras-galego-portuguesas\/","title":{"rendered":"Montalegre | XIV Jornadas das Letras Galego-Portuguesas"},"content":{"rendered":"<p>La cultura vuelve a ser protagonista en la decimocuarta edici\u00f3n de las Jornadas das Letras Galego-Portuguesas, que se celebran en la t\u00edpica aldea de Pit\u00f5es das J\u00fanias.<\/p>\n","protected":false},"excerpt":{"rendered":"<p>La cultura vuelve a ser protagonista en la decimocuarta edici\u00f3n de las Jornadas das Letras Galego-Portuguesas, que se celebran en la t\u00edpica aldea de Pit\u00f5es das J\u00fanias.<\/p>\n","protected":false},"author":5,"featured_media":38158,"comment_status":"closed","ping_status":"closed","template":"","tags":[],"mec_category":[716],"_links":{"self":[{"href":"https:\/\/visitaltotamegaebarroso.pt\/es\/wp-json\/wp\/v2\/mec-events\/38163"}],"collection":[{"href":"https:\/\/visitaltotamegaebarroso.pt\/es\/wp-json\/wp\/v2\/mec-events"}],"about":[{"href":"https:\/\/visitaltotamegaebarroso.pt\/es\/wp-json\/wp\/v2\/types\/mec-events"}],"author":[{"embeddable":true,"href":"https:\/\/visitaltotamegaebarroso.pt\/es\/wp-json\/wp\/v2\/users\/5"}],"replies":[{"embeddable":true,"href":"https:\/\/visitaltotamegaebarroso.pt\/es\/wp-json\/wp\/v2\/comments?post=38163"}],"wp:featuredmedia":[{"embeddable":true,"href":"https:\/\/visitaltotamegaebarroso.pt\/es\/wp-json\/wp\/v2\/media\/38158"}],"wp:attachment":[{"href":"https:\/\/visitaltotamegaebarroso.pt\/es\/wp-json\/wp\/v2\/media?parent=38163"}],"wp:term":[{"taxonomy":"post_tag","embeddable":true,"href":"https:\/\/visitaltotamegaebarroso.pt\/es\/wp-json\/wp\/v2\/tags?post=38163"},{"taxonomy":"mec_category","embeddable":true,"href":"https:\/\/visitaltotamegaebarroso.pt\/es\/wp-json\/wp\/v2\/mec_category?post=38163"}],"curies":[{"name":"wp","href":"https:\/\/api.w.org\/{rel}","templated":true}]}}

<p>La cultura vuelve a ser protagonista en la decimocuarta edición de las Jornadas das Letras Galego-Portuguesas, que se celebran en la típica aldea de Pitões das Júnias.</p>
