{"id":38112,"date":"2025-04-24T12:18:20","date_gmt":"2025-04-24T11:18:20","guid":{"rendered":"https:\/\/visitaltotamegaebarroso.pt\/?post_type=mec-events&#038;p=38112"},"modified":"2025-04-24T12:26:06","modified_gmt":"2025-04-24T11:26:06","slug":"chaves-presentacion-oficial-del-festival-internacional-de-cine-oficina-de-turismo-alto-tamega-e-barroso","status":"publish","type":"mec-events","link":"https:\/\/visitaltotamegaebarroso.pt\/es\/events\/chaves-presentacion-oficial-del-festival-internacional-de-cine-oficina-de-turismo-alto-tamega-e-barroso\/","title":{"rendered":"CHAVES | Presentaci\u00f3n Oficial del Festival Internacional de Cine &#8211; Oficina de Turismo Alto T\u00e2mega e Barroso"},"content":{"rendered":"<p>Una vez m\u00e1s estaremos en la Oficina de Turismo Alto T\u00e2mega e Barroso el d\u00eda 30 de abril a las 18h para presentar todos los detalles de una nueva edici\u00f3n del Festival Entre Curtas. Este a\u00f1o, con a\u00fan m\u00e1s novedades y oportunidades exclusivas.<\/p>\n<p>Como siempre, la fiesta contin\u00faa en Cavalo Cansado para otro \ud835\uddee\ud835\uddf3\ud835\ude01\ud835\uddf2\ud835\uddff \ud835\uddfd\ud835\uddee\ud835\uddff\ud835\ude01\ud835\ude06, siempre lleno de buenas conversaciones, aperitivos y una buena copa de vino ENCOSTAS DE SONIM.<\/p>\n","protected":false},"excerpt":{"rendered":"<p>Una vez m\u00e1s estaremos en la Oficina de Turismo Alto T\u00e2mega e Barroso el d\u00eda 30 de abril a las 18h para presentar todos los detalles de una nueva edici\u00f3n del Festival Entre Curtas. Este a\u00f1o, con a\u00fan m\u00e1s novedades [&hellip;]<\/p>\n","protected":false},"author":5,"featured_media":38108,"comment_status":"closed","ping_status":"closed","template":"","tags":[],"mec_category":[716],"_links":{"self":[{"href":"https:\/\/visitaltotamegaebarroso.pt\/es\/wp-json\/wp\/v2\/mec-events\/38112"}],"collection":[{"href":"https:\/\/visitaltotamegaebarroso.pt\/es\/wp-json\/wp\/v2\/mec-events"}],"about":[{"href":"https:\/\/visitaltotamegaebarroso.pt\/es\/wp-json\/wp\/v2\/types\/mec-events"}],"author":[{"embeddable":true,"href":"https:\/\/visitaltotamegaebarroso.pt\/es\/wp-json\/wp\/v2\/users\/5"}],"replies":[{"embeddable":true,"href":"https:\/\/visitaltotamegaebarroso.pt\/es\/wp-json\/wp\/v2\/comments?post=38112"}],"wp:featuredmedia":[{"embeddable":true,"href":"https:\/\/visitaltotamegaebarroso.pt\/es\/wp-json\/wp\/v2\/media\/38108"}],"wp:attachment":[{"href":"https:\/\/visitaltotamegaebarroso.pt\/es\/wp-json\/wp\/v2\/media?parent=38112"}],"wp:term":[{"taxonomy":"post_tag","embeddable":true,"href":"https:\/\/visitaltotamegaebarroso.pt\/es\/wp-json\/wp\/v2\/tags?post=38112"},{"taxonomy":"mec_category","embeddable":true,"href":"https:\/\/visitaltotamegaebarroso.pt\/es\/wp-json\/wp\/v2\/mec_category?post=38112"}],"curies":[{"name":"wp","href":"https:\/\/api.w.org\/{rel}","templated":true}]}}

CHAVES | Presentación Oficial del Festival Internacional de Cine &#8211; Oficina de Turismo Alto Tâmega e Barroso

<p>Una vez más estaremos en la Oficina de Turismo Alto Tâmega e Barroso el día 30 de abril a las 18h para presentar todos los detalles de una nueva edición del Festival Entre Curtas. Este año, con aún más novedades y oportunidades exclusivas.</p>
<p>Como siempre, la fiesta continúa en Cavalo Cansado para otro 𝗮𝗳𝘁𝗲𝗿 𝗽𝗮𝗿𝘁𝘆, siempre lleno de buenas conversaciones, aperitivos y una buena copa de vino ENCOSTAS DE SONIM.</p>

<p>Una vez más estaremos en la Oficina de Turismo Alto Tâmega e Barroso el día 30 de abril a las 18h para presentar todos los detalles de una nueva edición del Festival Entre Curtas. Este año, con aún más novedades [&hellip;]</p>
