{"id":38092,"date":"2025-04-23T11:57:02","date_gmt":"2025-04-23T10:57:02","guid":{"rendered":"https:\/\/visitaltotamegaebarroso.pt\/events\/ribeira-de-pena-camarada-cabral\/"},"modified":"2025-04-23T11:57:02","modified_gmt":"2025-04-23T10:57:02","slug":"ribeira-de-pena-camarada-cabral","status":"publish","type":"mec-events","link":"https:\/\/visitaltotamegaebarroso.pt\/es\/events\/ribeira-de-pena-camarada-cabral\/","title":{"rendered":"Ribeira de Pena | Camarada Cabral"},"content":{"rendered":"<p>El Auditorio Municipal de Ribeira de Pena acoge el 30 de abril la proyecci\u00f3n de la pel\u00edcula \u00abCamarada Cunhal\u00bb, una obra que nos traslada a 1958, durante el r\u00e9gimen dictatorial de Ant\u00f3nio de Oliveira Salazar.<\/p>\n<p>Tras ocho a\u00f1os de aislamiento total a manos de la PIDE, \u00c1lvaro Cunhal es trasladado a la prisi\u00f3n fortaleza de Peniche. Dentro, incluso bajo estrecha vigilancia, \u00c1lvaro Cunhal consigue unir fuerzas con sus compa\u00f1eros de celda para organizar iniciativas de apoyo a los m\u00e1s vulnerables y, en secreto, un plan de fuga.<\/p>\n<p>Con el apoyo de Jorge Alves, funcionario de prisiones, y de varios camaradas del Partido Comunista Portugu\u00e9s en el exterior, se urde un audaz plan de fuga. En la tarde del 3 de enero de 1960, utilizando cuerdas improvisadas con s\u00e1banas, descendieron los muros, cruzaron el foso y se reunieron en el exterior con colaboradores que ya ten\u00edan medios para esconderlos en lugares clandestinos.<br \/>\nM\u00e1s que una fuga, es la historia de una lucha incansable contra la opresi\u00f3n, que consolid\u00f3 a \u00c1lvaro Cunhal como una de las figuras centrales de la oposici\u00f3n al Estado Novo.<\/p>\n<p>La primera sesi\u00f3n, a las 14h30, estar\u00e1 dedicada a la comunidad escolar, para que los j\u00f3venes tengan un contacto directo con un momento decisivo de nuestra historia. M\u00e1s tarde, a las 21.00 horas, el auditorio abrir\u00e1 de nuevo sus puertas al p\u00fablico en general, con entrada gratuita.<\/p>\n<p>No se pierda esta impactante recreaci\u00f3n de un momento decisivo de la historia de Portugal.<\/p>\n","protected":false},"excerpt":{"rendered":"<p>El Auditorio Municipal de Ribeira de Pena acoge el 30 de abril la proyecci\u00f3n de la pel\u00edcula \u00abCamarada Cunhal\u00bb, una obra que nos traslada a 1958, durante el r\u00e9gimen dictatorial de Ant\u00f3nio de Oliveira Salazar. Tras ocho a\u00f1os de aislamiento [&hellip;]<\/p>\n","protected":false},"author":5,"featured_media":38088,"comment_status":"closed","ping_status":"closed","template":"","tags":[],"mec_category":[1316],"_links":{"self":[{"href":"https:\/\/visitaltotamegaebarroso.pt\/es\/wp-json\/wp\/v2\/mec-events\/38092"}],"collection":[{"href":"https:\/\/visitaltotamegaebarroso.pt\/es\/wp-json\/wp\/v2\/mec-events"}],"about":[{"href":"https:\/\/visitaltotamegaebarroso.pt\/es\/wp-json\/wp\/v2\/types\/mec-events"}],"author":[{"embeddable":true,"href":"https:\/\/visitaltotamegaebarroso.pt\/es\/wp-json\/wp\/v2\/users\/5"}],"replies":[{"embeddable":true,"href":"https:\/\/visitaltotamegaebarroso.pt\/es\/wp-json\/wp\/v2\/comments?post=38092"}],"wp:featuredmedia":[{"embeddable":true,"href":"https:\/\/visitaltotamegaebarroso.pt\/es\/wp-json\/wp\/v2\/media\/38088"}],"wp:attachment":[{"href":"https:\/\/visitaltotamegaebarroso.pt\/es\/wp-json\/wp\/v2\/media?parent=38092"}],"wp:term":[{"taxonomy":"post_tag","embeddable":true,"href":"https:\/\/visitaltotamegaebarroso.pt\/es\/wp-json\/wp\/v2\/tags?post=38092"},{"taxonomy":"mec_category","embeddable":true,"href":"https:\/\/visitaltotamegaebarroso.pt\/es\/wp-json\/wp\/v2\/mec_category?post=38092"}],"curies":[{"name":"wp","href":"https:\/\/api.w.org\/{rel}","templated":true}]}}

<p>El Auditorio Municipal de Ribeira de Pena acoge el 30 de abril la proyección de la película «Camarada Cunhal», una obra que nos traslada a 1958, durante el régimen dictatorial de António de Oliveira Salazar.</p>
<p>Tras ocho años de aislamiento total a manos de la PIDE, Álvaro Cunhal es trasladado a la prisión fortaleza de Peniche. Dentro, incluso bajo estrecha vigilancia, Álvaro Cunhal consigue unir fuerzas con sus compañeros de celda para organizar iniciativas de apoyo a los más vulnerables y, en secreto, un plan de fuga.</p>
<p>Con el apoyo de Jorge Alves, funcionario de prisiones, y de varios camaradas del Partido Comunista Portugués en el exterior, se urde un audaz plan de fuga. En la tarde del 3 de enero de 1960, utilizando cuerdas improvisadas con sábanas, descendieron los muros, cruzaron el foso y se reunieron en el exterior con colaboradores que ya tenían medios para esconderlos en lugares clandestinos.<br />
Más que una fuga, es la historia de una lucha incansable contra la opresión, que consolidó a Álvaro Cunhal como una de las figuras centrales de la oposición al Estado Novo.</p>
<p>La primera sesión, a las 14h30, estará dedicada a la comunidad escolar, para que los jóvenes tengan un contacto directo con un momento decisivo de nuestra historia. Más tarde, a las 21.00 horas, el auditorio abrirá de nuevo sus puertas al público en general, con entrada gratuita.</p>
<p>No se pierda esta impactante recreación de un momento decisivo de la historia de Portugal.</p>

<p>El Auditorio Municipal de Ribeira de Pena acoge el 30 de abril la proyección de la película «Camarada Cunhal», una obra que nos traslada a 1958, durante el régimen dictatorial de António de Oliveira Salazar. Tras ocho años de aislamiento [&hellip;]</p>
