{"id":38082,"date":"2025-04-23T09:44:25","date_gmt":"2025-04-23T08:44:25","guid":{"rendered":"https:\/\/visitaltotamegaebarroso.pt\/events\/paseo-de-la-libertad\/"},"modified":"2025-04-23T09:44:25","modified_gmt":"2025-04-23T08:44:25","slug":"paseo-de-la-libertad","status":"publish","type":"mec-events","link":"https:\/\/visitaltotamegaebarroso.pt\/es\/events\/paseo-de-la-libertad\/","title":{"rendered":"Paseo de la Libertad"},"content":{"rendered":"<p>El pr\u00f3ximo viernes caminaremos codo con codo para celebrar la libertad.<\/p>\n<p>Esto es m\u00e1s que un paseo, es un momento de expresi\u00f3n y fuerza colectiva.<\/p>\n<p>Punto de encuentro: Pra\u00e7a do Munic\u00edpio<\/p>\n<p>Hora: 11h00<\/p>\n<p>Inscripci\u00f3n en l\u00ednea (gratuita) <strong><a style=\"color: #0000ff;\" href=\"https:\/\/forms.gle\/bE8aCQdBtXMgHayH7\">AQU\u00cd<\/a><\/strong><\/p>\n<p>Inscripci\u00f3n (gratuita): Ecomuseu de Barroso &#8211; Espa\u00e7o Padre Fontes y Gimnasio Municipal.<\/p>\n<p>A las 13h, venga a socializar y disfrutar de un almuerzo comunitario en el Pabell\u00f3n Multiusos.<\/p>\n","protected":false},"excerpt":{"rendered":"<p>El pr\u00f3ximo viernes caminaremos codo con codo para celebrar la libertad. Esto es m\u00e1s que un paseo, es un momento de expresi\u00f3n y fuerza colectiva. Punto de encuentro: Pra\u00e7a do Munic\u00edpio Hora: 11h00 Inscripci\u00f3n en l\u00ednea (gratuita) AQU\u00cd Inscripci\u00f3n (gratuita): [&hellip;]<\/p>\n","protected":false},"author":5,"featured_media":38038,"comment_status":"closed","ping_status":"closed","template":"","tags":[],"mec_category":[720],"_links":{"self":[{"href":"https:\/\/visitaltotamegaebarroso.pt\/es\/wp-json\/wp\/v2\/mec-events\/38082"}],"collection":[{"href":"https:\/\/visitaltotamegaebarroso.pt\/es\/wp-json\/wp\/v2\/mec-events"}],"about":[{"href":"https:\/\/visitaltotamegaebarroso.pt\/es\/wp-json\/wp\/v2\/types\/mec-events"}],"author":[{"embeddable":true,"href":"https:\/\/visitaltotamegaebarroso.pt\/es\/wp-json\/wp\/v2\/users\/5"}],"replies":[{"embeddable":true,"href":"https:\/\/visitaltotamegaebarroso.pt\/es\/wp-json\/wp\/v2\/comments?post=38082"}],"wp:featuredmedia":[{"embeddable":true,"href":"https:\/\/visitaltotamegaebarroso.pt\/es\/wp-json\/wp\/v2\/media\/38038"}],"wp:attachment":[{"href":"https:\/\/visitaltotamegaebarroso.pt\/es\/wp-json\/wp\/v2\/media?parent=38082"}],"wp:term":[{"taxonomy":"post_tag","embeddable":true,"href":"https:\/\/visitaltotamegaebarroso.pt\/es\/wp-json\/wp\/v2\/tags?post=38082"},{"taxonomy":"mec_category","embeddable":true,"href":"https:\/\/visitaltotamegaebarroso.pt\/es\/wp-json\/wp\/v2\/mec_category?post=38082"}],"curies":[{"name":"wp","href":"https:\/\/api.w.org\/{rel}","templated":true}]}}

<p>El próximo viernes caminaremos codo con codo para celebrar la libertad.</p>
<p>Esto es más que un paseo, es un momento de expresión y fuerza colectiva.</p>
<p>Punto de encuentro: Praça do Município</p>
<p>Hora: 11h00</p>
<p>Inscripción en línea (gratuita) <strong><a style="color: #0000ff;" href="https://forms.gle/bE8aCQdBtXMgHayH7">AQUÍ</a></strong></p>
<p>Inscripción (gratuita): Ecomuseu de Barroso &#8211; Espaço Padre Fontes y Gimnasio Municipal.</p>
<p>A las 13h, venga a socializar y disfrutar de un almuerzo comunitario en el Pabellón Multiusos.</p>

<p>El próximo viernes caminaremos codo con codo para celebrar la libertad. Esto es más que un paseo, es un momento de expresión y fuerza colectiva. Punto de encuentro: Praça do Município Hora: 11h00 Inscripción en línea (gratuita) AQUÍ Inscripción (gratuita): [&hellip;]</p>
