{"id":37838,"date":"2025-04-14T14:59:16","date_gmt":"2025-04-14T13:59:16","guid":{"rendered":"https:\/\/visitaltotamegaebarroso.pt\/events\/ribeira-de-pena-celebraciones-del-25-de-abril\/"},"modified":"2025-04-14T14:59:16","modified_gmt":"2025-04-14T13:59:16","slug":"ribeira-de-pena-celebraciones-del-25-de-abril","status":"publish","type":"mec-events","link":"https:\/\/visitaltotamegaebarroso.pt\/es\/events\/ribeira-de-pena-celebraciones-del-25-de-abril\/","title":{"rendered":"Ribeira de Pena | Celebraciones del 25 de abril"},"content":{"rendered":"<p>El Ayuntamiento de Ribeira de Pena conmemora el 25 de abril con un programa dedicado a celebrar la libertad, la democracia y la historia.<br \/>\nLas celebraciones comenzar\u00e1n el 21 de abril con la inauguraci\u00f3n de la exposici\u00f3n \u00abCampa\u00f1as de Dinamizaci\u00f3n Cultural del MFA\u00bb, que podr\u00e1 visitarse en el Museo Escolar hasta el 5 de mayo.<br \/>\nEl 23 de abril, a las 21.00 horas, se presentar\u00e1 en la Casa da Torre el libro \u00abGravetos da Mem\u00f3ria\u00bb, de la profesora Manuela Vaz de Carvalho.<br \/>\nEl 24 de abril, a las 15.00 horas, habr\u00e1 un desfile que recrear\u00e1 la manifestaci\u00f3n del 25 de abril de 1974, organizado por el Grupo Escolar de Ribeira de Pena. Por la noche, a las 21.30 h, la obra \u00abO Tesouro\u00bb (El Tesoro), de la Compa\u00f1\u00eda de Teatro Urze, subir\u00e1 al escenario del Auditorio Municipal de Ribeira de Pena, con entrada gratuita.<br \/>\nEl 25 de abril, el programa comenzar\u00e1 a las 11.30 horas con la Guardia de Honor compartida por los Bomberos de Ribeira de Pena y Cerva, seguida de la Solemne Celebraci\u00f3n del D\u00eda de la Libertad en el Museo Escolar a las 11.45 horas.<br \/>\nLas celebraciones terminan el 30 de abril con la proyecci\u00f3n de la pel\u00edcula \u00abCamarada Cunhal\u00bb en el Auditorio Municipal, la proyecci\u00f3n de las 14h30 dedicada a la comunidad escolar y la proyecci\u00f3n de las 21h abierta al p\u00fablico en general, con entrada gratuita.<\/p>\n","protected":false},"excerpt":{"rendered":"<p>El Ayuntamiento de Ribeira de Pena conmemora el 25 de abril con un programa dedicado a celebrar la libertad, la democracia y la historia. Las celebraciones comenzar\u00e1n el 21 de abril con la inauguraci\u00f3n de la exposici\u00f3n \u00abCampa\u00f1as de Dinamizaci\u00f3n [&hellip;]<\/p>\n","protected":false},"author":5,"featured_media":37834,"comment_status":"closed","ping_status":"closed","template":"","tags":[],"mec_category":[716],"_links":{"self":[{"href":"https:\/\/visitaltotamegaebarroso.pt\/es\/wp-json\/wp\/v2\/mec-events\/37838"}],"collection":[{"href":"https:\/\/visitaltotamegaebarroso.pt\/es\/wp-json\/wp\/v2\/mec-events"}],"about":[{"href":"https:\/\/visitaltotamegaebarroso.pt\/es\/wp-json\/wp\/v2\/types\/mec-events"}],"author":[{"embeddable":true,"href":"https:\/\/visitaltotamegaebarroso.pt\/es\/wp-json\/wp\/v2\/users\/5"}],"replies":[{"embeddable":true,"href":"https:\/\/visitaltotamegaebarroso.pt\/es\/wp-json\/wp\/v2\/comments?post=37838"}],"wp:featuredmedia":[{"embeddable":true,"href":"https:\/\/visitaltotamegaebarroso.pt\/es\/wp-json\/wp\/v2\/media\/37834"}],"wp:attachment":[{"href":"https:\/\/visitaltotamegaebarroso.pt\/es\/wp-json\/wp\/v2\/media?parent=37838"}],"wp:term":[{"taxonomy":"post_tag","embeddable":true,"href":"https:\/\/visitaltotamegaebarroso.pt\/es\/wp-json\/wp\/v2\/tags?post=37838"},{"taxonomy":"mec_category","embeddable":true,"href":"https:\/\/visitaltotamegaebarroso.pt\/es\/wp-json\/wp\/v2\/mec_category?post=37838"}],"curies":[{"name":"wp","href":"https:\/\/api.w.org\/{rel}","templated":true}]}}

<p>El Ayuntamiento de Ribeira de Pena conmemora el 25 de abril con un programa dedicado a celebrar la libertad, la democracia y la historia.<br />
Las celebraciones comenzarán el 21 de abril con la inauguración de la exposición «Campañas de Dinamización Cultural del MFA», que podrá visitarse en el Museo Escolar hasta el 5 de mayo.<br />
El 23 de abril, a las 21.00 horas, se presentará en la Casa da Torre el libro «Gravetos da Memória», de la profesora Manuela Vaz de Carvalho.<br />
El 24 de abril, a las 15.00 horas, habrá un desfile que recreará la manifestación del 25 de abril de 1974, organizado por el Grupo Escolar de Ribeira de Pena. Por la noche, a las 21.30 h, la obra «O Tesouro» (El Tesoro), de la Compañía de Teatro Urze, subirá al escenario del Auditorio Municipal de Ribeira de Pena, con entrada gratuita.<br />
El 25 de abril, el programa comenzará a las 11.30 horas con la Guardia de Honor compartida por los Bomberos de Ribeira de Pena y Cerva, seguida de la Solemne Celebración del Día de la Libertad en el Museo Escolar a las 11.45 horas.<br />
Las celebraciones terminan el 30 de abril con la proyección de la película «Camarada Cunhal» en el Auditorio Municipal, la proyección de las 14h30 dedicada a la comunidad escolar y la proyección de las 21h abierta al público en general, con entrada gratuita.</p>

<p>El Ayuntamiento de Ribeira de Pena conmemora el 25 de abril con un programa dedicado a celebrar la libertad, la democracia y la historia. Las celebraciones comenzarán el 21 de abril con la inauguración de la exposición «Campañas de Dinamización [&hellip;]</p>
