{"id":37727,"date":"2025-04-06T14:36:52","date_gmt":"2025-04-06T13:36:52","guid":{"rendered":"https:\/\/visitaltotamegaebarroso.pt\/events\/chaves-el-ano-en-que-murio-ricardo-reis-asociacion-artistica-etcetera\/"},"modified":"2025-04-06T14:36:52","modified_gmt":"2025-04-06T13:36:52","slug":"chaves-el-ano-en-que-murio-ricardo-reis-asociacion-artistica-etcetera","status":"publish","type":"mec-events","link":"https:\/\/visitaltotamegaebarroso.pt\/es\/events\/chaves-el-ano-en-que-murio-ricardo-reis-asociacion-artistica-etcetera\/","title":{"rendered":"Chaves | \u00abEl a\u00f1o en que muri\u00f3 Ricardo Reis\u00bb &#8211; Asociaci\u00f3n Art\u00edstica Etc\u00e9tera"},"content":{"rendered":"<p>En esta obra de dos horas, protagonizada por cinco actores, los mundos de Saramago y Fernando Pessoa se funden para dar al p\u00fablico una idea de c\u00f3mo era la vida social, econ\u00f3mica y moral en nuestro pa\u00eds antes de Salazar. Ricardo Reis, un hombre de Brasil, est\u00e1 preocupado por la ciudad de Lisboa y su pasiva noci\u00f3n de la felicidad. El pa\u00eds de los comedores sociales y las obras de caridad en todas las parroquias. El pa\u00eds donde la gente muere de enfermedad y falta de trabajo. El pa\u00eds de los milagros de F\u00e1tima y de la devoci\u00f3n al jefe&#8230;<br \/>\nRicardo Reis vino a morir, pero sobre todo a dar esperanza a enfermos como Marcenda o a mujeres como L\u00eddia.<\/p>\n<p>La entrada es gratuita, pero es necesario adquirir las entradas con antelaci\u00f3n en la Biblioteca Municipal de Chaves y en la Oficina de Turismo de Chaves.<\/p>\n<p>Organiza: Ayuntamiento de Chaves<\/p>\n","protected":false},"excerpt":{"rendered":"<p>En esta obra de dos horas, protagonizada por cinco actores, los mundos de Saramago y Fernando Pessoa se funden para dar al p\u00fablico una idea de c\u00f3mo era la vida social, econ\u00f3mica y moral en nuestro pa\u00eds antes de Salazar. [&hellip;]<\/p>\n","protected":false},"author":5,"featured_media":37723,"comment_status":"closed","ping_status":"closed","template":"","tags":[],"mec_category":[1561],"_links":{"self":[{"href":"https:\/\/visitaltotamegaebarroso.pt\/es\/wp-json\/wp\/v2\/mec-events\/37727"}],"collection":[{"href":"https:\/\/visitaltotamegaebarroso.pt\/es\/wp-json\/wp\/v2\/mec-events"}],"about":[{"href":"https:\/\/visitaltotamegaebarroso.pt\/es\/wp-json\/wp\/v2\/types\/mec-events"}],"author":[{"embeddable":true,"href":"https:\/\/visitaltotamegaebarroso.pt\/es\/wp-json\/wp\/v2\/users\/5"}],"replies":[{"embeddable":true,"href":"https:\/\/visitaltotamegaebarroso.pt\/es\/wp-json\/wp\/v2\/comments?post=37727"}],"wp:featuredmedia":[{"embeddable":true,"href":"https:\/\/visitaltotamegaebarroso.pt\/es\/wp-json\/wp\/v2\/media\/37723"}],"wp:attachment":[{"href":"https:\/\/visitaltotamegaebarroso.pt\/es\/wp-json\/wp\/v2\/media?parent=37727"}],"wp:term":[{"taxonomy":"post_tag","embeddable":true,"href":"https:\/\/visitaltotamegaebarroso.pt\/es\/wp-json\/wp\/v2\/tags?post=37727"},{"taxonomy":"mec_category","embeddable":true,"href":"https:\/\/visitaltotamegaebarroso.pt\/es\/wp-json\/wp\/v2\/mec_category?post=37727"}],"curies":[{"name":"wp","href":"https:\/\/api.w.org\/{rel}","templated":true}]}}

Chaves | «El año en que murió Ricardo Reis» &#8211; Asociación Artística Etcétera

<p>En esta obra de dos horas, protagonizada por cinco actores, los mundos de Saramago y Fernando Pessoa se funden para dar al público una idea de cómo era la vida social, económica y moral en nuestro país antes de Salazar. Ricardo Reis, un hombre de Brasil, está preocupado por la ciudad de Lisboa y su pasiva noción de la felicidad. El país de los comedores sociales y las obras de caridad en todas las parroquias. El país donde la gente muere de enfermedad y falta de trabajo. El país de los milagros de Fátima y de la devoción al jefe&#8230;<br />
Ricardo Reis vino a morir, pero sobre todo a dar esperanza a enfermos como Marcenda o a mujeres como Lídia.</p>
<p>La entrada es gratuita, pero es necesario adquirir las entradas con antelación en la Biblioteca Municipal de Chaves y en la Oficina de Turismo de Chaves.</p>
<p>Organiza: Ayuntamiento de Chaves</p>

<p>En esta obra de dos horas, protagonizada por cinco actores, los mundos de Saramago y Fernando Pessoa se funden para dar al público una idea de cómo era la vida social, económica y moral en nuestro país antes de Salazar. [&hellip;]</p>
