{"id":37692,"date":"2025-04-06T12:08:15","date_gmt":"2025-04-06T11:08:15","guid":{"rendered":"https:\/\/visitaltotamegaebarroso.pt\/events\/chaves-conmemoraciones-del-25-de-abril\/"},"modified":"2025-04-06T12:08:15","modified_gmt":"2025-04-06T11:08:15","slug":"chaves-conmemoraciones-del-25-de-abril","status":"publish","type":"mec-events","link":"https:\/\/visitaltotamegaebarroso.pt\/es\/events\/chaves-conmemoraciones-del-25-de-abril\/","title":{"rendered":"Chaves | Conmemoraciones del 25 de abril"},"content":{"rendered":"<p>Programa<\/p>\n<p>15h00 | Juegos Populares<br \/>\n16h30 | Actuaci\u00f3n del m\u00fasico Ary Morais. Repertorio musical de Zeca Afonso.<br \/>\n18h00 | Merienda social<\/p>\n<p>Organiza: Asociaci\u00f3n Castrum<\/p>\n","protected":false},"excerpt":{"rendered":"<p>Programa 15h00 | Juegos Populares 16h30 | Actuaci\u00f3n del m\u00fasico Ary Morais. Repertorio musical de Zeca Afonso. 18h00 | Merienda social Organiza: Asociaci\u00f3n Castrum<\/p>\n","protected":false},"author":5,"featured_media":37688,"comment_status":"closed","ping_status":"closed","template":"","tags":[],"mec_category":[716],"_links":{"self":[{"href":"https:\/\/visitaltotamegaebarroso.pt\/es\/wp-json\/wp\/v2\/mec-events\/37692"}],"collection":[{"href":"https:\/\/visitaltotamegaebarroso.pt\/es\/wp-json\/wp\/v2\/mec-events"}],"about":[{"href":"https:\/\/visitaltotamegaebarroso.pt\/es\/wp-json\/wp\/v2\/types\/mec-events"}],"author":[{"embeddable":true,"href":"https:\/\/visitaltotamegaebarroso.pt\/es\/wp-json\/wp\/v2\/users\/5"}],"replies":[{"embeddable":true,"href":"https:\/\/visitaltotamegaebarroso.pt\/es\/wp-json\/wp\/v2\/comments?post=37692"}],"wp:featuredmedia":[{"embeddable":true,"href":"https:\/\/visitaltotamegaebarroso.pt\/es\/wp-json\/wp\/v2\/media\/37688"}],"wp:attachment":[{"href":"https:\/\/visitaltotamegaebarroso.pt\/es\/wp-json\/wp\/v2\/media?parent=37692"}],"wp:term":[{"taxonomy":"post_tag","embeddable":true,"href":"https:\/\/visitaltotamegaebarroso.pt\/es\/wp-json\/wp\/v2\/tags?post=37692"},{"taxonomy":"mec_category","embeddable":true,"href":"https:\/\/visitaltotamegaebarroso.pt\/es\/wp-json\/wp\/v2\/mec_category?post=37692"}],"curies":[{"name":"wp","href":"https:\/\/api.w.org\/{rel}","templated":true}]}}

<p>Programa</p>
<p>15h00 | Juegos Populares<br />
16h30 | Actuación del músico Ary Morais. Repertorio musical de Zeca Afonso.<br />
18h00 | Merienda social</p>
<p>Organiza: Asociación Castrum</p>

<p>Programa 15h00 | Juegos Populares 16h30 | Actuación del músico Ary Morais. Repertorio musical de Zeca Afonso. 18h00 | Merienda social Organiza: Asociación Castrum</p>
