{"id":37647,"date":"2025-04-05T11:33:49","date_gmt":"2025-04-05T10:33:49","guid":{"rendered":"https:\/\/visitaltotamegaebarroso.pt\/events\/chaves-concierto-de-pascua-banda-municipal-flaviense-os-pardais\/"},"modified":"2025-04-05T11:33:49","modified_gmt":"2025-04-05T10:33:49","slug":"chaves-concierto-de-pascua-banda-municipal-flaviense-os-pardais","status":"publish","type":"mec-events","link":"https:\/\/visitaltotamegaebarroso.pt\/es\/events\/chaves-concierto-de-pascua-banda-municipal-flaviense-os-pardais\/","title":{"rendered":"Chaves | Concierto de Pascua &#8211; Banda Municipal Flaviense \u00abOs Pardais\u00bb"},"content":{"rendered":"<p>Passio Et Mors Domini Nostri Jesu Christi<br \/>\nEntre emoci\u00f3n, devoci\u00f3n, introspecci\u00f3n, oraci\u00f3n y m\u00fasica, la Banda Municipal Flaviense \u00abOs Pardais\u00bb invita a todos a un concierto en el que compartir\u00e1n la espiritualidad de su repertorio para el tiempo de Cuaresma.<\/p>\n<p>Un concierto meditativo que marca el camino de la preparaci\u00f3n para la Semana Santa.<\/p>\n<p>Organiza: Banda Municipal Flaviense \u00abOs Pardais\u00bb.<br \/>\nApoyo: Ayuntamiento de Chaves y Hotel Forte de S\u00e3o Francisco<\/p>\n","protected":false},"excerpt":{"rendered":"<p>Passio Et Mors Domini Nostri Jesu Christi Entre emoci\u00f3n, devoci\u00f3n, introspecci\u00f3n, oraci\u00f3n y m\u00fasica, la Banda Municipal Flaviense \u00abOs Pardais\u00bb invita a todos a un concierto en el que compartir\u00e1n la espiritualidad de su repertorio para el tiempo de Cuaresma. [&hellip;]<\/p>\n","protected":false},"author":5,"featured_media":37642,"comment_status":"closed","ping_status":"closed","template":"","tags":[],"mec_category":[1445],"_links":{"self":[{"href":"https:\/\/visitaltotamegaebarroso.pt\/es\/wp-json\/wp\/v2\/mec-events\/37647"}],"collection":[{"href":"https:\/\/visitaltotamegaebarroso.pt\/es\/wp-json\/wp\/v2\/mec-events"}],"about":[{"href":"https:\/\/visitaltotamegaebarroso.pt\/es\/wp-json\/wp\/v2\/types\/mec-events"}],"author":[{"embeddable":true,"href":"https:\/\/visitaltotamegaebarroso.pt\/es\/wp-json\/wp\/v2\/users\/5"}],"replies":[{"embeddable":true,"href":"https:\/\/visitaltotamegaebarroso.pt\/es\/wp-json\/wp\/v2\/comments?post=37647"}],"wp:featuredmedia":[{"embeddable":true,"href":"https:\/\/visitaltotamegaebarroso.pt\/es\/wp-json\/wp\/v2\/media\/37642"}],"wp:attachment":[{"href":"https:\/\/visitaltotamegaebarroso.pt\/es\/wp-json\/wp\/v2\/media?parent=37647"}],"wp:term":[{"taxonomy":"post_tag","embeddable":true,"href":"https:\/\/visitaltotamegaebarroso.pt\/es\/wp-json\/wp\/v2\/tags?post=37647"},{"taxonomy":"mec_category","embeddable":true,"href":"https:\/\/visitaltotamegaebarroso.pt\/es\/wp-json\/wp\/v2\/mec_category?post=37647"}],"curies":[{"name":"wp","href":"https:\/\/api.w.org\/{rel}","templated":true}]}}

<p>Passio Et Mors Domini Nostri Jesu Christi<br />
Entre emoción, devoción, introspección, oración y música, la Banda Municipal Flaviense «Os Pardais» invita a todos a un concierto en el que compartirán la espiritualidad de su repertorio para el tiempo de Cuaresma.</p>
<p>Un concierto meditativo que marca el camino de la preparación para la Semana Santa.</p>
<p>Organiza: Banda Municipal Flaviense «Os Pardais».<br />
Apoyo: Ayuntamiento de Chaves y Hotel Forte de São Francisco</p>

<p>Passio Et Mors Domini Nostri Jesu Christi Entre emoción, devoción, introspección, oración y música, la Banda Municipal Flaviense «Os Pardais» invita a todos a un concierto en el que compartirán la espiritualidad de su repertorio para el tiempo de Cuaresma. [&hellip;]</p>
