{"id":37616,"date":"2025-04-05T10:17:14","date_gmt":"2025-04-05T09:17:14","guid":{"rendered":"https:\/\/visitaltotamegaebarroso.pt\/events\/chaves-concierto-coral-sinfonico-requiem-de-mozart\/"},"modified":"2025-04-05T10:17:14","modified_gmt":"2025-04-05T09:17:14","slug":"chaves-concierto-coral-sinfonico-requiem-de-mozart","status":"publish","type":"mec-events","link":"https:\/\/visitaltotamegaebarroso.pt\/es\/events\/chaves-concierto-coral-sinfonico-requiem-de-mozart\/","title":{"rendered":"Chaves | Concierto Coral Sinf\u00f3nico \u00abRequiem\u00bb de Mozart"},"content":{"rendered":"<p>\u00abRequiem\u00bb, de Wolfgang Amadeus Mozart [1756-1791], es una de las obras cl\u00e1sicas m\u00e1s aclamadas de todos los tiempos y forma parte del repertorio de excelencia para coro, orquesta y solistas. Dividida en secciones, con catorce movimientos, la obra traduce, en su m\u00fasica y letra, una escalada de sentimientos y emociones ante la p\u00e9rdida y la muerte, evocando la esperanza en la luz eterna.<br \/>\nLa obra es interpretada por el Coro de Chaves, el Coro Sinf\u00f3nico In\u00eas de Castro, la Orquesta In\u00eas de Castro y Leonor Barbosa de Melo &#8211; Soprano; Gisela Sachse &#8211; Mezzo Soprano; Ruben Fernandes &#8211; Tenor; Rui Silva &#8211; Bajo.<\/p>\n<p>Organiza: Ayuntamiento de Chaves<\/p>\n","protected":false},"excerpt":{"rendered":"<p>\u00abRequiem\u00bb, de Wolfgang Amadeus Mozart [1756-1791], es una de las obras cl\u00e1sicas m\u00e1s aclamadas de todos los tiempos y forma parte del repertorio de excelencia para coro, orquesta y solistas. Dividida en secciones, con catorce movimientos, la obra traduce, en [&hellip;]<\/p>\n","protected":false},"author":5,"featured_media":37612,"comment_status":"closed","ping_status":"closed","template":"","tags":[],"mec_category":[1445,716],"_links":{"self":[{"href":"https:\/\/visitaltotamegaebarroso.pt\/es\/wp-json\/wp\/v2\/mec-events\/37616"}],"collection":[{"href":"https:\/\/visitaltotamegaebarroso.pt\/es\/wp-json\/wp\/v2\/mec-events"}],"about":[{"href":"https:\/\/visitaltotamegaebarroso.pt\/es\/wp-json\/wp\/v2\/types\/mec-events"}],"author":[{"embeddable":true,"href":"https:\/\/visitaltotamegaebarroso.pt\/es\/wp-json\/wp\/v2\/users\/5"}],"replies":[{"embeddable":true,"href":"https:\/\/visitaltotamegaebarroso.pt\/es\/wp-json\/wp\/v2\/comments?post=37616"}],"wp:featuredmedia":[{"embeddable":true,"href":"https:\/\/visitaltotamegaebarroso.pt\/es\/wp-json\/wp\/v2\/media\/37612"}],"wp:attachment":[{"href":"https:\/\/visitaltotamegaebarroso.pt\/es\/wp-json\/wp\/v2\/media?parent=37616"}],"wp:term":[{"taxonomy":"post_tag","embeddable":true,"href":"https:\/\/visitaltotamegaebarroso.pt\/es\/wp-json\/wp\/v2\/tags?post=37616"},{"taxonomy":"mec_category","embeddable":true,"href":"https:\/\/visitaltotamegaebarroso.pt\/es\/wp-json\/wp\/v2\/mec_category?post=37616"}],"curies":[{"name":"wp","href":"https:\/\/api.w.org\/{rel}","templated":true}]}}

Chaves | Concierto Coral Sinfónico «Requiem» de Mozart

<p>«Requiem», de Wolfgang Amadeus Mozart [1756-1791], es una de las obras clásicas más aclamadas de todos los tiempos y forma parte del repertorio de excelencia para coro, orquesta y solistas. Dividida en secciones, con catorce movimientos, la obra traduce, en su música y letra, una escalada de sentimientos y emociones ante la pérdida y la muerte, evocando la esperanza en la luz eterna.<br />
La obra es interpretada por el Coro de Chaves, el Coro Sinfónico Inês de Castro, la Orquesta Inês de Castro y Leonor Barbosa de Melo &#8211; Soprano; Gisela Sachse &#8211; Mezzo Soprano; Ruben Fernandes &#8211; Tenor; Rui Silva &#8211; Bajo.</p>
<p>Organiza: Ayuntamiento de Chaves</p>

<p>«Requiem», de Wolfgang Amadeus Mozart [1756-1791], es una de las obras clásicas más aclamadas de todos los tiempos y forma parte del repertorio de excelencia para coro, orquesta y solistas. Dividida en secciones, con catorce movimientos, la obra traduce, en [&hellip;]</p>
