{"id":37586,"date":"2025-04-04T15:38:17","date_gmt":"2025-04-04T14:38:17","guid":{"rendered":"https:\/\/visitaltotamegaebarroso.pt\/events\/chaves-4a-caminata-de-la-amistad\/"},"modified":"2025-04-04T15:38:17","modified_gmt":"2025-04-04T14:38:17","slug":"chaves-4a-caminata-de-la-amistad","status":"publish","type":"mec-events","link":"https:\/\/visitaltotamegaebarroso.pt\/es\/events\/chaves-4a-caminata-de-la-amistad\/","title":{"rendered":"Chaves | 4\u00aa Caminata de la Amistad"},"content":{"rendered":"<p>La Associa\u00e7\u00e3o Cultural Flaviense invita a todos sus socios y amantes del senderismo a participar en un paseo inolvidable por los Caminos de S\u00e3o Louren\u00e7o. Ser\u00e1 una excelente oportunidad para disfrutar de la naturaleza, socializar y promover un estilo de vida saludable.<br \/>\nEl recorrido es de 12 kil\u00f3metros y el punto de encuentro es la Alameda da Madalena, desde donde partiremos en esta aventura.<\/p>\n<p>Organiza: Associa\u00e7\u00e3o Cultural Flaviense<br \/>\nApoyo: Ayuntamiento de Chaves, Junta Parroquial de Santa Maria Maior y Junta Parroquial de Madalena<\/p>\n","protected":false},"excerpt":{"rendered":"<p>La Associa\u00e7\u00e3o Cultural Flaviense invita a todos sus socios y amantes del senderismo a participar en un paseo inolvidable por los Caminos de S\u00e3o Louren\u00e7o. Ser\u00e1 una excelente oportunidad para disfrutar de la naturaleza, socializar y promover un estilo de [&hellip;]<\/p>\n","protected":false},"author":5,"featured_media":37582,"comment_status":"closed","ping_status":"closed","template":"","tags":[],"mec_category":[720],"_links":{"self":[{"href":"https:\/\/visitaltotamegaebarroso.pt\/es\/wp-json\/wp\/v2\/mec-events\/37586"}],"collection":[{"href":"https:\/\/visitaltotamegaebarroso.pt\/es\/wp-json\/wp\/v2\/mec-events"}],"about":[{"href":"https:\/\/visitaltotamegaebarroso.pt\/es\/wp-json\/wp\/v2\/types\/mec-events"}],"author":[{"embeddable":true,"href":"https:\/\/visitaltotamegaebarroso.pt\/es\/wp-json\/wp\/v2\/users\/5"}],"replies":[{"embeddable":true,"href":"https:\/\/visitaltotamegaebarroso.pt\/es\/wp-json\/wp\/v2\/comments?post=37586"}],"wp:featuredmedia":[{"embeddable":true,"href":"https:\/\/visitaltotamegaebarroso.pt\/es\/wp-json\/wp\/v2\/media\/37582"}],"wp:attachment":[{"href":"https:\/\/visitaltotamegaebarroso.pt\/es\/wp-json\/wp\/v2\/media?parent=37586"}],"wp:term":[{"taxonomy":"post_tag","embeddable":true,"href":"https:\/\/visitaltotamegaebarroso.pt\/es\/wp-json\/wp\/v2\/tags?post=37586"},{"taxonomy":"mec_category","embeddable":true,"href":"https:\/\/visitaltotamegaebarroso.pt\/es\/wp-json\/wp\/v2\/mec_category?post=37586"}],"curies":[{"name":"wp","href":"https:\/\/api.w.org\/{rel}","templated":true}]}}

Chaves | 4ª Caminata de la Amistad

<p>La Associação Cultural Flaviense invita a todos sus socios y amantes del senderismo a participar en un paseo inolvidable por los Caminos de São Lourenço. Será una excelente oportunidad para disfrutar de la naturaleza, socializar y promover un estilo de vida saludable.<br />
El recorrido es de 12 kilómetros y el punto de encuentro es la Alameda da Madalena, desde donde partiremos en esta aventura.</p>
<p>Organiza: Associação Cultural Flaviense<br />
Apoyo: Ayuntamiento de Chaves, Junta Parroquial de Santa Maria Maior y Junta Parroquial de Madalena</p>

<p>La Associação Cultural Flaviense invita a todos sus socios y amantes del senderismo a participar en un paseo inolvidable por los Caminos de São Lourenço. Será una excelente oportunidad para disfrutar de la naturaleza, socializar y promover un estilo de [&hellip;]</p>
