{"id":37510,"date":"2025-04-03T16:02:21","date_gmt":"2025-04-03T15:02:21","guid":{"rendered":"https:\/\/visitaltotamegaebarroso.pt\/events\/montalegre-xviii-carrilheiras-do-barroso\/"},"modified":"2025-04-03T16:02:21","modified_gmt":"2025-04-03T15:02:21","slug":"montalegre-xviii-carrilheiras-do-barroso","status":"publish","type":"mec-events","link":"https:\/\/visitaltotamegaebarroso.pt\/es\/events\/montalegre-xviii-carrilheiras-do-barroso\/","title":{"rendered":"Montalegre | XVIII Carrilheiras do Barroso"},"content":{"rendered":"<p>Las Carrilheiras do Barroso vuelven los d\u00edas 24 y 25 de mayo. Se trata de un evento de referencia en la promoci\u00f3n del patrimonio natural y cultural del Municipio de Montalegre. Dos d\u00edas de puro contacto con la naturaleza en los que los participantes podr\u00e1n disfrutar de rutas de senderismo, entrar en contacto con la fabulosa biodiversidad local y conocer las costumbres y tradiciones de las aldeas del territorio de Barroso.<br \/>\nEl primer d\u00eda, la sugerencia es caminar por las \u00abFaldas do Larouco\u00bb en Santo Andr\u00e9. El \u00faltimo d\u00eda, la sugerencia es realizar un Paseo Literario, recordando la obra del ilustre escritor barrosano Bento da Cruz. Como parte del centenario de su nacimiento, recordaremos algunas de sus obras en un sendero entre Montalegre y Peirezes, su lugar de nacimiento.<br \/>\n\u00a1Participe!<\/p>\n<p>Inscripciones (hasta el 21 de mayo)\u2b07\ufe0f <a href=\"https:\/\/forms.gle\/JfMfZZd4sbW53YGR8\">https:\/\/forms.gle\/JfMfZZd4sbW53YGR8<\/a><\/p>\n","protected":false},"excerpt":{"rendered":"<p>Las Carrilheiras do Barroso vuelven los d\u00edas 24 y 25 de mayo. Se trata de un evento de referencia en la promoci\u00f3n del patrimonio natural y cultural del Municipio de Montalegre. Dos d\u00edas de puro contacto con la naturaleza en [&hellip;]<\/p>\n","protected":false},"author":5,"featured_media":37505,"comment_status":"closed","ping_status":"closed","template":"","tags":[],"mec_category":[720,716],"_links":{"self":[{"href":"https:\/\/visitaltotamegaebarroso.pt\/es\/wp-json\/wp\/v2\/mec-events\/37510"}],"collection":[{"href":"https:\/\/visitaltotamegaebarroso.pt\/es\/wp-json\/wp\/v2\/mec-events"}],"about":[{"href":"https:\/\/visitaltotamegaebarroso.pt\/es\/wp-json\/wp\/v2\/types\/mec-events"}],"author":[{"embeddable":true,"href":"https:\/\/visitaltotamegaebarroso.pt\/es\/wp-json\/wp\/v2\/users\/5"}],"replies":[{"embeddable":true,"href":"https:\/\/visitaltotamegaebarroso.pt\/es\/wp-json\/wp\/v2\/comments?post=37510"}],"wp:featuredmedia":[{"embeddable":true,"href":"https:\/\/visitaltotamegaebarroso.pt\/es\/wp-json\/wp\/v2\/media\/37505"}],"wp:attachment":[{"href":"https:\/\/visitaltotamegaebarroso.pt\/es\/wp-json\/wp\/v2\/media?parent=37510"}],"wp:term":[{"taxonomy":"post_tag","embeddable":true,"href":"https:\/\/visitaltotamegaebarroso.pt\/es\/wp-json\/wp\/v2\/tags?post=37510"},{"taxonomy":"mec_category","embeddable":true,"href":"https:\/\/visitaltotamegaebarroso.pt\/es\/wp-json\/wp\/v2\/mec_category?post=37510"}],"curies":[{"name":"wp","href":"https:\/\/api.w.org\/{rel}","templated":true}]}}

<p>Las Carrilheiras do Barroso vuelven los días 24 y 25 de mayo. Se trata de un evento de referencia en la promoción del patrimonio natural y cultural del Municipio de Montalegre. Dos días de puro contacto con la naturaleza en los que los participantes podrán disfrutar de rutas de senderismo, entrar en contacto con la fabulosa biodiversidad local y conocer las costumbres y tradiciones de las aldeas del territorio de Barroso.<br />
El primer día, la sugerencia es caminar por las «Faldas do Larouco» en Santo André. El último día, la sugerencia es realizar un Paseo Literario, recordando la obra del ilustre escritor barrosano Bento da Cruz. Como parte del centenario de su nacimiento, recordaremos algunas de sus obras en un sendero entre Montalegre y Peirezes, su lugar de nacimiento.<br />
¡Participe!</p>
<p>Inscripciones (hasta el 21 de mayo)⬇️ <a href="https://forms.gle/JfMfZZd4sbW53YGR8">https://forms.gle/JfMfZZd4sbW53YGR8</a></p>

<p>Las Carrilheiras do Barroso vuelven los días 24 y 25 de mayo. Se trata de un evento de referencia en la promoción del patrimonio natural y cultural del Municipio de Montalegre. Dos días de puro contacto con la naturaleza en [&hellip;]</p>
