{"id":37494,"date":"2025-04-03T14:46:07","date_gmt":"2025-04-03T13:46:07","guid":{"rendered":"https:\/\/visitaltotamegaebarroso.pt\/events\/chaves-auto-da-barca-do-inferno-por-la-asociacion-artistica-etcetera\/"},"modified":"2025-04-03T14:46:07","modified_gmt":"2025-04-03T13:46:07","slug":"chaves-auto-da-barca-do-inferno-por-la-asociacion-artistica-etcetera","status":"publish","type":"mec-events","link":"https:\/\/visitaltotamegaebarroso.pt\/es\/events\/chaves-auto-da-barca-do-inferno-por-la-asociacion-artistica-etcetera\/","title":{"rendered":"Chaves | Auto da Barca do Inferno &#8211; Por la Asociaci\u00f3n Art\u00edstica Etc\u00e9tera"},"content":{"rendered":"<p>En este espect\u00e1culo, que dura alrededor de 60 minutos, los alumnos son desafiados a juzgar la vida de los personajes que desfilan y, sobre todo, a comprender una obra que, aunque no tenga un lenguaje f\u00e1cil, acaba transport\u00e1ndonos a la \u00e9poca de Gil Vicente.<br \/>\nCon las palabras y los juegos de inter\u00e9s de este escritor, donde la realidad se mezcla con la fantas\u00eda, las costumbres antiguas (o actuales) son ridiculizadas y juzgadas por un \u00c1ngel y un Diablo. Los participantes intentan embarcar para el Para\u00edso, pero son arrastrados al Infierno.<br \/>\nAuto da Barca do Inferno, obra recomendada por el Plan Nacional de Lectura para 9\u00ba curso, te sorprender\u00e1. \u00a1Acomp\u00e1\u00f1enos en este viaje!<\/p>\n<p>15h00 P\u00fablico Escolar | 21h30 P\u00fablico General<\/p>\n<p>La entrada es gratuita, pero es necesario adquirir las entradas con antelaci\u00f3n en la Biblioteca Municipal de Chaves y en la Oficina de Turismo de Chaves.<br \/>\nOrganiza: Ayuntamiento de Chaves<\/p>\n","protected":false},"excerpt":{"rendered":"<p>En este espect\u00e1culo, que dura alrededor de 60 minutos, los alumnos son desafiados a juzgar la vida de los personajes que desfilan y, sobre todo, a comprender una obra que, aunque no tenga un lenguaje f\u00e1cil, acaba transport\u00e1ndonos a la [&hellip;]<\/p>\n","protected":false},"author":5,"featured_media":37490,"comment_status":"closed","ping_status":"closed","template":"","tags":[],"mec_category":[1561],"_links":{"self":[{"href":"https:\/\/visitaltotamegaebarroso.pt\/es\/wp-json\/wp\/v2\/mec-events\/37494"}],"collection":[{"href":"https:\/\/visitaltotamegaebarroso.pt\/es\/wp-json\/wp\/v2\/mec-events"}],"about":[{"href":"https:\/\/visitaltotamegaebarroso.pt\/es\/wp-json\/wp\/v2\/types\/mec-events"}],"author":[{"embeddable":true,"href":"https:\/\/visitaltotamegaebarroso.pt\/es\/wp-json\/wp\/v2\/users\/5"}],"replies":[{"embeddable":true,"href":"https:\/\/visitaltotamegaebarroso.pt\/es\/wp-json\/wp\/v2\/comments?post=37494"}],"wp:featuredmedia":[{"embeddable":true,"href":"https:\/\/visitaltotamegaebarroso.pt\/es\/wp-json\/wp\/v2\/media\/37490"}],"wp:attachment":[{"href":"https:\/\/visitaltotamegaebarroso.pt\/es\/wp-json\/wp\/v2\/media?parent=37494"}],"wp:term":[{"taxonomy":"post_tag","embeddable":true,"href":"https:\/\/visitaltotamegaebarroso.pt\/es\/wp-json\/wp\/v2\/tags?post=37494"},{"taxonomy":"mec_category","embeddable":true,"href":"https:\/\/visitaltotamegaebarroso.pt\/es\/wp-json\/wp\/v2\/mec_category?post=37494"}],"curies":[{"name":"wp","href":"https:\/\/api.w.org\/{rel}","templated":true}]}}

Chaves | Auto da Barca do Inferno &#8211; Por la Asociación Artística Etcétera

<p>En este espectáculo, que dura alrededor de 60 minutos, los alumnos son desafiados a juzgar la vida de los personajes que desfilan y, sobre todo, a comprender una obra que, aunque no tenga un lenguaje fácil, acaba transportándonos a la época de Gil Vicente.<br />
Con las palabras y los juegos de interés de este escritor, donde la realidad se mezcla con la fantasía, las costumbres antiguas (o actuales) son ridiculizadas y juzgadas por un Ángel y un Diablo. Los participantes intentan embarcar para el Paraíso, pero son arrastrados al Infierno.<br />
Auto da Barca do Inferno, obra recomendada por el Plan Nacional de Lectura para 9º curso, te sorprenderá. ¡Acompáñenos en este viaje!</p>
<p>15h00 Público Escolar | 21h30 Público General</p>
<p>La entrada es gratuita, pero es necesario adquirir las entradas con antelación en la Biblioteca Municipal de Chaves y en la Oficina de Turismo de Chaves.<br />
Organiza: Ayuntamiento de Chaves</p>

<p>En este espectáculo, que dura alrededor de 60 minutos, los alumnos son desafiados a juzgar la vida de los personajes que desfilan y, sobre todo, a comprender una obra que, aunque no tenga un lenguaje fácil, acaba transportándonos a la [&hellip;]</p>
