{"id":37131,"date":"2025-03-21T09:48:04","date_gmt":"2025-03-21T09:48:04","guid":{"rendered":"https:\/\/visitaltotamegaebarroso.pt\/?post_type=mec-events&#038;p=37131"},"modified":"2025-03-21T09:54:02","modified_gmt":"2025-03-21T09:54:02","slug":"vila-pouca-de-aguiar-festival-pedras-sounds","status":"publish","type":"mec-events","link":"https:\/\/visitaltotamegaebarroso.pt\/es\/events\/vila-pouca-de-aguiar-festival-pedras-sounds\/","title":{"rendered":"Vila Pouca de Aguiar | Festival Pedras Sounds"},"content":{"rendered":"<p>\u00a1ES OFICIAL!<br \/>\n\u00a1Llega Pedras Sounds 2025!<br \/>\n\u00a1Prep\u00e1rese para dos d\u00edas de gran diversi\u00f3n y m\u00fasica en Pedras Salgadas!<br \/>\nLos d\u00edas 15 y 16 de agosto, \u00a1el mayor festival de m\u00fasica de Tr\u00e1s-os-Montes!<br \/>\nEl Pedras Sounds 2025 promete ser \u00e9pico, con la mayor fiesta tem\u00e1tica de los a\u00f1os 80 a los 2000, dos noches que prometen agradar a todas las generaciones.<br \/>\n\u00a1\u00danase a nosotros en esta celebraci\u00f3n de la m\u00fasica y la naturaleza!<\/p>\n<p>&nbsp;<\/p>\n<p>Compre ya su pulsera en <a href=\"https:\/\/3cket.com\/event\/pedras-sounds-festival-2025\/pedrassoundslp\">https:\/\/3cket.com\/event\/pedras-sounds-festival-2025\/pedrassoundslp<\/a><\/p>\n","protected":false},"excerpt":{"rendered":"<p>\u00a1ES OFICIAL! \u00a1Llega Pedras Sounds 2025! \u00a1Prep\u00e1rese para dos d\u00edas de gran diversi\u00f3n y m\u00fasica en Pedras Salgadas! Los d\u00edas 15 y 16 de agosto, \u00a1el mayor festival de m\u00fasica de Tr\u00e1s-os-Montes! El Pedras Sounds 2025 promete ser \u00e9pico, con [&hellip;]<\/p>\n","protected":false},"author":5,"featured_media":37127,"comment_status":"closed","ping_status":"closed","template":"","tags":[],"mec_category":[1445],"_links":{"self":[{"href":"https:\/\/visitaltotamegaebarroso.pt\/es\/wp-json\/wp\/v2\/mec-events\/37131"}],"collection":[{"href":"https:\/\/visitaltotamegaebarroso.pt\/es\/wp-json\/wp\/v2\/mec-events"}],"about":[{"href":"https:\/\/visitaltotamegaebarroso.pt\/es\/wp-json\/wp\/v2\/types\/mec-events"}],"author":[{"embeddable":true,"href":"https:\/\/visitaltotamegaebarroso.pt\/es\/wp-json\/wp\/v2\/users\/5"}],"replies":[{"embeddable":true,"href":"https:\/\/visitaltotamegaebarroso.pt\/es\/wp-json\/wp\/v2\/comments?post=37131"}],"wp:featuredmedia":[{"embeddable":true,"href":"https:\/\/visitaltotamegaebarroso.pt\/es\/wp-json\/wp\/v2\/media\/37127"}],"wp:attachment":[{"href":"https:\/\/visitaltotamegaebarroso.pt\/es\/wp-json\/wp\/v2\/media?parent=37131"}],"wp:term":[{"taxonomy":"post_tag","embeddable":true,"href":"https:\/\/visitaltotamegaebarroso.pt\/es\/wp-json\/wp\/v2\/tags?post=37131"},{"taxonomy":"mec_category","embeddable":true,"href":"https:\/\/visitaltotamegaebarroso.pt\/es\/wp-json\/wp\/v2\/mec_category?post=37131"}],"curies":[{"name":"wp","href":"https:\/\/api.w.org\/{rel}","templated":true}]}}

<p>¡ES OFICIAL!<br />
¡Llega Pedras Sounds 2025!<br />
¡Prepárese para dos días de gran diversión y música en Pedras Salgadas!<br />
Los días 15 y 16 de agosto, ¡el mayor festival de música de Trás-os-Montes!<br />
El Pedras Sounds 2025 promete ser épico, con la mayor fiesta temática de los años 80 a los 2000, dos noches que prometen agradar a todas las generaciones.<br />
¡Únase a nosotros en esta celebración de la música y la naturaleza!</p>
<p>&nbsp;</p>
<p>Compre ya su pulsera en <a href="https://3cket.com/event/pedras-sounds-festival-2025/pedrassoundslp">https://3cket.com/event/pedras-sounds-festival-2025/pedrassoundslp</a></p>

<p>¡ES OFICIAL! ¡Llega Pedras Sounds 2025! ¡Prepárese para dos días de gran diversión y música en Pedras Salgadas! Los días 15 y 16 de agosto, ¡el mayor festival de música de Trás-os-Montes! El Pedras Sounds 2025 promete ser épico, con [&hellip;]</p>
