{"id":37073,"date":"2025-03-18T10:47:38","date_gmt":"2025-03-18T10:47:38","guid":{"rendered":"https:\/\/visitaltotamegaebarroso.pt\/events\/valpacos-o-cafe-el-cafe\/"},"modified":"2025-03-18T10:47:38","modified_gmt":"2025-03-18T10:47:38","slug":"valpacos-o-cafe-el-cafe","status":"publish","type":"mec-events","link":"https:\/\/visitaltotamegaebarroso.pt\/es\/events\/valpacos-o-cafe-el-cafe\/","title":{"rendered":"Valpa\u00e7os | O Caf\u00e9 (El Caf\u00e9)"},"content":{"rendered":"<p>Como parte de las celebraciones del mes del teatro, el Auditorio de Arte y Cultura Lu\u00eds Teixeira acoger\u00e1 la representaci\u00f3n de \u00abO Caf\u00e9\u00bb, de Carlo Goldoni, adaptada por Ricardo Ferreira de Almeida, el s\u00e1bado 22 de marzo a las 21.30 horas.<\/p>\n<p>\u00a1No se lo pierda!<\/p>\n","protected":false},"excerpt":{"rendered":"<p>Como parte de las celebraciones del mes del teatro, el Auditorio de Arte y Cultura Lu\u00eds Teixeira acoger\u00e1 la representaci\u00f3n de \u00abO Caf\u00e9\u00bb, de Carlo Goldoni, adaptada por Ricardo Ferreira de Almeida, el s\u00e1bado 22 de marzo a las 21.30 [&hellip;]<\/p>\n","protected":false},"author":5,"featured_media":37069,"comment_status":"closed","ping_status":"closed","template":"","tags":[],"mec_category":[1561],"_links":{"self":[{"href":"https:\/\/visitaltotamegaebarroso.pt\/es\/wp-json\/wp\/v2\/mec-events\/37073"}],"collection":[{"href":"https:\/\/visitaltotamegaebarroso.pt\/es\/wp-json\/wp\/v2\/mec-events"}],"about":[{"href":"https:\/\/visitaltotamegaebarroso.pt\/es\/wp-json\/wp\/v2\/types\/mec-events"}],"author":[{"embeddable":true,"href":"https:\/\/visitaltotamegaebarroso.pt\/es\/wp-json\/wp\/v2\/users\/5"}],"replies":[{"embeddable":true,"href":"https:\/\/visitaltotamegaebarroso.pt\/es\/wp-json\/wp\/v2\/comments?post=37073"}],"wp:featuredmedia":[{"embeddable":true,"href":"https:\/\/visitaltotamegaebarroso.pt\/es\/wp-json\/wp\/v2\/media\/37069"}],"wp:attachment":[{"href":"https:\/\/visitaltotamegaebarroso.pt\/es\/wp-json\/wp\/v2\/media?parent=37073"}],"wp:term":[{"taxonomy":"post_tag","embeddable":true,"href":"https:\/\/visitaltotamegaebarroso.pt\/es\/wp-json\/wp\/v2\/tags?post=37073"},{"taxonomy":"mec_category","embeddable":true,"href":"https:\/\/visitaltotamegaebarroso.pt\/es\/wp-json\/wp\/v2\/mec_category?post=37073"}],"curies":[{"name":"wp","href":"https:\/\/api.w.org\/{rel}","templated":true}]}}

Valpaços | O Café (El Café)

<p>Como parte de las celebraciones del mes del teatro, el Auditorio de Arte y Cultura Luís Teixeira acogerá la representación de «O Café», de Carlo Goldoni, adaptada por Ricardo Ferreira de Almeida, el sábado 22 de marzo a las 21.30 horas.</p>
<p>¡No se lo pierda!</p>

<p>Como parte de las celebraciones del mes del teatro, el Auditorio de Arte y Cultura Luís Teixeira acogerá la representación de «O Café», de Carlo Goldoni, adaptada por Ricardo Ferreira de Almeida, el sábado 22 de marzo a las 21.30 [&hellip;]</p>
