{"id":36879,"date":"2025-03-17T15:15:17","date_gmt":"2025-03-17T15:15:17","guid":{"rendered":"https:\/\/visitaltotamegaebarroso.pt\/events\/ribeira-de-pena-9a-edicion-de-la-fiesta-de-la-trucha\/"},"modified":"2025-03-17T15:15:17","modified_gmt":"2025-03-17T15:15:17","slug":"ribeira-de-pena-9a-edicion-de-la-fiesta-de-la-trucha","status":"publish","type":"mec-events","link":"https:\/\/visitaltotamegaebarroso.pt\/es\/events\/ribeira-de-pena-9a-edicion-de-la-fiesta-de-la-trucha\/","title":{"rendered":"Ribeira de Pena | 9\u00aa edici\u00f3n de la Fiesta de la Trucha"},"content":{"rendered":"<p>Fiesta de la Trucha en Canedo.<br \/>\nLos d\u00edas 22 y 23 de marzo, \u00fanase a nosotros para saborear las deliciosas truchas del r\u00edo Be\u00e7a, miel, dulces t\u00edpicos y \u00a1mucho m\u00e1s!<\/p>\n<p>Con m\u00fasica, animaci\u00f3n y cultura local, la fiesta promete ser una cita ineludible para toda la familia.<\/p>\n","protected":false},"excerpt":{"rendered":"<p>Fiesta de la Trucha en Canedo. Los d\u00edas 22 y 23 de marzo, \u00fanase a nosotros para saborear las deliciosas truchas del r\u00edo Be\u00e7a, miel, dulces t\u00edpicos y \u00a1mucho m\u00e1s! Con m\u00fasica, animaci\u00f3n y cultura local, la fiesta promete ser [&hellip;]<\/p>\n","protected":false},"author":5,"featured_media":36875,"comment_status":"closed","ping_status":"closed","template":"","tags":[],"mec_category":[716],"_links":{"self":[{"href":"https:\/\/visitaltotamegaebarroso.pt\/es\/wp-json\/wp\/v2\/mec-events\/36879"}],"collection":[{"href":"https:\/\/visitaltotamegaebarroso.pt\/es\/wp-json\/wp\/v2\/mec-events"}],"about":[{"href":"https:\/\/visitaltotamegaebarroso.pt\/es\/wp-json\/wp\/v2\/types\/mec-events"}],"author":[{"embeddable":true,"href":"https:\/\/visitaltotamegaebarroso.pt\/es\/wp-json\/wp\/v2\/users\/5"}],"replies":[{"embeddable":true,"href":"https:\/\/visitaltotamegaebarroso.pt\/es\/wp-json\/wp\/v2\/comments?post=36879"}],"wp:featuredmedia":[{"embeddable":true,"href":"https:\/\/visitaltotamegaebarroso.pt\/es\/wp-json\/wp\/v2\/media\/36875"}],"wp:attachment":[{"href":"https:\/\/visitaltotamegaebarroso.pt\/es\/wp-json\/wp\/v2\/media?parent=36879"}],"wp:term":[{"taxonomy":"post_tag","embeddable":true,"href":"https:\/\/visitaltotamegaebarroso.pt\/es\/wp-json\/wp\/v2\/tags?post=36879"},{"taxonomy":"mec_category","embeddable":true,"href":"https:\/\/visitaltotamegaebarroso.pt\/es\/wp-json\/wp\/v2\/mec_category?post=36879"}],"curies":[{"name":"wp","href":"https:\/\/api.w.org\/{rel}","templated":true}]}}

Ribeira de Pena | 9ª edición de la Fiesta de la Trucha

<p>Fiesta de la Trucha en Canedo.<br />
Los días 22 y 23 de marzo, únase a nosotros para saborear las deliciosas truchas del río Beça, miel, dulces típicos y ¡mucho más!</p>
<p>Con música, animación y cultura local, la fiesta promete ser una cita ineludible para toda la familia.</p>

<p>Fiesta de la Trucha en Canedo. Los días 22 y 23 de marzo, únase a nosotros para saborear las deliciosas truchas del río Beça, miel, dulces típicos y ¡mucho más! Con música, animación y cultura local, la fiesta promete ser [&hellip;]</p>
