{"id":36869,"date":"2025-03-17T10:43:44","date_gmt":"2025-03-17T10:43:44","guid":{"rendered":"https:\/\/visitaltotamegaebarroso.pt\/events\/chaves-que-somos\/"},"modified":"2025-03-17T10:43:44","modified_gmt":"2025-03-17T10:43:44","slug":"chaves-que-somos","status":"publish","type":"mec-events","link":"https:\/\/visitaltotamegaebarroso.pt\/es\/events\/chaves-que-somos\/","title":{"rendered":"Chaves | \u00ab\u00bfQu\u00e9 somos?\u00bb"},"content":{"rendered":"<p>Celebremos el D\u00eda Mundial del Teatro de la mejor manera posible con la representaci\u00f3n del mon\u00f3logo \u00ab\u00bfQu\u00e9 somos?\u00bb de Susana Cruz, seguido de un coloquio sobre el proceso creativo de esta obra.<\/p>\n<p>Entrada gratuita.<\/p>\n<p>Reserva en el 276 333 919<\/p>\n","protected":false},"excerpt":{"rendered":"<p>Celebremos el D\u00eda Mundial del Teatro de la mejor manera posible con la representaci\u00f3n del mon\u00f3logo \u00ab\u00bfQu\u00e9 somos?\u00bb de Susana Cruz, seguido de un coloquio sobre el proceso creativo de esta obra. Entrada gratuita. Reserva en el 276 333 919<\/p>\n","protected":false},"author":5,"featured_media":36865,"comment_status":"closed","ping_status":"closed","template":"","tags":[],"mec_category":[716,1561],"_links":{"self":[{"href":"https:\/\/visitaltotamegaebarroso.pt\/es\/wp-json\/wp\/v2\/mec-events\/36869"}],"collection":[{"href":"https:\/\/visitaltotamegaebarroso.pt\/es\/wp-json\/wp\/v2\/mec-events"}],"about":[{"href":"https:\/\/visitaltotamegaebarroso.pt\/es\/wp-json\/wp\/v2\/types\/mec-events"}],"author":[{"embeddable":true,"href":"https:\/\/visitaltotamegaebarroso.pt\/es\/wp-json\/wp\/v2\/users\/5"}],"replies":[{"embeddable":true,"href":"https:\/\/visitaltotamegaebarroso.pt\/es\/wp-json\/wp\/v2\/comments?post=36869"}],"wp:featuredmedia":[{"embeddable":true,"href":"https:\/\/visitaltotamegaebarroso.pt\/es\/wp-json\/wp\/v2\/media\/36865"}],"wp:attachment":[{"href":"https:\/\/visitaltotamegaebarroso.pt\/es\/wp-json\/wp\/v2\/media?parent=36869"}],"wp:term":[{"taxonomy":"post_tag","embeddable":true,"href":"https:\/\/visitaltotamegaebarroso.pt\/es\/wp-json\/wp\/v2\/tags?post=36869"},{"taxonomy":"mec_category","embeddable":true,"href":"https:\/\/visitaltotamegaebarroso.pt\/es\/wp-json\/wp\/v2\/mec_category?post=36869"}],"curies":[{"name":"wp","href":"https:\/\/api.w.org\/{rel}","templated":true}]}}

Chaves | «¿Qué somos?»

<p>Celebremos el Día Mundial del Teatro de la mejor manera posible con la representación del monólogo «¿Qué somos?» de Susana Cruz, seguido de un coloquio sobre el proceso creativo de esta obra.</p>
<p>Entrada gratuita.</p>
<p>Reserva en el 276 333 919</p>

<p>Celebremos el Día Mundial del Teatro de la mejor manera posible con la representación del monólogo «¿Qué somos?» de Susana Cruz, seguido de un coloquio sobre el proceso creativo de esta obra. Entrada gratuita. Reserva en el 276 333 919</p>
