{"id":36787,"date":"2025-03-08T11:49:59","date_gmt":"2025-03-08T11:49:59","guid":{"rendered":"https:\/\/visitaltotamegaebarroso.pt\/events\/ribeira-de-pena-camilo-en-la-mesa\/"},"modified":"2025-03-08T11:53:31","modified_gmt":"2025-03-08T11:53:31","slug":"ribeira-de-pena-camilo-en-la-mesa","status":"publish","type":"mec-events","link":"https:\/\/visitaltotamegaebarroso.pt\/es\/events\/ribeira-de-pena-camilo-en-la-mesa\/","title":{"rendered":"Ribeira de Pena | Camilo en la Mesa"},"content":{"rendered":"<p>Como parte de las celebraciones del 200 aniversario de Camilo Castelo Branco, el Ayuntamiento de Ribeira de Pena, en colaboraci\u00f3n con el Hotel Pena Park y el Proyecto Camilo a Norte 200, ha preparado una jornada llena de actividades. El evento tendr\u00e1 lugar el 15 de marzo y se centrar\u00e1 en la vida, obra y gastronom\u00eda de Camilo.<\/p>\n<p>El programa comenzar\u00e1 a las 11h con una Tert\u00falia Camiliana, un momento de reflexi\u00f3n y debate sobre el autor. A las 19.30h, los participantes tendr\u00e1n la oportunidad de disfrutar de una experiencia gastron\u00f3mica \u00fanica, con la recreaci\u00f3n de recetas del libro \u00ab\u00c0 Mesa com Camilo\u00bb.<\/p>\n<p>Por \u00faltimo, a las 22.30 horas, habr\u00e1 una sesi\u00f3n de cuentacuentos basada en fragmentos de la obra de Camilo Castelo Branco, que ofrecer\u00e1 a los asistentes un viaje literario a trav\u00e9s de las palabras del autor.<\/p>\n<p>La asistencia a estas iniciativas es gratuita, a excepci\u00f3n de la experiencia gastron\u00f3mica, pero est\u00e1 sujeta a disponibilidad e inscripci\u00f3n previa, que puede realizarse por correo electr\u00f3nico hasta el 14 de marzo.<\/p>\n<p>No pierda la oportunidad de formar parte de esta celebraci\u00f3n especial de uno de los grandes nombres de la literatura portuguesa.<\/p>\n","protected":false},"excerpt":{"rendered":"<p>Como parte de las celebraciones del 200 aniversario de Camilo Castelo Branco, el Ayuntamiento de Ribeira de Pena, en colaboraci\u00f3n con el Hotel Pena Park y el Proyecto Camilo a Norte 200, ha preparado una jornada llena de actividades. El [&hellip;]<\/p>\n","protected":false},"author":5,"featured_media":36783,"comment_status":"closed","ping_status":"closed","template":"","tags":[],"mec_category":[716],"_links":{"self":[{"href":"https:\/\/visitaltotamegaebarroso.pt\/es\/wp-json\/wp\/v2\/mec-events\/36787"}],"collection":[{"href":"https:\/\/visitaltotamegaebarroso.pt\/es\/wp-json\/wp\/v2\/mec-events"}],"about":[{"href":"https:\/\/visitaltotamegaebarroso.pt\/es\/wp-json\/wp\/v2\/types\/mec-events"}],"author":[{"embeddable":true,"href":"https:\/\/visitaltotamegaebarroso.pt\/es\/wp-json\/wp\/v2\/users\/5"}],"replies":[{"embeddable":true,"href":"https:\/\/visitaltotamegaebarroso.pt\/es\/wp-json\/wp\/v2\/comments?post=36787"}],"wp:featuredmedia":[{"embeddable":true,"href":"https:\/\/visitaltotamegaebarroso.pt\/es\/wp-json\/wp\/v2\/media\/36783"}],"wp:attachment":[{"href":"https:\/\/visitaltotamegaebarroso.pt\/es\/wp-json\/wp\/v2\/media?parent=36787"}],"wp:term":[{"taxonomy":"post_tag","embeddable":true,"href":"https:\/\/visitaltotamegaebarroso.pt\/es\/wp-json\/wp\/v2\/tags?post=36787"},{"taxonomy":"mec_category","embeddable":true,"href":"https:\/\/visitaltotamegaebarroso.pt\/es\/wp-json\/wp\/v2\/mec_category?post=36787"}],"curies":[{"name":"wp","href":"https:\/\/api.w.org\/{rel}","templated":true}]}}

<p>Como parte de las celebraciones del 200 aniversario de Camilo Castelo Branco, el Ayuntamiento de Ribeira de Pena, en colaboración con el Hotel Pena Park y el Proyecto Camilo a Norte 200, ha preparado una jornada llena de actividades. El evento tendrá lugar el 15 de marzo y se centrará en la vida, obra y gastronomía de Camilo.</p>
<p>El programa comenzará a las 11h con una Tertúlia Camiliana, un momento de reflexión y debate sobre el autor. A las 19.30h, los participantes tendrán la oportunidad de disfrutar de una experiencia gastronómica única, con la recreación de recetas del libro «À Mesa com Camilo».</p>
<p>Por último, a las 22.30 horas, habrá una sesión de cuentacuentos basada en fragmentos de la obra de Camilo Castelo Branco, que ofrecerá a los asistentes un viaje literario a través de las palabras del autor.</p>
<p>La asistencia a estas iniciativas es gratuita, a excepción de la experiencia gastronómica, pero está sujeta a disponibilidad e inscripción previa, que puede realizarse por correo electrónico hasta el 14 de marzo.</p>
<p>No pierda la oportunidad de formar parte de esta celebración especial de uno de los grandes nombres de la literatura portuguesa.</p>

<p>Como parte de las celebraciones del 200 aniversario de Camilo Castelo Branco, el Ayuntamiento de Ribeira de Pena, en colaboración con el Hotel Pena Park y el Proyecto Camilo a Norte 200, ha preparado una jornada llena de actividades. El [&hellip;]</p>
