{"id":36756,"date":"2025-03-02T12:15:13","date_gmt":"2025-03-02T12:15:13","guid":{"rendered":"https:\/\/visitaltotamegaebarroso.pt\/?post_type=mec-events&#038;p=36756"},"modified":"2025-03-02T12:24:04","modified_gmt":"2025-03-02T12:24:04","slug":"montalegre-mascaras-de-madera-de-daniel-amaro","status":"publish","type":"mec-events","link":"https:\/\/visitaltotamegaebarroso.pt\/es\/events\/montalegre-mascaras-de-madera-de-daniel-amaro\/","title":{"rendered":"Montalegre | M\u00e1scaras de Madera, de Daniel Amaro"},"content":{"rendered":"<p>A partir del 1 de marzo, el Ecomuseu de Barroso &#8211; Corte do Boi, en Pit\u00f5es das J\u00fanias, acoge la exposici\u00f3n \u00abM\u00e1scaras de Madera\u00bb, de Daniel Amaro.<\/p>\n","protected":false},"excerpt":{"rendered":"<p>A partir del 1 de marzo, el Ecomuseu de Barroso &#8211; Corte do Boi, en Pit\u00f5es das J\u00fanias, acoge la exposici\u00f3n \u00abM\u00e1scaras de Madera\u00bb, de Daniel Amaro.<\/p>\n","protected":false},"author":5,"featured_media":36752,"comment_status":"closed","ping_status":"closed","template":"","tags":[],"mec_category":[716],"_links":{"self":[{"href":"https:\/\/visitaltotamegaebarroso.pt\/es\/wp-json\/wp\/v2\/mec-events\/36756"}],"collection":[{"href":"https:\/\/visitaltotamegaebarroso.pt\/es\/wp-json\/wp\/v2\/mec-events"}],"about":[{"href":"https:\/\/visitaltotamegaebarroso.pt\/es\/wp-json\/wp\/v2\/types\/mec-events"}],"author":[{"embeddable":true,"href":"https:\/\/visitaltotamegaebarroso.pt\/es\/wp-json\/wp\/v2\/users\/5"}],"replies":[{"embeddable":true,"href":"https:\/\/visitaltotamegaebarroso.pt\/es\/wp-json\/wp\/v2\/comments?post=36756"}],"wp:featuredmedia":[{"embeddable":true,"href":"https:\/\/visitaltotamegaebarroso.pt\/es\/wp-json\/wp\/v2\/media\/36752"}],"wp:attachment":[{"href":"https:\/\/visitaltotamegaebarroso.pt\/es\/wp-json\/wp\/v2\/media?parent=36756"}],"wp:term":[{"taxonomy":"post_tag","embeddable":true,"href":"https:\/\/visitaltotamegaebarroso.pt\/es\/wp-json\/wp\/v2\/tags?post=36756"},{"taxonomy":"mec_category","embeddable":true,"href":"https:\/\/visitaltotamegaebarroso.pt\/es\/wp-json\/wp\/v2\/mec_category?post=36756"}],"curies":[{"name":"wp","href":"https:\/\/api.w.org\/{rel}","templated":true}]}}

Montalegre | Máscaras de Madera, de Daniel Amaro

<p>A partir del 1 de marzo, el Ecomuseu de Barroso &#8211; Corte do Boi, en Pitões das Júnias, acoge la exposición «Máscaras de Madera», de Daniel Amaro.</p>
