{"id":36695,"date":"2025-02-26T11:12:21","date_gmt":"2025-02-26T11:12:21","guid":{"rendered":"https:\/\/visitaltotamegaebarroso.pt\/?post_type=mec-events&#038;p=36695"},"modified":"2025-02-26T11:18:54","modified_gmt":"2025-02-26T11:18:54","slug":"montalegre-sabado-filhoeiro","status":"publish","type":"mec-events","link":"https:\/\/visitaltotamegaebarroso.pt\/es\/events\/montalegre-sabado-filhoeiro\/","title":{"rendered":"Montalegre | S\u00e1bado Filhoeiro"},"content":{"rendered":"<p>El Ecomuseu de Barroso &#8211; Casa do Capit\u00e3o, con el apoyo de la Junta Parroquial de Salto, celebra el \u00abS\u00e1bado Filhoeiro\u00bb el pr\u00f3ximo s\u00e1bado, 1 de marzo.<br \/>\nEl programa incluye una merienda abierta a la comunidad, donde se servir\u00e1n filhoses, jam\u00f3n y sopa en olla.<br \/>\nCita a las 15.00 horas.<\/p>\n","protected":false},"excerpt":{"rendered":"<p>El Ecomuseu de Barroso &#8211; Casa do Capit\u00e3o, con el apoyo de la Junta Parroquial de Salto, celebra el \u00abS\u00e1bado Filhoeiro\u00bb el pr\u00f3ximo s\u00e1bado, 1 de marzo. El programa incluye una merienda abierta a la comunidad, donde se servir\u00e1n filhoses, [&hellip;]<\/p>\n","protected":false},"author":5,"featured_media":36691,"comment_status":"closed","ping_status":"closed","template":"","tags":[],"mec_category":[716],"_links":{"self":[{"href":"https:\/\/visitaltotamegaebarroso.pt\/es\/wp-json\/wp\/v2\/mec-events\/36695"}],"collection":[{"href":"https:\/\/visitaltotamegaebarroso.pt\/es\/wp-json\/wp\/v2\/mec-events"}],"about":[{"href":"https:\/\/visitaltotamegaebarroso.pt\/es\/wp-json\/wp\/v2\/types\/mec-events"}],"author":[{"embeddable":true,"href":"https:\/\/visitaltotamegaebarroso.pt\/es\/wp-json\/wp\/v2\/users\/5"}],"replies":[{"embeddable":true,"href":"https:\/\/visitaltotamegaebarroso.pt\/es\/wp-json\/wp\/v2\/comments?post=36695"}],"wp:featuredmedia":[{"embeddable":true,"href":"https:\/\/visitaltotamegaebarroso.pt\/es\/wp-json\/wp\/v2\/media\/36691"}],"wp:attachment":[{"href":"https:\/\/visitaltotamegaebarroso.pt\/es\/wp-json\/wp\/v2\/media?parent=36695"}],"wp:term":[{"taxonomy":"post_tag","embeddable":true,"href":"https:\/\/visitaltotamegaebarroso.pt\/es\/wp-json\/wp\/v2\/tags?post=36695"},{"taxonomy":"mec_category","embeddable":true,"href":"https:\/\/visitaltotamegaebarroso.pt\/es\/wp-json\/wp\/v2\/mec_category?post=36695"}],"curies":[{"name":"wp","href":"https:\/\/api.w.org\/{rel}","templated":true}]}}

Montalegre | Sábado Filhoeiro

<p>El Ecomuseu de Barroso &#8211; Casa do Capitão, con el apoyo de la Junta Parroquial de Salto, celebra el «Sábado Filhoeiro» el próximo sábado, 1 de marzo.<br />
El programa incluye una merienda abierta a la comunidad, donde se servirán filhoses, jamón y sopa en olla.<br />
Cita a las 15.00 horas.</p>

<p>El Ecomuseu de Barroso &#8211; Casa do Capitão, con el apoyo de la Junta Parroquial de Salto, celebra el «Sábado Filhoeiro» el próximo sábado, 1 de marzo. El programa incluye una merienda abierta a la comunidad, donde se servirán filhoses, [&hellip;]</p>
