{"id":36604,"date":"2025-02-25T09:59:59","date_gmt":"2025-02-25T09:59:59","guid":{"rendered":"https:\/\/visitaltotamegaebarroso.pt\/events\/chaves-mercado-da-madalena\/"},"modified":"2025-02-25T09:59:59","modified_gmt":"2025-02-25T09:59:59","slug":"chaves-mercado-da-madalena","status":"publish","type":"mec-events","link":"https:\/\/visitaltotamegaebarroso.pt\/es\/events\/chaves-mercado-da-madalena\/","title":{"rendered":"Chaves | Mercado da Madalena"},"content":{"rendered":"<p>Feria de Productos Regionales<\/p>\n<p>Organiza: AmoChaves &#8211; Asociaci\u00f3n de Vecinos del Centro Hist\u00f3rico de Chaves<br \/>\nApoyo: Ayuntamiento de Chaves y Uni\u00f3n Parroquial de Madalena y Samai\u00f5es<\/p>\n","protected":false},"excerpt":{"rendered":"<p>Feria de Productos Regionales Organiza: AmoChaves &#8211; Asociaci\u00f3n de Vecinos del Centro Hist\u00f3rico de Chaves Apoyo: Ayuntamiento de Chaves y Uni\u00f3n Parroquial de Madalena y Samai\u00f5es<\/p>\n","protected":false},"author":5,"featured_media":34115,"comment_status":"closed","ping_status":"closed","template":"","tags":[],"mec_category":[727],"_links":{"self":[{"href":"https:\/\/visitaltotamegaebarroso.pt\/es\/wp-json\/wp\/v2\/mec-events\/36604"}],"collection":[{"href":"https:\/\/visitaltotamegaebarroso.pt\/es\/wp-json\/wp\/v2\/mec-events"}],"about":[{"href":"https:\/\/visitaltotamegaebarroso.pt\/es\/wp-json\/wp\/v2\/types\/mec-events"}],"author":[{"embeddable":true,"href":"https:\/\/visitaltotamegaebarroso.pt\/es\/wp-json\/wp\/v2\/users\/5"}],"replies":[{"embeddable":true,"href":"https:\/\/visitaltotamegaebarroso.pt\/es\/wp-json\/wp\/v2\/comments?post=36604"}],"wp:featuredmedia":[{"embeddable":true,"href":"https:\/\/visitaltotamegaebarroso.pt\/es\/wp-json\/wp\/v2\/media\/34115"}],"wp:attachment":[{"href":"https:\/\/visitaltotamegaebarroso.pt\/es\/wp-json\/wp\/v2\/media?parent=36604"}],"wp:term":[{"taxonomy":"post_tag","embeddable":true,"href":"https:\/\/visitaltotamegaebarroso.pt\/es\/wp-json\/wp\/v2\/tags?post=36604"},{"taxonomy":"mec_category","embeddable":true,"href":"https:\/\/visitaltotamegaebarroso.pt\/es\/wp-json\/wp\/v2\/mec_category?post=36604"}],"curies":[{"name":"wp","href":"https:\/\/api.w.org\/{rel}","templated":true}]}}

<p>Feria de Productos Regionales</p>
<p>Organiza: AmoChaves &#8211; Asociación de Vecinos del Centro Histórico de Chaves<br />
Apoyo: Ayuntamiento de Chaves y Unión Parroquial de Madalena y Samaiões</p>

<p>Feria de Productos Regionales Organiza: AmoChaves &#8211; Asociación de Vecinos del Centro Histórico de Chaves Apoyo: Ayuntamiento de Chaves y Unión Parroquial de Madalena y Samaiões</p>
