{"id":36559,"date":"2025-02-24T14:55:21","date_gmt":"2025-02-24T14:55:21","guid":{"rendered":"https:\/\/visitaltotamegaebarroso.pt\/events\/chaves-feria-mensal-de-sao-pedro-de-agostem\/"},"modified":"2025-02-24T14:55:21","modified_gmt":"2025-02-24T14:55:21","slug":"chaves-feria-mensal-de-sao-pedro-de-agostem","status":"publish","type":"mec-events","link":"https:\/\/visitaltotamegaebarroso.pt\/es\/events\/chaves-feria-mensal-de-sao-pedro-de-agostem\/","title":{"rendered":"Chaves | Feria Mensal de S\u00e3o Pedro de Agost\u00e9m"},"content":{"rendered":"<p>Santuario de Nuestra Se\u00f1ora de la Salud, de 8h30 a 12h30, con misa a las 11h00 en la Iglesia de Nuestra Se\u00f1ora de la Salud<\/p>\n<p>Se celebra el primer domingo de cada mes y en ella se venden productos locales como pan, folar, miel, ahumados, vino, licores, frutas, verduras, cestas, ropa y mucho m\u00e1s.<\/p>\n<p>Organiza: Junta Parroquial de S\u00e3o Pedro de Agost\u00e9m<br \/>\nColabora: Comisi\u00f3n de Fiestas de Nossa Senhora da Sa\u00fade<\/p>\n","protected":false},"excerpt":{"rendered":"<p>Santuario de Nuestra Se\u00f1ora de la Salud, de 8h30 a 12h30, con misa a las 11h00 en la Iglesia de Nuestra Se\u00f1ora de la Salud Se celebra el primer domingo de cada mes y en ella se venden productos locales [&hellip;]<\/p>\n","protected":false},"author":5,"featured_media":29121,"comment_status":"closed","ping_status":"closed","template":"","tags":[],"mec_category":[727],"_links":{"self":[{"href":"https:\/\/visitaltotamegaebarroso.pt\/es\/wp-json\/wp\/v2\/mec-events\/36559"}],"collection":[{"href":"https:\/\/visitaltotamegaebarroso.pt\/es\/wp-json\/wp\/v2\/mec-events"}],"about":[{"href":"https:\/\/visitaltotamegaebarroso.pt\/es\/wp-json\/wp\/v2\/types\/mec-events"}],"author":[{"embeddable":true,"href":"https:\/\/visitaltotamegaebarroso.pt\/es\/wp-json\/wp\/v2\/users\/5"}],"replies":[{"embeddable":true,"href":"https:\/\/visitaltotamegaebarroso.pt\/es\/wp-json\/wp\/v2\/comments?post=36559"}],"wp:featuredmedia":[{"embeddable":true,"href":"https:\/\/visitaltotamegaebarroso.pt\/es\/wp-json\/wp\/v2\/media\/29121"}],"wp:attachment":[{"href":"https:\/\/visitaltotamegaebarroso.pt\/es\/wp-json\/wp\/v2\/media?parent=36559"}],"wp:term":[{"taxonomy":"post_tag","embeddable":true,"href":"https:\/\/visitaltotamegaebarroso.pt\/es\/wp-json\/wp\/v2\/tags?post=36559"},{"taxonomy":"mec_category","embeddable":true,"href":"https:\/\/visitaltotamegaebarroso.pt\/es\/wp-json\/wp\/v2\/mec_category?post=36559"}],"curies":[{"name":"wp","href":"https:\/\/api.w.org\/{rel}","templated":true}]}}

Chaves | Feria Mensal de São Pedro de Agostém

<p>Santuario de Nuestra Señora de la Salud, de 8h30 a 12h30, con misa a las 11h00 en la Iglesia de Nuestra Señora de la Salud</p>
<p>Se celebra el primer domingo de cada mes y en ella se venden productos locales como pan, folar, miel, ahumados, vino, licores, frutas, verduras, cestas, ropa y mucho más.</p>
<p>Organiza: Junta Parroquial de São Pedro de Agostém<br />
Colabora: Comisión de Fiestas de Nossa Senhora da Saúde</p>

<p>Santuario de Nuestra Señora de la Salud, de 8h30 a 12h30, con misa a las 11h00 en la Iglesia de Nuestra Señora de la Salud Se celebra el primer domingo de cada mes y en ella se venden productos locales [&hellip;]</p>
