{"id":36509,"date":"2025-02-19T16:02:15","date_gmt":"2025-02-19T16:02:15","guid":{"rendered":"https:\/\/visitaltotamegaebarroso.pt\/events\/valpacos-paseo-de-los-almendros-en-flor\/"},"modified":"2025-02-19T16:02:15","modified_gmt":"2025-02-19T16:02:15","slug":"valpacos-paseo-de-los-almendros-en-flor","status":"publish","type":"mec-events","link":"https:\/\/visitaltotamegaebarroso.pt\/es\/events\/valpacos-paseo-de-los-almendros-en-flor\/","title":{"rendered":"Valpa\u00e7os | Paseo de los Almendros en Flor"},"content":{"rendered":"<p>El paseo \u00ab\ud835\udc68\ud835\udc8e\ud835\udc86\ud835\udc8f\ud835\udc85\ud835\udc90\ud835\udc86\ud835\udc8a\ud835\udc93\ud835\udc82\ud835\udc94 \ud835\udc86\ud835\udc8e \ud835\udc6d\ud835\udc8d\ud835\udc90\ud835\udc93\u00bb, que forma parte de la \ud835\udc7d\ud835\udc70\ud835\udc70 \ud835\udc6d\ud835\udc86\ud835\udc94\ud835\udc95\ud835\udc82 \ud835\udc85\ud835\udc90 \ud835\udc69\ud835\udc90\ud835\udc8d\ud835\udc90 \ud835\udc77\ud835\udc90\ud835\udc85\ud835\udc93\ud835\udc86 &#8211; \ud835\udc77\ud835\udc93\ud835\udc90\ud835\udc85\ud835\udc96\ud835\udc95\ud835\udc90\ud835\udc94 \ud835\udc86 \ud835\udc7a\ud835\udc82\ud835\udc83\ud835\udc90\ud835\udc93\ud835\udc86\ud835\udc94, de Santa Maria de \u00c9meres, tendr\u00e1 lugar el 9 de marzo a las 9.30 horas y contar\u00e1 con tres rutas circulares.<\/p>\n<p>Un recorrido por los paisajes m\u00e1s bellos del municipio, anunciando la llegada de la primavera&#8230;.<\/p>\n<p>Inscripciones el mismo d\u00eda y en el lugar de salida o por correo electr\u00f3nico a amendoeirasemflor2023@gmail.com<\/p>\n","protected":false},"excerpt":{"rendered":"<p>El paseo \u00ab\ud835\udc68\ud835\udc8e\ud835\udc86\ud835\udc8f\ud835\udc85\ud835\udc90\ud835\udc86\ud835\udc8a\ud835\udc93\ud835\udc82\ud835\udc94 \ud835\udc86\ud835\udc8e \ud835\udc6d\ud835\udc8d\ud835\udc90\ud835\udc93\u00bb, que forma parte de la \ud835\udc7d\ud835\udc70\ud835\udc70 \ud835\udc6d\ud835\udc86\ud835\udc94\ud835\udc95\ud835\udc82 \ud835\udc85\ud835\udc90 \ud835\udc69\ud835\udc90\ud835\udc8d\ud835\udc90 \ud835\udc77\ud835\udc90\ud835\udc85\ud835\udc93\ud835\udc86 &#8211; \ud835\udc77\ud835\udc93\ud835\udc90\ud835\udc85\ud835\udc96\ud835\udc95\ud835\udc90\ud835\udc94 \ud835\udc86 \ud835\udc7a\ud835\udc82\ud835\udc83\ud835\udc90\ud835\udc93\ud835\udc86\ud835\udc94, de Santa Maria de \u00c9meres, tendr\u00e1 lugar el 9 de marzo a las 9.30 horas y contar\u00e1 con tres rutas circulares. [&hellip;]<\/p>\n","protected":false},"author":5,"featured_media":36505,"comment_status":"closed","ping_status":"closed","template":"","tags":[],"mec_category":[720],"_links":{"self":[{"href":"https:\/\/visitaltotamegaebarroso.pt\/es\/wp-json\/wp\/v2\/mec-events\/36509"}],"collection":[{"href":"https:\/\/visitaltotamegaebarroso.pt\/es\/wp-json\/wp\/v2\/mec-events"}],"about":[{"href":"https:\/\/visitaltotamegaebarroso.pt\/es\/wp-json\/wp\/v2\/types\/mec-events"}],"author":[{"embeddable":true,"href":"https:\/\/visitaltotamegaebarroso.pt\/es\/wp-json\/wp\/v2\/users\/5"}],"replies":[{"embeddable":true,"href":"https:\/\/visitaltotamegaebarroso.pt\/es\/wp-json\/wp\/v2\/comments?post=36509"}],"wp:featuredmedia":[{"embeddable":true,"href":"https:\/\/visitaltotamegaebarroso.pt\/es\/wp-json\/wp\/v2\/media\/36505"}],"wp:attachment":[{"href":"https:\/\/visitaltotamegaebarroso.pt\/es\/wp-json\/wp\/v2\/media?parent=36509"}],"wp:term":[{"taxonomy":"post_tag","embeddable":true,"href":"https:\/\/visitaltotamegaebarroso.pt\/es\/wp-json\/wp\/v2\/tags?post=36509"},{"taxonomy":"mec_category","embeddable":true,"href":"https:\/\/visitaltotamegaebarroso.pt\/es\/wp-json\/wp\/v2\/mec_category?post=36509"}],"curies":[{"name":"wp","href":"https:\/\/api.w.org\/{rel}","templated":true}]}}

Valpaços | Paseo de los Almendros en Flor

<p>El paseo «𝑨𝒎𝒆𝒏𝒅𝒐𝒆𝒊𝒓𝒂𝒔 𝒆𝒎 𝑭𝒍𝒐𝒓», que forma parte de la 𝑽𝑰𝑰 𝑭𝒆𝒔𝒕𝒂 𝒅𝒐 𝑩𝒐𝒍𝒐 𝑷𝒐𝒅𝒓𝒆 &#8211; 𝑷𝒓𝒐𝒅𝒖𝒕𝒐𝒔 𝒆 𝑺𝒂𝒃𝒐𝒓𝒆𝒔, de Santa Maria de Émeres, tendrá lugar el 9 de marzo a las 9.30 horas y contará con tres rutas circulares.</p>
<p>Un recorrido por los paisajes más bellos del municipio, anunciando la llegada de la primavera&#8230;.</p>
<p>Inscripciones el mismo día y en el lugar de salida o por correo electrónico a amendoeirasemflor2023@gmail.com</p>

<p>El paseo «𝑨𝒎𝒆𝒏𝒅𝒐𝒆𝒊𝒓𝒂𝒔 𝒆𝒎 𝑭𝒍𝒐𝒓», que forma parte de la 𝑽𝑰𝑰 𝑭𝒆𝒔𝒕𝒂 𝒅𝒐 𝑩𝒐𝒍𝒐 𝑷𝒐𝒅𝒓𝒆 &#8211; 𝑷𝒓𝒐𝒅𝒖𝒕𝒐𝒔 𝒆 𝑺𝒂𝒃𝒐𝒓𝒆𝒔, de Santa Maria de Émeres, tendrá lugar el 9 de marzo a las 9.30 horas y contará con tres rutas circulares. [&hellip;]</p>
