{"id":36499,"date":"2025-02-19T11:52:10","date_gmt":"2025-02-19T11:52:10","guid":{"rendered":"https:\/\/visitaltotamegaebarroso.pt\/events\/valpacos-carnaval-de-vilarandelo\/"},"modified":"2025-02-19T11:52:10","modified_gmt":"2025-02-19T11:52:10","slug":"valpacos-carnaval-de-vilarandelo","status":"publish","type":"mec-events","link":"https:\/\/visitaltotamegaebarroso.pt\/es\/events\/valpacos-carnaval-de-vilarandelo\/","title":{"rendered":"Valpa\u00e7os | Carnaval de Vilarandelo"},"content":{"rendered":"<p>El Carnaval de Vilarandelo vuelve una edici\u00f3n m\u00e1s<\/p>\n<p>Conozca el programa oficial del Carnaval de Vilarandelo, que tendr\u00e1 lugar entre el 28 de febrero y el 4 de marzo. El mejor Carnaval de la regi\u00f3n vuelve con d\u00edas de alegr\u00eda, m\u00fasica y diversi\u00f3n.<\/p>\n<p>No se lo pierda&#8230;<\/p>\n","protected":false},"excerpt":{"rendered":"<p>El Carnaval de Vilarandelo vuelve una edici\u00f3n m\u00e1s Conozca el programa oficial del Carnaval de Vilarandelo, que tendr\u00e1 lugar entre el 28 de febrero y el 4 de marzo. El mejor Carnaval de la regi\u00f3n vuelve con d\u00edas de alegr\u00eda, [&hellip;]<\/p>\n","protected":false},"author":5,"featured_media":36495,"comment_status":"closed","ping_status":"closed","template":"","tags":[],"mec_category":[716],"_links":{"self":[{"href":"https:\/\/visitaltotamegaebarroso.pt\/es\/wp-json\/wp\/v2\/mec-events\/36499"}],"collection":[{"href":"https:\/\/visitaltotamegaebarroso.pt\/es\/wp-json\/wp\/v2\/mec-events"}],"about":[{"href":"https:\/\/visitaltotamegaebarroso.pt\/es\/wp-json\/wp\/v2\/types\/mec-events"}],"author":[{"embeddable":true,"href":"https:\/\/visitaltotamegaebarroso.pt\/es\/wp-json\/wp\/v2\/users\/5"}],"replies":[{"embeddable":true,"href":"https:\/\/visitaltotamegaebarroso.pt\/es\/wp-json\/wp\/v2\/comments?post=36499"}],"wp:featuredmedia":[{"embeddable":true,"href":"https:\/\/visitaltotamegaebarroso.pt\/es\/wp-json\/wp\/v2\/media\/36495"}],"wp:attachment":[{"href":"https:\/\/visitaltotamegaebarroso.pt\/es\/wp-json\/wp\/v2\/media?parent=36499"}],"wp:term":[{"taxonomy":"post_tag","embeddable":true,"href":"https:\/\/visitaltotamegaebarroso.pt\/es\/wp-json\/wp\/v2\/tags?post=36499"},{"taxonomy":"mec_category","embeddable":true,"href":"https:\/\/visitaltotamegaebarroso.pt\/es\/wp-json\/wp\/v2\/mec_category?post=36499"}],"curies":[{"name":"wp","href":"https:\/\/api.w.org\/{rel}","templated":true}]}}

Valpaços | Carnaval de Vilarandelo

<p>El Carnaval de Vilarandelo vuelve una edición más</p>
<p>Conozca el programa oficial del Carnaval de Vilarandelo, que tendrá lugar entre el 28 de febrero y el 4 de marzo. El mejor Carnaval de la región vuelve con días de alegría, música y diversión.</p>
<p>No se lo pierda&#8230;</p>

<p>El Carnaval de Vilarandelo vuelve una edición más Conozca el programa oficial del Carnaval de Vilarandelo, que tendrá lugar entre el 28 de febrero y el 4 de marzo. El mejor Carnaval de la región vuelve con días de alegría, [&hellip;]</p>
