{"id":36468,"date":"2025-02-18T09:53:26","date_gmt":"2025-02-18T09:53:26","guid":{"rendered":"https:\/\/visitaltotamegaebarroso.pt\/events\/ribeira-de-pena-fin-de-semana-gastronomico-del-maiz\/"},"modified":"2025-02-18T09:53:26","modified_gmt":"2025-02-18T09:53:26","slug":"ribeira-de-pena-fin-de-semana-gastronomico-del-maiz","status":"publish","type":"mec-events","link":"https:\/\/visitaltotamegaebarroso.pt\/es\/events\/ribeira-de-pena-fin-de-semana-gastronomico-del-maiz\/","title":{"rendered":"Ribeira de Pena | Fin de Semana Gastron\u00f3mico del Ma\u00edz"},"content":{"rendered":"<p>Prep\u00e1rese para el esperado Fin de Semana Gastron\u00f3mico del Ma\u00edz.<\/p>\n<p>Durante estos tres d\u00edas tendr\u00e1 la oportunidad de probar deliciosos platos a base de ma\u00edz servidos en tres restaurantes locales.<br \/>\nAdem\u00e1s de la experiencia gastron\u00f3mica, tambi\u00e9n podr\u00e1 aprovechar la oportunidad de alojarse en uno de los cinco complejos tur\u00edsticos asociados, lo que le garantizar\u00e1 comodidad y relajaci\u00f3n durante toda su estancia.<\/p>\n<p>Marque ya su calendario y \u00fanase a nosotros en esta cita ineludible.<\/p>\n","protected":false},"excerpt":{"rendered":"<p>Prep\u00e1rese para el esperado Fin de Semana Gastron\u00f3mico del Ma\u00edz. Durante estos tres d\u00edas tendr\u00e1 la oportunidad de probar deliciosos platos a base de ma\u00edz servidos en tres restaurantes locales. Adem\u00e1s de la experiencia gastron\u00f3mica, tambi\u00e9n podr\u00e1 aprovechar la oportunidad [&hellip;]<\/p>\n","protected":false},"author":5,"featured_media":36464,"comment_status":"closed","ping_status":"closed","template":"","tags":[],"mec_category":[724],"_links":{"self":[{"href":"https:\/\/visitaltotamegaebarroso.pt\/es\/wp-json\/wp\/v2\/mec-events\/36468"}],"collection":[{"href":"https:\/\/visitaltotamegaebarroso.pt\/es\/wp-json\/wp\/v2\/mec-events"}],"about":[{"href":"https:\/\/visitaltotamegaebarroso.pt\/es\/wp-json\/wp\/v2\/types\/mec-events"}],"author":[{"embeddable":true,"href":"https:\/\/visitaltotamegaebarroso.pt\/es\/wp-json\/wp\/v2\/users\/5"}],"replies":[{"embeddable":true,"href":"https:\/\/visitaltotamegaebarroso.pt\/es\/wp-json\/wp\/v2\/comments?post=36468"}],"wp:featuredmedia":[{"embeddable":true,"href":"https:\/\/visitaltotamegaebarroso.pt\/es\/wp-json\/wp\/v2\/media\/36464"}],"wp:attachment":[{"href":"https:\/\/visitaltotamegaebarroso.pt\/es\/wp-json\/wp\/v2\/media?parent=36468"}],"wp:term":[{"taxonomy":"post_tag","embeddable":true,"href":"https:\/\/visitaltotamegaebarroso.pt\/es\/wp-json\/wp\/v2\/tags?post=36468"},{"taxonomy":"mec_category","embeddable":true,"href":"https:\/\/visitaltotamegaebarroso.pt\/es\/wp-json\/wp\/v2\/mec_category?post=36468"}],"curies":[{"name":"wp","href":"https:\/\/api.w.org\/{rel}","templated":true}]}}

Ribeira de Pena | Fin de Semana Gastronómico del Maíz

<p>Prepárese para el esperado Fin de Semana Gastronómico del Maíz.</p>
<p>Durante estos tres días tendrá la oportunidad de probar deliciosos platos a base de maíz servidos en tres restaurantes locales.<br />
Además de la experiencia gastronómica, también podrá aprovechar la oportunidad de alojarse en uno de los cinco complejos turísticos asociados, lo que le garantizará comodidad y relajación durante toda su estancia.</p>
<p>Marque ya su calendario y únase a nosotros en esta cita ineludible.</p>

<p>Prepárese para el esperado Fin de Semana Gastronómico del Maíz. Durante estos tres días tendrá la oportunidad de probar deliciosos platos a base de maíz servidos en tres restaurantes locales. Además de la experiencia gastronómica, también podrá aprovechar la oportunidad [&hellip;]</p>
