{"id":36316,"date":"2025-02-08T12:44:44","date_gmt":"2025-02-08T12:44:44","guid":{"rendered":"https:\/\/visitaltotamegaebarroso.pt\/events\/boticas-paseo-por-los-senderos-de-barroso\/"},"modified":"2025-02-08T12:44:44","modified_gmt":"2025-02-08T12:44:44","slug":"boticas-paseo-por-los-senderos-de-barroso","status":"publish","type":"mec-events","link":"https:\/\/visitaltotamegaebarroso.pt\/es\/events\/boticas-paseo-por-los-senderos-de-barroso\/","title":{"rendered":"Boticas | Paseo por los senderos de Barroso"},"content":{"rendered":"<p>En 2018, la Organizaci\u00f3n de las Naciones Unidas para la Agricultura y la Alimentaci\u00f3n (FAO) reconoci\u00f3 la regi\u00f3n de Barroso como Patrimonio Agr\u00edcola Mundial, convirti\u00e9ndola en el \u00fanico territorio portugu\u00e9s en recibir este galard\u00f3n<br \/>\nEl galard\u00f3n se basa en las tradiciones que los habitantes de Barroso mantienen en su relaci\u00f3n con el medio ambiente en actividades como la agricultura, la silvicultura y el pastoreo.<br \/>\nCon una ocupaci\u00f3n humana milenaria, este territorio mantiene una econom\u00eda rural de subsistencia y vastos espacios naturales relativamente v\u00edrgenes, preservando un aut\u00e9ntico paisaje de perfecta convivencia entre el hombre y la naturaleza.<br \/>\nEs en este territorio \u00fanico, moldeado por la mano del hombre y pulido por la naturaleza, donde realizaremos este paseo \u00abCaminos del Patrimonio Agr\u00edcola Mundial de Barroso\u00bb, sin duda una de las zonas m\u00e1s bellas del norte de Portugal.<br \/>\nComenzando en el pueblo virgen de Vilarinho Seco, Boticas, recorreremos los paisajes, caminos y senderos, levadas y quelhas t\u00edpicos de la regi\u00f3n, donde a\u00fan hoy el ganado, los pastores y los agricultores ayudan a mantener la belleza natural de la regi\u00f3n.<br \/>\nSe trata de un sendero circular de aproximadamente 10 kil\u00f3metros de dificultad moderada debido al tipo de superficie, compuesta en su mayor\u00eda por piedras lisas y zonas de agua corriente.<\/p>\n","protected":false},"excerpt":{"rendered":"<p>En 2018, la Organizaci\u00f3n de las Naciones Unidas para la Agricultura y la Alimentaci\u00f3n (FAO) reconoci\u00f3 la regi\u00f3n de Barroso como Patrimonio Agr\u00edcola Mundial, convirti\u00e9ndola en el \u00fanico territorio portugu\u00e9s en recibir este galard\u00f3n El galard\u00f3n se basa en las [&hellip;]<\/p>\n","protected":false},"author":5,"featured_media":36312,"comment_status":"closed","ping_status":"closed","template":"","tags":[],"mec_category":[720],"_links":{"self":[{"href":"https:\/\/visitaltotamegaebarroso.pt\/es\/wp-json\/wp\/v2\/mec-events\/36316"}],"collection":[{"href":"https:\/\/visitaltotamegaebarroso.pt\/es\/wp-json\/wp\/v2\/mec-events"}],"about":[{"href":"https:\/\/visitaltotamegaebarroso.pt\/es\/wp-json\/wp\/v2\/types\/mec-events"}],"author":[{"embeddable":true,"href":"https:\/\/visitaltotamegaebarroso.pt\/es\/wp-json\/wp\/v2\/users\/5"}],"replies":[{"embeddable":true,"href":"https:\/\/visitaltotamegaebarroso.pt\/es\/wp-json\/wp\/v2\/comments?post=36316"}],"wp:featuredmedia":[{"embeddable":true,"href":"https:\/\/visitaltotamegaebarroso.pt\/es\/wp-json\/wp\/v2\/media\/36312"}],"wp:attachment":[{"href":"https:\/\/visitaltotamegaebarroso.pt\/es\/wp-json\/wp\/v2\/media?parent=36316"}],"wp:term":[{"taxonomy":"post_tag","embeddable":true,"href":"https:\/\/visitaltotamegaebarroso.pt\/es\/wp-json\/wp\/v2\/tags?post=36316"},{"taxonomy":"mec_category","embeddable":true,"href":"https:\/\/visitaltotamegaebarroso.pt\/es\/wp-json\/wp\/v2\/mec_category?post=36316"}],"curies":[{"name":"wp","href":"https:\/\/api.w.org\/{rel}","templated":true}]}}

<p>En 2018, la Organización de las Naciones Unidas para la Agricultura y la Alimentación (FAO) reconoció la región de Barroso como Patrimonio Agrícola Mundial, convirtiéndola en el único territorio portugués en recibir este galardón<br />
El galardón se basa en las tradiciones que los habitantes de Barroso mantienen en su relación con el medio ambiente en actividades como la agricultura, la silvicultura y el pastoreo.<br />
Con una ocupación humana milenaria, este territorio mantiene una economía rural de subsistencia y vastos espacios naturales relativamente vírgenes, preservando un auténtico paisaje de perfecta convivencia entre el hombre y la naturaleza.<br />
Es en este territorio único, moldeado por la mano del hombre y pulido por la naturaleza, donde realizaremos este paseo «Caminos del Patrimonio Agrícola Mundial de Barroso», sin duda una de las zonas más bellas del norte de Portugal.<br />
Comenzando en el pueblo virgen de Vilarinho Seco, Boticas, recorreremos los paisajes, caminos y senderos, levadas y quelhas típicos de la región, donde aún hoy el ganado, los pastores y los agricultores ayudan a mantener la belleza natural de la región.<br />
Se trata de un sendero circular de aproximadamente 10 kilómetros de dificultad moderada debido al tipo de superficie, compuesta en su mayoría por piedras lisas y zonas de agua corriente.</p>

<p>En 2018, la Organización de las Naciones Unidas para la Agricultura y la Alimentación (FAO) reconoció la región de Barroso como Patrimonio Agrícola Mundial, convirtiéndola en el único territorio portugués en recibir este galardón El galardón se basa en las [&hellip;]</p>
