{"id":36291,"date":"2025-02-08T11:33:01","date_gmt":"2025-02-08T11:33:01","guid":{"rendered":"https:\/\/visitaltotamegaebarroso.pt\/events\/montalegre-campeonato-nacional-de-maraton-btt\/"},"modified":"2025-02-08T11:33:01","modified_gmt":"2025-02-08T11:33:01","slug":"montalegre-campeonato-nacional-de-maraton-btt","status":"publish","type":"mec-events","link":"https:\/\/visitaltotamegaebarroso.pt\/es\/events\/montalegre-campeonato-nacional-de-maraton-btt\/","title":{"rendered":"Montalegre | Campeonato Nacional de Marat\u00f3n BTT"},"content":{"rendered":"<p>El 1 de junio, Montalegre acoger\u00e1 el Campeonato Nacional de Marat\u00f3n BTT (XCM), la prueba reina del ciclismo nacional.<br \/>\nLa UVP &#8211; Federaci\u00f3n Portuguesa de Ciclismo ha concedido al Club Ciclista Montalegre y al Ayuntamiento de Montalegre la organizaci\u00f3n de esta competici\u00f3n.<br \/>\nParalelamente, se celebrar\u00e1 el XIII Trofeo \u00abAc\u00e1cio da Silva\u00bb de BTT y la Copa Regional XCM de Marat\u00f3n, organizada por la Asociaci\u00f3n Regional de Ciclismo de Vila Real (ARCVR).<br \/>\nLas inscripciones comenzar\u00e1n en breve.<\/p>\n","protected":false},"excerpt":{"rendered":"<p>El 1 de junio, Montalegre acoger\u00e1 el Campeonato Nacional de Marat\u00f3n BTT (XCM), la prueba reina del ciclismo nacional. La UVP &#8211; Federaci\u00f3n Portuguesa de Ciclismo ha concedido al Club Ciclista Montalegre y al Ayuntamiento de Montalegre la organizaci\u00f3n de [&hellip;]<\/p>\n","protected":false},"author":5,"featured_media":36287,"comment_status":"closed","ping_status":"closed","template":"","tags":[],"mec_category":[720],"_links":{"self":[{"href":"https:\/\/visitaltotamegaebarroso.pt\/es\/wp-json\/wp\/v2\/mec-events\/36291"}],"collection":[{"href":"https:\/\/visitaltotamegaebarroso.pt\/es\/wp-json\/wp\/v2\/mec-events"}],"about":[{"href":"https:\/\/visitaltotamegaebarroso.pt\/es\/wp-json\/wp\/v2\/types\/mec-events"}],"author":[{"embeddable":true,"href":"https:\/\/visitaltotamegaebarroso.pt\/es\/wp-json\/wp\/v2\/users\/5"}],"replies":[{"embeddable":true,"href":"https:\/\/visitaltotamegaebarroso.pt\/es\/wp-json\/wp\/v2\/comments?post=36291"}],"wp:featuredmedia":[{"embeddable":true,"href":"https:\/\/visitaltotamegaebarroso.pt\/es\/wp-json\/wp\/v2\/media\/36287"}],"wp:attachment":[{"href":"https:\/\/visitaltotamegaebarroso.pt\/es\/wp-json\/wp\/v2\/media?parent=36291"}],"wp:term":[{"taxonomy":"post_tag","embeddable":true,"href":"https:\/\/visitaltotamegaebarroso.pt\/es\/wp-json\/wp\/v2\/tags?post=36291"},{"taxonomy":"mec_category","embeddable":true,"href":"https:\/\/visitaltotamegaebarroso.pt\/es\/wp-json\/wp\/v2\/mec_category?post=36291"}],"curies":[{"name":"wp","href":"https:\/\/api.w.org\/{rel}","templated":true}]}}

Montalegre | Campeonato Nacional de Maratón BTT

<p>El 1 de junio, Montalegre acogerá el Campeonato Nacional de Maratón BTT (XCM), la prueba reina del ciclismo nacional.<br />
La UVP &#8211; Federación Portuguesa de Ciclismo ha concedido al Club Ciclista Montalegre y al Ayuntamiento de Montalegre la organización de esta competición.<br />
Paralelamente, se celebrará el XIII Trofeo «Acácio da Silva» de BTT y la Copa Regional XCM de Maratón, organizada por la Asociación Regional de Ciclismo de Vila Real (ARCVR).<br />
Las inscripciones comenzarán en breve.</p>

<p>El 1 de junio, Montalegre acogerá el Campeonato Nacional de Maratón BTT (XCM), la prueba reina del ciclismo nacional. La UVP &#8211; Federación Portuguesa de Ciclismo ha concedido al Club Ciclista Montalegre y al Ayuntamiento de Montalegre la organización de [&hellip;]</p>
