{"id":36269,"date":"2025-02-05T16:04:26","date_gmt":"2025-02-05T16:04:26","guid":{"rendered":"https:\/\/visitaltotamegaebarroso.pt\/events\/del-10-al-28-de-febrero-el-carnaval-de-cabril-en-el-punto-de-mira-de-la-oficina-de-turismo-del-alto-tamega-e-barroso\/"},"modified":"2025-02-05T16:04:26","modified_gmt":"2025-02-05T16:04:26","slug":"del-10-al-28-de-febrero-el-carnaval-de-cabril-en-el-punto-de-mira-de-la-oficina-de-turismo-del-alto-tamega-e-barroso","status":"publish","type":"mec-events","link":"https:\/\/visitaltotamegaebarroso.pt\/es\/events\/del-10-al-28-de-febrero-el-carnaval-de-cabril-en-el-punto-de-mira-de-la-oficina-de-turismo-del-alto-tamega-e-barroso\/","title":{"rendered":"Del 10 al 28 de febrero | El Carnaval de Cabril en el punto de mira de la Oficina de Turismo del Alto T\u00e2mega e Barroso"},"content":{"rendered":"<p>Como parte de la promoci\u00f3n de las tradiciones carnavalescas de la regi\u00f3n de Alto T\u00e2mega e Barroso, este a\u00f1o la Oficina de Turismo de Alto T\u00e2mega e Barroso (PTAT) acoger\u00e1 una exposici\u00f3n dedicada al Carnaval de Cabril. La exposici\u00f3n, en colaboraci\u00f3n con la Junta Parroquial de Cabril &#8211; Montalegre, podr\u00e1 visitarse en el PTAT entre el 10 y el 28 de febrero.<\/p>\n<p>La exposici\u00f3n pone de relieve las particularidades del Entrudo de Cabril, una tradici\u00f3n arraigada en la cultura local, llena de color, m\u00fasica y esp\u00edritu festivo. Como es habitual, las calles se llenan de juerguistas irreverentemente enmascarados: los hombres se disfrazan de mujeres, las mujeres de hombres, y todos ocultan su identidad con sombreros, mantas, pa\u00f1uelos de colores, caras o pa\u00f1os de encaje. Los guantes son imprescindibles para garantizar el anonimato de los caretos, figuras centrales de esta fiesta.<\/p>\n<p>El PTAT, situado en la Alameda do Tabolado, en Chaves, est\u00e1 abierto al p\u00fablico de lunes a domingo.<\/p>\n<p>\u00a1Esperamos verle por all\u00ed!<\/p>\n","protected":false},"excerpt":{"rendered":"<p>Como parte de la promoci\u00f3n de las tradiciones carnavalescas de la regi\u00f3n de Alto T\u00e2mega e Barroso, este a\u00f1o la Oficina de Turismo de Alto T\u00e2mega e Barroso (PTAT) acoger\u00e1 una exposici\u00f3n dedicada al Carnaval de Cabril. La exposici\u00f3n, en colaboraci\u00f3n con la Junta Parroquial de Cabril &#8211; Montalegre, podr\u00e1 visitarse en el PTAT entre el 10 y el 28 de febrero.<\/p>\n","protected":false},"author":3,"featured_media":36260,"comment_status":"closed","ping_status":"closed","template":"","tags":[],"mec_category":[716],"_links":{"self":[{"href":"https:\/\/visitaltotamegaebarroso.pt\/es\/wp-json\/wp\/v2\/mec-events\/36269"}],"collection":[{"href":"https:\/\/visitaltotamegaebarroso.pt\/es\/wp-json\/wp\/v2\/mec-events"}],"about":[{"href":"https:\/\/visitaltotamegaebarroso.pt\/es\/wp-json\/wp\/v2\/types\/mec-events"}],"author":[{"embeddable":true,"href":"https:\/\/visitaltotamegaebarroso.pt\/es\/wp-json\/wp\/v2\/users\/3"}],"replies":[{"embeddable":true,"href":"https:\/\/visitaltotamegaebarroso.pt\/es\/wp-json\/wp\/v2\/comments?post=36269"}],"wp:featuredmedia":[{"embeddable":true,"href":"https:\/\/visitaltotamegaebarroso.pt\/es\/wp-json\/wp\/v2\/media\/36260"}],"wp:attachment":[{"href":"https:\/\/visitaltotamegaebarroso.pt\/es\/wp-json\/wp\/v2\/media?parent=36269"}],"wp:term":[{"taxonomy":"post_tag","embeddable":true,"href":"https:\/\/visitaltotamegaebarroso.pt\/es\/wp-json\/wp\/v2\/tags?post=36269"},{"taxonomy":"mec_category","embeddable":true,"href":"https:\/\/visitaltotamegaebarroso.pt\/es\/wp-json\/wp\/v2\/mec_category?post=36269"}],"curies":[{"name":"wp","href":"https:\/\/api.w.org\/{rel}","templated":true}]}}

Del 10 al 28 de febrero | El Carnaval de Cabril en el punto de mira de la Oficina de Turismo del Alto Tâmega e Barroso

<p>Como parte de la promoción de las tradiciones carnavalescas de la región de Alto Tâmega e Barroso, este año la Oficina de Turismo de Alto Tâmega e Barroso (PTAT) acogerá una exposición dedicada al Carnaval de Cabril. La exposición, en colaboración con la Junta Parroquial de Cabril &#8211; Montalegre, podrá visitarse en el PTAT entre el 10 y el 28 de febrero.</p>
<p>La exposición pone de relieve las particularidades del Entrudo de Cabril, una tradición arraigada en la cultura local, llena de color, música y espíritu festivo. Como es habitual, las calles se llenan de juerguistas irreverentemente enmascarados: los hombres se disfrazan de mujeres, las mujeres de hombres, y todos ocultan su identidad con sombreros, mantas, pañuelos de colores, caras o paños de encaje. Los guantes son imprescindibles para garantizar el anonimato de los caretos, figuras centrales de esta fiesta.</p>
<p>El PTAT, situado en la Alameda do Tabolado, en Chaves, está abierto al público de lunes a domingo.</p>
<p>¡Esperamos verle por allí!</p>

<p>Como parte de la promoción de las tradiciones carnavalescas de la región de Alto Tâmega e Barroso, este año la Oficina de Turismo de Alto Tâmega e Barroso (PTAT) acogerá una exposición dedicada al Carnaval de Cabril. La exposición, en colaboración con la Junta Parroquial de Cabril &#8211; Montalegre, podrá visitarse en el PTAT entre el 10 y el 28 de febrero.</p>
