{"id":36152,"date":"2025-01-30T11:47:31","date_gmt":"2025-01-30T11:47:31","guid":{"rendered":"https:\/\/visitaltotamegaebarroso.pt\/events\/chaves-sara-cruz\/"},"modified":"2025-01-30T11:47:31","modified_gmt":"2025-01-30T11:47:31","slug":"chaves-sara-cruz","status":"publish","type":"mec-events","link":"https:\/\/visitaltotamegaebarroso.pt\/es\/events\/chaves-sara-cruz\/","title":{"rendered":"Chaves | Sara Cruz"},"content":{"rendered":"<p>La talentosa cantautora de S\u00e3o Miguel trae a la Sala Amarela su atractiva fusi\u00f3n de pop y folk en un concierto \u00edntimo y profundamente reflexivo.<\/p>\n<p>En este concierto, Sara Cruz presenta su \u00e1lbum de debut, Fourteen Forty-Five. Como azoriana nacida y criada en medio del Atl\u00e1ntico, entre Europa y Am\u00e9rica, Sara Cruz incorpora a su trabajo la rica influencia del folk norteamericano, que, entrelazado con el universo pop\/cantante-compositor, confiere al \u00e1lbum un sonido actual, internacional y atractivo.<\/p>\n<p>Un concierto especial que marca el inicio de la programaci\u00f3n anual de INDIEROR.<\/p>\n<p>Entradas y m\u00e1s informaci\u00f3n <a href=\"http:\/\/www.indieror.pt\">www.indieror.pt<\/a><\/p>\n","protected":false},"excerpt":{"rendered":"<p>La talentosa cantautora de S\u00e3o Miguel trae a la Sala Amarela su atractiva fusi\u00f3n de pop y folk en un concierto \u00edntimo y profundamente reflexivo. En este concierto, Sara Cruz presenta su \u00e1lbum de debut, Fourteen Forty-Five. Como azoriana nacida [&hellip;]<\/p>\n","protected":false},"author":5,"featured_media":36148,"comment_status":"closed","ping_status":"closed","template":"","tags":[],"mec_category":[1445],"_links":{"self":[{"href":"https:\/\/visitaltotamegaebarroso.pt\/es\/wp-json\/wp\/v2\/mec-events\/36152"}],"collection":[{"href":"https:\/\/visitaltotamegaebarroso.pt\/es\/wp-json\/wp\/v2\/mec-events"}],"about":[{"href":"https:\/\/visitaltotamegaebarroso.pt\/es\/wp-json\/wp\/v2\/types\/mec-events"}],"author":[{"embeddable":true,"href":"https:\/\/visitaltotamegaebarroso.pt\/es\/wp-json\/wp\/v2\/users\/5"}],"replies":[{"embeddable":true,"href":"https:\/\/visitaltotamegaebarroso.pt\/es\/wp-json\/wp\/v2\/comments?post=36152"}],"wp:featuredmedia":[{"embeddable":true,"href":"https:\/\/visitaltotamegaebarroso.pt\/es\/wp-json\/wp\/v2\/media\/36148"}],"wp:attachment":[{"href":"https:\/\/visitaltotamegaebarroso.pt\/es\/wp-json\/wp\/v2\/media?parent=36152"}],"wp:term":[{"taxonomy":"post_tag","embeddable":true,"href":"https:\/\/visitaltotamegaebarroso.pt\/es\/wp-json\/wp\/v2\/tags?post=36152"},{"taxonomy":"mec_category","embeddable":true,"href":"https:\/\/visitaltotamegaebarroso.pt\/es\/wp-json\/wp\/v2\/mec_category?post=36152"}],"curies":[{"name":"wp","href":"https:\/\/api.w.org\/{rel}","templated":true}]}}

<p>La talentosa cantautora de São Miguel trae a la Sala Amarela su atractiva fusión de pop y folk en un concierto íntimo y profundamente reflexivo.</p>
<p>En este concierto, Sara Cruz presenta su álbum de debut, Fourteen Forty-Five. Como azoriana nacida y criada en medio del Atlántico, entre Europa y América, Sara Cruz incorpora a su trabajo la rica influencia del folk norteamericano, que, entrelazado con el universo pop/cantante-compositor, confiere al álbum un sonido actual, internacional y atractivo.</p>
<p>Un concierto especial que marca el inicio de la programación anual de INDIEROR.</p>
<p>Entradas y más información <a href="http://www.indieror.pt">www.indieror.pt</a></p>

<p>La talentosa cantautora de São Miguel trae a la Sala Amarela su atractiva fusión de pop y folk en un concierto íntimo y profundamente reflexivo. En este concierto, Sara Cruz presenta su álbum de debut, Fourteen Forty-Five. Como azoriana nacida [&hellip;]</p>
