{"id":35988,"date":"2025-01-24T11:30:16","date_gmt":"2025-01-24T11:30:16","guid":{"rendered":"https:\/\/visitaltotamegaebarroso.pt\/events\/chaves-alegre-los-anos-duo-alturas\/"},"modified":"2025-01-24T11:30:16","modified_gmt":"2025-01-24T11:30:16","slug":"chaves-alegre-los-anos-duo-alturas","status":"publish","type":"mec-events","link":"https:\/\/visitaltotamegaebarroso.pt\/es\/events\/chaves-alegre-los-anos-duo-alturas\/","title":{"rendered":"Chaves | Alegre los A\u00f1os &#8211; D\u00fao Alturas"},"content":{"rendered":"<p>Con el objetivo de crear actitudes proactivas, este encuentro dominical contar\u00e1 con la animaci\u00f3n musical del grupo \u00abD\u00fao Alturas\u00bb, proporcionando una ciudadan\u00eda cada vez m\u00e1s activa y participativa, con mucha diversi\u00f3n y alegr\u00eda mezcladas.<\/p>\n<p>Potenciar las diferentes generaciones para promover la solidaridad, el cooperativismo y el respeto a las diferentes necesidades y potencialidades asociadas a cada edad contribuye a la construcci\u00f3n social de un envejecimiento activo y saludable. Las personas que experimentan actividades positivas se sienten mejor consigo mismas y con su mundo, y afrontan mejor la enfermedad, el estr\u00e9s y otras dificultades.<\/p>\n<p>El proyecto \u00abEnvejecimiento Saludable\u00bb forma parte del Pacto por el Desarrollo y la Cohesi\u00f3n Territorial del Alto T\u00e2mega, que promueve eventos y celebraciones tem\u00e1ticas a lo largo de todo el a\u00f1o.<\/p>\n<p>Organiza: Ayuntamiento de Chaves<\/p>\n","protected":false},"excerpt":{"rendered":"<p>Con el objetivo de crear actitudes proactivas, este encuentro dominical contar\u00e1 con la animaci\u00f3n musical del grupo \u00abD\u00fao Alturas\u00bb, proporcionando una ciudadan\u00eda cada vez m\u00e1s activa y participativa, con mucha diversi\u00f3n y alegr\u00eda mezcladas. Potenciar las diferentes generaciones para promover [&hellip;]<\/p>\n","protected":false},"author":5,"featured_media":36544,"comment_status":"closed","ping_status":"closed","template":"","tags":[],"mec_category":[716],"_links":{"self":[{"href":"https:\/\/visitaltotamegaebarroso.pt\/es\/wp-json\/wp\/v2\/mec-events\/35988"}],"collection":[{"href":"https:\/\/visitaltotamegaebarroso.pt\/es\/wp-json\/wp\/v2\/mec-events"}],"about":[{"href":"https:\/\/visitaltotamegaebarroso.pt\/es\/wp-json\/wp\/v2\/types\/mec-events"}],"author":[{"embeddable":true,"href":"https:\/\/visitaltotamegaebarroso.pt\/es\/wp-json\/wp\/v2\/users\/5"}],"replies":[{"embeddable":true,"href":"https:\/\/visitaltotamegaebarroso.pt\/es\/wp-json\/wp\/v2\/comments?post=35988"}],"wp:featuredmedia":[{"embeddable":true,"href":"https:\/\/visitaltotamegaebarroso.pt\/es\/wp-json\/wp\/v2\/media\/36544"}],"wp:attachment":[{"href":"https:\/\/visitaltotamegaebarroso.pt\/es\/wp-json\/wp\/v2\/media?parent=35988"}],"wp:term":[{"taxonomy":"post_tag","embeddable":true,"href":"https:\/\/visitaltotamegaebarroso.pt\/es\/wp-json\/wp\/v2\/tags?post=35988"},{"taxonomy":"mec_category","embeddable":true,"href":"https:\/\/visitaltotamegaebarroso.pt\/es\/wp-json\/wp\/v2\/mec_category?post=35988"}],"curies":[{"name":"wp","href":"https:\/\/api.w.org\/{rel}","templated":true}]}}

Chaves | Alegre los Años &#8211; Dúo Alturas

<p>Con el objetivo de crear actitudes proactivas, este encuentro dominical contará con la animación musical del grupo «Dúo Alturas», proporcionando una ciudadanía cada vez más activa y participativa, con mucha diversión y alegría mezcladas.</p>
<p>Potenciar las diferentes generaciones para promover la solidaridad, el cooperativismo y el respeto a las diferentes necesidades y potencialidades asociadas a cada edad contribuye a la construcción social de un envejecimiento activo y saludable. Las personas que experimentan actividades positivas se sienten mejor consigo mismas y con su mundo, y afrontan mejor la enfermedad, el estrés y otras dificultades.</p>
<p>El proyecto «Envejecimiento Saludable» forma parte del Pacto por el Desarrollo y la Cohesión Territorial del Alto Tâmega, que promueve eventos y celebraciones temáticas a lo largo de todo el año.</p>
<p>Organiza: Ayuntamiento de Chaves</p>

<p>Con el objetivo de crear actitudes proactivas, este encuentro dominical contará con la animación musical del grupo «Dúo Alturas», proporcionando una ciudadanía cada vez más activa y participativa, con mucha diversión y alegría mezcladas. Potenciar las diferentes generaciones para promover [&hellip;]</p>
