{"id":35816,"date":"2025-01-18T09:55:32","date_gmt":"2025-01-18T09:55:32","guid":{"rendered":"https:\/\/visitaltotamegaebarroso.pt\/events\/montalegre-34a-feira-do-fumeiro-augusto-canario\/"},"modified":"2025-01-18T09:55:32","modified_gmt":"2025-01-18T09:55:32","slug":"montalegre-34a-feira-do-fumeiro-augusto-canario","status":"publish","type":"mec-events","link":"https:\/\/visitaltotamegaebarroso.pt\/es\/events\/montalegre-34a-feira-do-fumeiro-augusto-canario\/","title":{"rendered":"Montalegre | 34\u00aa Feira do Fumeiro &#8211; Augusto Can\u00e1rio"},"content":{"rendered":"<p>Augusto Can\u00e1rio estar\u00e1 presente en la 34\u00aa Feira do Fumeiro. Reconocido por su vasta contribuci\u00f3n a la m\u00fasica popular portuguesa, promete una animada noche de fiesta para todos los participantes.<\/p>\n","protected":false},"excerpt":{"rendered":"<p>Augusto Can\u00e1rio estar\u00e1 presente en la 34\u00aa Feira do Fumeiro. Reconocido por su vasta contribuci\u00f3n a la m\u00fasica popular portuguesa, promete una animada noche de fiesta para todos los participantes.<\/p>\n","protected":false},"author":5,"featured_media":35812,"comment_status":"closed","ping_status":"closed","template":"","tags":[],"mec_category":[1445],"_links":{"self":[{"href":"https:\/\/visitaltotamegaebarroso.pt\/es\/wp-json\/wp\/v2\/mec-events\/35816"}],"collection":[{"href":"https:\/\/visitaltotamegaebarroso.pt\/es\/wp-json\/wp\/v2\/mec-events"}],"about":[{"href":"https:\/\/visitaltotamegaebarroso.pt\/es\/wp-json\/wp\/v2\/types\/mec-events"}],"author":[{"embeddable":true,"href":"https:\/\/visitaltotamegaebarroso.pt\/es\/wp-json\/wp\/v2\/users\/5"}],"replies":[{"embeddable":true,"href":"https:\/\/visitaltotamegaebarroso.pt\/es\/wp-json\/wp\/v2\/comments?post=35816"}],"wp:featuredmedia":[{"embeddable":true,"href":"https:\/\/visitaltotamegaebarroso.pt\/es\/wp-json\/wp\/v2\/media\/35812"}],"wp:attachment":[{"href":"https:\/\/visitaltotamegaebarroso.pt\/es\/wp-json\/wp\/v2\/media?parent=35816"}],"wp:term":[{"taxonomy":"post_tag","embeddable":true,"href":"https:\/\/visitaltotamegaebarroso.pt\/es\/wp-json\/wp\/v2\/tags?post=35816"},{"taxonomy":"mec_category","embeddable":true,"href":"https:\/\/visitaltotamegaebarroso.pt\/es\/wp-json\/wp\/v2\/mec_category?post=35816"}],"curies":[{"name":"wp","href":"https:\/\/api.w.org\/{rel}","templated":true}]}}

Montalegre | 34ª Feira do Fumeiro &#8211; Augusto Canário

<p>Augusto Canário estará presente en la 34ª Feira do Fumeiro. Reconocido por su vasta contribución a la música popular portuguesa, promete una animada noche de fiesta para todos los participantes.</p>
