{"id":35703,"date":"2025-01-09T10:17:00","date_gmt":"2025-01-09T10:17:00","guid":{"rendered":"https:\/\/visitaltotamegaebarroso.pt\/events\/ribeira-de-pena-fiesta-en-honor-a-sao-goncalo\/"},"modified":"2025-01-09T10:17:00","modified_gmt":"2025-01-09T10:17:00","slug":"ribeira-de-pena-fiesta-en-honor-a-sao-goncalo","status":"publish","type":"mec-events","link":"https:\/\/visitaltotamegaebarroso.pt\/es\/events\/ribeira-de-pena-fiesta-en-honor-a-sao-goncalo\/","title":{"rendered":"Ribeira de Pena | Fiesta en Honor a S\u00e3o Gon\u00e7alo"},"content":{"rendered":"<p>Los d\u00edas 9 y 10 de enero, la tradicional fiesta en honor a S\u00e3o Gon\u00e7alo vuelve a Fri\u00fame para celebrar momentos de fe, alegr\u00eda y convivencia.<\/p>\n","protected":false},"excerpt":{"rendered":"<p>Los d\u00edas 9 y 10 de enero, la tradicional fiesta en honor a S\u00e3o Gon\u00e7alo vuelve a Fri\u00fame para celebrar momentos de fe, alegr\u00eda y convivencia.<\/p>\n","protected":false},"author":5,"featured_media":35699,"comment_status":"closed","ping_status":"closed","template":"","tags":[],"mec_category":[716],"_links":{"self":[{"href":"https:\/\/visitaltotamegaebarroso.pt\/es\/wp-json\/wp\/v2\/mec-events\/35703"}],"collection":[{"href":"https:\/\/visitaltotamegaebarroso.pt\/es\/wp-json\/wp\/v2\/mec-events"}],"about":[{"href":"https:\/\/visitaltotamegaebarroso.pt\/es\/wp-json\/wp\/v2\/types\/mec-events"}],"author":[{"embeddable":true,"href":"https:\/\/visitaltotamegaebarroso.pt\/es\/wp-json\/wp\/v2\/users\/5"}],"replies":[{"embeddable":true,"href":"https:\/\/visitaltotamegaebarroso.pt\/es\/wp-json\/wp\/v2\/comments?post=35703"}],"wp:featuredmedia":[{"embeddable":true,"href":"https:\/\/visitaltotamegaebarroso.pt\/es\/wp-json\/wp\/v2\/media\/35699"}],"wp:attachment":[{"href":"https:\/\/visitaltotamegaebarroso.pt\/es\/wp-json\/wp\/v2\/media?parent=35703"}],"wp:term":[{"taxonomy":"post_tag","embeddable":true,"href":"https:\/\/visitaltotamegaebarroso.pt\/es\/wp-json\/wp\/v2\/tags?post=35703"},{"taxonomy":"mec_category","embeddable":true,"href":"https:\/\/visitaltotamegaebarroso.pt\/es\/wp-json\/wp\/v2\/mec_category?post=35703"}],"curies":[{"name":"wp","href":"https:\/\/api.w.org\/{rel}","templated":true}]}}

Ribeira de Pena | Fiesta en Honor a São Gonçalo

<p>Los días 9 y 10 de enero, la tradicional fiesta en honor a São Gonçalo vuelve a Friúme para celebrar momentos de fe, alegría y convivencia.</p>
