{"id":35576,"date":"2024-12-30T15:17:09","date_gmt":"2024-12-30T15:17:09","guid":{"rendered":"https:\/\/visitaltotamegaebarroso.pt\/events\/chaves-celebracion-del-centenario-de-la-banda-municipal-flaviana-os-pardais\/"},"modified":"2024-12-30T15:17:09","modified_gmt":"2024-12-30T15:17:09","slug":"chaves-celebracion-del-centenario-de-la-banda-municipal-flaviana-os-pardais","status":"publish","type":"mec-events","link":"https:\/\/visitaltotamegaebarroso.pt\/es\/events\/chaves-celebracion-del-centenario-de-la-banda-municipal-flaviana-os-pardais\/","title":{"rendered":"Chaves | Celebraci\u00f3n del Centenario de la Banda Municipal Flaviana \u00abOs Pardais"},"content":{"rendered":"<p>La Banda Municipal \u00abOs Pardais\u00bb se prepara para celebrar su centenario el pr\u00f3ximo 18 de enero.<br \/>\nEl programa, adem\u00e1s del izado de la bandera en la sede de la instituci\u00f3n, incluye un desfile por las calles de la ciudad de Chaves, con un viaje al cementerio para rendir homenaje a los antiguos m\u00fasicos, dirigentes y miembros, seguido de una Eucarist\u00eda en la Iglesia Matriz.<\/p>\n<p>Organiza: Banda Municipal Flaviense \u00abOs Pardais\u00bb.<br \/>\nApoyo: Ayuntamiento de Chaves<\/p>\n","protected":false},"excerpt":{"rendered":"<p>La Banda Municipal \u00abOs Pardais\u00bb se prepara para celebrar su centenario el pr\u00f3ximo 18 de enero. El programa, adem\u00e1s del izado de la bandera en la sede de la instituci\u00f3n, incluye un desfile por las calles de la ciudad de [&hellip;]<\/p>\n","protected":false},"author":5,"featured_media":35571,"comment_status":"closed","ping_status":"closed","template":"","tags":[],"mec_category":[1445],"_links":{"self":[{"href":"https:\/\/visitaltotamegaebarroso.pt\/es\/wp-json\/wp\/v2\/mec-events\/35576"}],"collection":[{"href":"https:\/\/visitaltotamegaebarroso.pt\/es\/wp-json\/wp\/v2\/mec-events"}],"about":[{"href":"https:\/\/visitaltotamegaebarroso.pt\/es\/wp-json\/wp\/v2\/types\/mec-events"}],"author":[{"embeddable":true,"href":"https:\/\/visitaltotamegaebarroso.pt\/es\/wp-json\/wp\/v2\/users\/5"}],"replies":[{"embeddable":true,"href":"https:\/\/visitaltotamegaebarroso.pt\/es\/wp-json\/wp\/v2\/comments?post=35576"}],"wp:featuredmedia":[{"embeddable":true,"href":"https:\/\/visitaltotamegaebarroso.pt\/es\/wp-json\/wp\/v2\/media\/35571"}],"wp:attachment":[{"href":"https:\/\/visitaltotamegaebarroso.pt\/es\/wp-json\/wp\/v2\/media?parent=35576"}],"wp:term":[{"taxonomy":"post_tag","embeddable":true,"href":"https:\/\/visitaltotamegaebarroso.pt\/es\/wp-json\/wp\/v2\/tags?post=35576"},{"taxonomy":"mec_category","embeddable":true,"href":"https:\/\/visitaltotamegaebarroso.pt\/es\/wp-json\/wp\/v2\/mec_category?post=35576"}],"curies":[{"name":"wp","href":"https:\/\/api.w.org\/{rel}","templated":true}]}}

Chaves | Celebración del Centenario de la Banda Municipal Flaviana «Os Pardais

<p>La Banda Municipal «Os Pardais» se prepara para celebrar su centenario el próximo 18 de enero.<br />
El programa, además del izado de la bandera en la sede de la institución, incluye un desfile por las calles de la ciudad de Chaves, con un viaje al cementerio para rendir homenaje a los antiguos músicos, dirigentes y miembros, seguido de una Eucaristía en la Iglesia Matriz.</p>
<p>Organiza: Banda Municipal Flaviense «Os Pardais».<br />
Apoyo: Ayuntamiento de Chaves</p>

<p>La Banda Municipal «Os Pardais» se prepara para celebrar su centenario el próximo 18 de enero. El programa, además del izado de la bandera en la sede de la institución, incluye un desfile por las calles de la ciudad de [&hellip;]</p>
