{"id":35550,"date":"2024-12-30T14:15:42","date_gmt":"2024-12-30T14:15:42","guid":{"rendered":"https:\/\/visitaltotamegaebarroso.pt\/events\/chaves-mercado-de-la-madalena-6\/"},"modified":"2024-12-30T14:15:42","modified_gmt":"2024-12-30T14:15:42","slug":"chaves-mercado-de-la-madalena-6","status":"publish","type":"mec-events","link":"https:\/\/visitaltotamegaebarroso.pt\/es\/events\/chaves-mercado-de-la-madalena-6\/","title":{"rendered":"Chaves | Mercado de la Madalena"},"content":{"rendered":"<p>Feria de Productos Regionales.<\/p>\n<p>Org.: AmoChaves &#8211; Asociaci\u00f3n de Vecinos del Centro Hist\u00f3rico de Chaves<br \/>\nApoyo: Ayuntamiento de Chaves y Uni\u00f3n Parroquial de Madalena y Samai\u00f5es<\/p>\n","protected":false},"excerpt":{"rendered":"<p>Feria de Productos Regionales. Org.: AmoChaves &#8211; Asociaci\u00f3n de Vecinos del Centro Hist\u00f3rico de Chaves Apoyo: Ayuntamiento de Chaves y Uni\u00f3n Parroquial de Madalena y Samai\u00f5es<\/p>\n","protected":false},"author":5,"featured_media":34115,"comment_status":"closed","ping_status":"closed","template":"","tags":[],"mec_category":[727],"_links":{"self":[{"href":"https:\/\/visitaltotamegaebarroso.pt\/es\/wp-json\/wp\/v2\/mec-events\/35550"}],"collection":[{"href":"https:\/\/visitaltotamegaebarroso.pt\/es\/wp-json\/wp\/v2\/mec-events"}],"about":[{"href":"https:\/\/visitaltotamegaebarroso.pt\/es\/wp-json\/wp\/v2\/types\/mec-events"}],"author":[{"embeddable":true,"href":"https:\/\/visitaltotamegaebarroso.pt\/es\/wp-json\/wp\/v2\/users\/5"}],"replies":[{"embeddable":true,"href":"https:\/\/visitaltotamegaebarroso.pt\/es\/wp-json\/wp\/v2\/comments?post=35550"}],"wp:featuredmedia":[{"embeddable":true,"href":"https:\/\/visitaltotamegaebarroso.pt\/es\/wp-json\/wp\/v2\/media\/34115"}],"wp:attachment":[{"href":"https:\/\/visitaltotamegaebarroso.pt\/es\/wp-json\/wp\/v2\/media?parent=35550"}],"wp:term":[{"taxonomy":"post_tag","embeddable":true,"href":"https:\/\/visitaltotamegaebarroso.pt\/es\/wp-json\/wp\/v2\/tags?post=35550"},{"taxonomy":"mec_category","embeddable":true,"href":"https:\/\/visitaltotamegaebarroso.pt\/es\/wp-json\/wp\/v2\/mec_category?post=35550"}],"curies":[{"name":"wp","href":"https:\/\/api.w.org\/{rel}","templated":true}]}}

<p>Feria de Productos Regionales.</p>
<p>Org.: AmoChaves &#8211; Asociación de Vecinos del Centro Histórico de Chaves<br />
Apoyo: Ayuntamiento de Chaves y Unión Parroquial de Madalena y Samaiões</p>

<p>Feria de Productos Regionales. Org.: AmoChaves &#8211; Asociación de Vecinos del Centro Histórico de Chaves Apoyo: Ayuntamiento de Chaves y Unión Parroquial de Madalena y Samaiões</p>
