{"id":35525,"date":"2024-12-30T11:44:52","date_gmt":"2024-12-30T11:44:52","guid":{"rendered":"https:\/\/visitaltotamegaebarroso.pt\/events\/chaves-la-feria-mensual-de-sao-pedro-de-agostem\/"},"modified":"2024-12-30T11:44:52","modified_gmt":"2024-12-30T11:44:52","slug":"chaves-la-feria-mensual-de-sao-pedro-de-agostem","status":"publish","type":"mec-events","link":"https:\/\/visitaltotamegaebarroso.pt\/es\/events\/chaves-la-feria-mensual-de-sao-pedro-de-agostem\/","title":{"rendered":"Chaves | La Feria Mensual de S\u00e3o Pedro de Agost\u00e9m"},"content":{"rendered":"<p>Se celebra el primer domingo de cada mes, con puntos de venta de productos locales como pan, folar, miel, ahumados, vino, licores, frutas, verduras, cester\u00eda, ropa y mucho m\u00e1s.<\/p>\n<p>Organiza: Junta Parroquial de S\u00e3o Pedro de Agost\u00e9m<br \/>\nApoyo: Comisi\u00f3n de Fiestas de Nuestra Se\u00f1ora de la Salud<\/p>\n","protected":false},"excerpt":{"rendered":"<p>Se celebra el primer domingo de cada mes, con puntos de venta de productos locales como pan, folar, miel, ahumados, vino, licores, frutas, verduras, cester\u00eda, ropa y mucho m\u00e1s. Organiza: Junta Parroquial de S\u00e3o Pedro de Agost\u00e9m Apoyo: Comisi\u00f3n de [&hellip;]<\/p>\n","protected":false},"author":5,"featured_media":29121,"comment_status":"closed","ping_status":"closed","template":"","tags":[],"mec_category":[727],"_links":{"self":[{"href":"https:\/\/visitaltotamegaebarroso.pt\/es\/wp-json\/wp\/v2\/mec-events\/35525"}],"collection":[{"href":"https:\/\/visitaltotamegaebarroso.pt\/es\/wp-json\/wp\/v2\/mec-events"}],"about":[{"href":"https:\/\/visitaltotamegaebarroso.pt\/es\/wp-json\/wp\/v2\/types\/mec-events"}],"author":[{"embeddable":true,"href":"https:\/\/visitaltotamegaebarroso.pt\/es\/wp-json\/wp\/v2\/users\/5"}],"replies":[{"embeddable":true,"href":"https:\/\/visitaltotamegaebarroso.pt\/es\/wp-json\/wp\/v2\/comments?post=35525"}],"wp:featuredmedia":[{"embeddable":true,"href":"https:\/\/visitaltotamegaebarroso.pt\/es\/wp-json\/wp\/v2\/media\/29121"}],"wp:attachment":[{"href":"https:\/\/visitaltotamegaebarroso.pt\/es\/wp-json\/wp\/v2\/media?parent=35525"}],"wp:term":[{"taxonomy":"post_tag","embeddable":true,"href":"https:\/\/visitaltotamegaebarroso.pt\/es\/wp-json\/wp\/v2\/tags?post=35525"},{"taxonomy":"mec_category","embeddable":true,"href":"https:\/\/visitaltotamegaebarroso.pt\/es\/wp-json\/wp\/v2\/mec_category?post=35525"}],"curies":[{"name":"wp","href":"https:\/\/api.w.org\/{rel}","templated":true}]}}

Chaves | La Feria Mensual de São Pedro de Agostém

<p>Se celebra el primer domingo de cada mes, con puntos de venta de productos locales como pan, folar, miel, ahumados, vino, licores, frutas, verduras, cestería, ropa y mucho más.</p>
<p>Organiza: Junta Parroquial de São Pedro de Agostém<br />
Apoyo: Comisión de Fiestas de Nuestra Señora de la Salud</p>

<p>Se celebra el primer domingo de cada mes, con puntos de venta de productos locales como pan, folar, miel, ahumados, vino, licores, frutas, verduras, cestería, ropa y mucho más. Organiza: Junta Parroquial de São Pedro de Agostém Apoyo: Comisión de [&hellip;]</p>
