{"id":35456,"date":"2024-12-26T14:41:45","date_gmt":"2024-12-26T14:41:45","guid":{"rendered":"https:\/\/visitaltotamegaebarroso.pt\/events\/chaves-concierto-de-navidad-banda-de-ervededo\/"},"modified":"2024-12-26T14:41:45","modified_gmt":"2024-12-26T14:41:45","slug":"chaves-concierto-de-navidad-banda-de-ervededo","status":"publish","type":"mec-events","link":"https:\/\/visitaltotamegaebarroso.pt\/es\/events\/chaves-concierto-de-navidad-banda-de-ervededo\/","title":{"rendered":"Chaves | Concierto de Navidad Banda de Ervededo"},"content":{"rendered":"<p>Con el objetivo de dinamizar Chaves en estas fiestas, el ayuntamiento promueve el arte y la cultura local con dos conciertos filarm\u00f3nicos de la Banda Musical da Torre de Ervededo, bajo la direcci\u00f3n art\u00edstica del Maestro Ricardo Lopes.<\/p>\n<p>Con momentos inolvidables al son de melod\u00edas navide\u00f1as y grandes cl\u00e1sicos, en un ambiente festivo y comunitario que promete calentar los corazones de los asistentes, subir\u00e1n por primera vez al escenario el viernes 27 de diciembre, a las 21.30 horas, en el Auditorio del Centro Cultural.<\/p>\n<p>En una oportunidad \u00fanica para cerrar 2024 con mucha m\u00fasica y alegr\u00eda, la Banda obsequiar\u00e1 a todos los flavenses con un concierto de Nochevieja en la Iglesia de la Sagrada Familia de Santa Cruz, el domingo 29 de diciembre a las 16h00.<\/p>\n","protected":false},"excerpt":{"rendered":"<p>Con el objetivo de dinamizar Chaves en estas fiestas, el ayuntamiento promueve el arte y la cultura local con dos conciertos filarm\u00f3nicos de la Banda Musical da Torre de Ervededo, bajo la direcci\u00f3n art\u00edstica del Maestro Ricardo Lopes. Con momentos [&hellip;]<\/p>\n","protected":false},"author":5,"featured_media":35452,"comment_status":"closed","ping_status":"closed","template":"","tags":[],"mec_category":[1445],"_links":{"self":[{"href":"https:\/\/visitaltotamegaebarroso.pt\/es\/wp-json\/wp\/v2\/mec-events\/35456"}],"collection":[{"href":"https:\/\/visitaltotamegaebarroso.pt\/es\/wp-json\/wp\/v2\/mec-events"}],"about":[{"href":"https:\/\/visitaltotamegaebarroso.pt\/es\/wp-json\/wp\/v2\/types\/mec-events"}],"author":[{"embeddable":true,"href":"https:\/\/visitaltotamegaebarroso.pt\/es\/wp-json\/wp\/v2\/users\/5"}],"replies":[{"embeddable":true,"href":"https:\/\/visitaltotamegaebarroso.pt\/es\/wp-json\/wp\/v2\/comments?post=35456"}],"wp:featuredmedia":[{"embeddable":true,"href":"https:\/\/visitaltotamegaebarroso.pt\/es\/wp-json\/wp\/v2\/media\/35452"}],"wp:attachment":[{"href":"https:\/\/visitaltotamegaebarroso.pt\/es\/wp-json\/wp\/v2\/media?parent=35456"}],"wp:term":[{"taxonomy":"post_tag","embeddable":true,"href":"https:\/\/visitaltotamegaebarroso.pt\/es\/wp-json\/wp\/v2\/tags?post=35456"},{"taxonomy":"mec_category","embeddable":true,"href":"https:\/\/visitaltotamegaebarroso.pt\/es\/wp-json\/wp\/v2\/mec_category?post=35456"}],"curies":[{"name":"wp","href":"https:\/\/api.w.org\/{rel}","templated":true}]}}

<p>Con el objetivo de dinamizar Chaves en estas fiestas, el ayuntamiento promueve el arte y la cultura local con dos conciertos filarmónicos de la Banda Musical da Torre de Ervededo, bajo la dirección artística del Maestro Ricardo Lopes.</p>
<p>Con momentos inolvidables al son de melodías navideñas y grandes clásicos, en un ambiente festivo y comunitario que promete calentar los corazones de los asistentes, subirán por primera vez al escenario el viernes 27 de diciembre, a las 21.30 horas, en el Auditorio del Centro Cultural.</p>
<p>En una oportunidad única para cerrar 2024 con mucha música y alegría, la Banda obsequiará a todos los flavenses con un concierto de Nochevieja en la Iglesia de la Sagrada Familia de Santa Cruz, el domingo 29 de diciembre a las 16h00.</p>

<p>Con el objetivo de dinamizar Chaves en estas fiestas, el ayuntamiento promueve el arte y la cultura local con dos conciertos filarmónicos de la Banda Musical da Torre de Ervededo, bajo la dirección artística del Maestro Ricardo Lopes. Con momentos [&hellip;]</p>
