{"id":35446,"date":"2024-12-26T14:31:53","date_gmt":"2024-12-26T14:31:53","guid":{"rendered":"https:\/\/visitaltotamegaebarroso.pt\/events\/valpacos-concierto-de-la-banda-municipal-de-valpacos\/"},"modified":"2024-12-26T14:31:53","modified_gmt":"2024-12-26T14:31:53","slug":"valpacos-concierto-de-la-banda-municipal-de-valpacos","status":"publish","type":"mec-events","link":"https:\/\/visitaltotamegaebarroso.pt\/es\/events\/valpacos-concierto-de-la-banda-municipal-de-valpacos\/","title":{"rendered":"Valpa\u00e7os | Concierto de la Banda Municipal de Valpa\u00e7os"},"content":{"rendered":"<p>La Banda Municipal de Valpa\u00e7os ha preparado un concierto de Navidad para dar la bienvenida al nuevo a\u00f1o con mucha m\u00fasica y alegr\u00eda.<\/p>\n","protected":false},"excerpt":{"rendered":"<p>La Banda Municipal de Valpa\u00e7os ha preparado un concierto de Navidad para dar la bienvenida al nuevo a\u00f1o con mucha m\u00fasica y alegr\u00eda.<\/p>\n","protected":false},"author":5,"featured_media":35442,"comment_status":"closed","ping_status":"closed","template":"","tags":[],"mec_category":[1445],"_links":{"self":[{"href":"https:\/\/visitaltotamegaebarroso.pt\/es\/wp-json\/wp\/v2\/mec-events\/35446"}],"collection":[{"href":"https:\/\/visitaltotamegaebarroso.pt\/es\/wp-json\/wp\/v2\/mec-events"}],"about":[{"href":"https:\/\/visitaltotamegaebarroso.pt\/es\/wp-json\/wp\/v2\/types\/mec-events"}],"author":[{"embeddable":true,"href":"https:\/\/visitaltotamegaebarroso.pt\/es\/wp-json\/wp\/v2\/users\/5"}],"replies":[{"embeddable":true,"href":"https:\/\/visitaltotamegaebarroso.pt\/es\/wp-json\/wp\/v2\/comments?post=35446"}],"wp:featuredmedia":[{"embeddable":true,"href":"https:\/\/visitaltotamegaebarroso.pt\/es\/wp-json\/wp\/v2\/media\/35442"}],"wp:attachment":[{"href":"https:\/\/visitaltotamegaebarroso.pt\/es\/wp-json\/wp\/v2\/media?parent=35446"}],"wp:term":[{"taxonomy":"post_tag","embeddable":true,"href":"https:\/\/visitaltotamegaebarroso.pt\/es\/wp-json\/wp\/v2\/tags?post=35446"},{"taxonomy":"mec_category","embeddable":true,"href":"https:\/\/visitaltotamegaebarroso.pt\/es\/wp-json\/wp\/v2\/mec_category?post=35446"}],"curies":[{"name":"wp","href":"https:\/\/api.w.org\/{rel}","templated":true}]}}

Valpaços | Concierto de la Banda Municipal de Valpaços

<p>La Banda Municipal de Valpaços ha preparado un concierto de Navidad para dar la bienvenida al nuevo año con mucha música y alegría.</p>
