{"id":35326,"date":"2024-12-18T10:20:59","date_gmt":"2024-12-18T10:20:59","guid":{"rendered":"https:\/\/visitaltotamegaebarroso.pt\/events\/chaves-taller-de-pinateria\/"},"modified":"2024-12-18T10:20:59","modified_gmt":"2024-12-18T10:20:59","slug":"chaves-taller-de-pinateria","status":"publish","type":"mec-events","link":"https:\/\/visitaltotamegaebarroso.pt\/es\/events\/chaves-taller-de-pinateria\/","title":{"rendered":"Chaves | Taller de pi\u00f1ater\u00eda"},"content":{"rendered":"<p>Con la Navidad a la vuelta de la esquina, \u00a1es hora de dar rienda suelta a la creatividad de toda la familia!<\/p>\n<p>Dentro del programa cultural \u00abChaves Natal\u00bb, la Sala Amarilla de la Asociaci\u00f3n INDIEROR organiza el taller \u00abF\u00e1brica de Pinos\u00bb el pr\u00f3ximo s\u00e1bado, 21 de diciembre, a las 10h.<\/p>\n<p>En esta actividad, los participantes construir\u00e1n sus propios pinos de Navidad, \u00a1decorados con mucha creatividad y arte! \u00a1Es la oportunidad id\u00f3nea para que trabajen sus habilidades manuales y creen recuerdos m\u00e1gicos en estas fechas tan especiales!<\/p>\n<p>Dirigida a un p\u00fablico de entre 6 y 10 a\u00f1os, esta iniciativa pretende fomentar el desarrollo de la creatividad de cada uno de los participantes y estimular sus expresiones.<\/p>\n<p>Los interesados pueden inscribirse, gratuitamente y con un l\u00edmite de 10 plazas, en https:\/\/www.indieror.pt\/pinheiro.<\/p>\n<p>Taller desarrollado en colaboraci\u00f3n con el Ayuntamiento de Chaves, en el marco del Protocolo de Colaboraci\u00f3n para el Desarrollo Cultural para este a\u00f1o.<\/p>\n","protected":false},"excerpt":{"rendered":"<p>Con la Navidad a la vuelta de la esquina, \u00a1es hora de dar rienda suelta a la creatividad de toda la familia! Dentro del programa cultural \u00abChaves Natal\u00bb, la Sala Amarilla de la Asociaci\u00f3n INDIEROR organiza el taller \u00abF\u00e1brica de [&hellip;]<\/p>\n","protected":false},"author":5,"featured_media":35322,"comment_status":"closed","ping_status":"closed","template":"","tags":[],"mec_category":[716],"_links":{"self":[{"href":"https:\/\/visitaltotamegaebarroso.pt\/es\/wp-json\/wp\/v2\/mec-events\/35326"}],"collection":[{"href":"https:\/\/visitaltotamegaebarroso.pt\/es\/wp-json\/wp\/v2\/mec-events"}],"about":[{"href":"https:\/\/visitaltotamegaebarroso.pt\/es\/wp-json\/wp\/v2\/types\/mec-events"}],"author":[{"embeddable":true,"href":"https:\/\/visitaltotamegaebarroso.pt\/es\/wp-json\/wp\/v2\/users\/5"}],"replies":[{"embeddable":true,"href":"https:\/\/visitaltotamegaebarroso.pt\/es\/wp-json\/wp\/v2\/comments?post=35326"}],"wp:featuredmedia":[{"embeddable":true,"href":"https:\/\/visitaltotamegaebarroso.pt\/es\/wp-json\/wp\/v2\/media\/35322"}],"wp:attachment":[{"href":"https:\/\/visitaltotamegaebarroso.pt\/es\/wp-json\/wp\/v2\/media?parent=35326"}],"wp:term":[{"taxonomy":"post_tag","embeddable":true,"href":"https:\/\/visitaltotamegaebarroso.pt\/es\/wp-json\/wp\/v2\/tags?post=35326"},{"taxonomy":"mec_category","embeddable":true,"href":"https:\/\/visitaltotamegaebarroso.pt\/es\/wp-json\/wp\/v2\/mec_category?post=35326"}],"curies":[{"name":"wp","href":"https:\/\/api.w.org\/{rel}","templated":true}]}}

Chaves | Taller de piñatería

<p>Con la Navidad a la vuelta de la esquina, ¡es hora de dar rienda suelta a la creatividad de toda la familia!</p>
<p>Dentro del programa cultural «Chaves Natal», la Sala Amarilla de la Asociación INDIEROR organiza el taller «Fábrica de Pinos» el próximo sábado, 21 de diciembre, a las 10h.</p>
<p>En esta actividad, los participantes construirán sus propios pinos de Navidad, ¡decorados con mucha creatividad y arte! ¡Es la oportunidad idónea para que trabajen sus habilidades manuales y creen recuerdos mágicos en estas fechas tan especiales!</p>
<p>Dirigida a un público de entre 6 y 10 años, esta iniciativa pretende fomentar el desarrollo de la creatividad de cada uno de los participantes y estimular sus expresiones.</p>
<p>Los interesados pueden inscribirse, gratuitamente y con un límite de 10 plazas, en https://www.indieror.pt/pinheiro.</p>
<p>Taller desarrollado en colaboración con el Ayuntamiento de Chaves, en el marco del Protocolo de Colaboración para el Desarrollo Cultural para este año.</p>

<p>Con la Navidad a la vuelta de la esquina, ¡es hora de dar rienda suelta a la creatividad de toda la familia! Dentro del programa cultural «Chaves Natal», la Sala Amarilla de la Asociación INDIEROR organiza el taller «Fábrica de [&hellip;]</p>
