{"id":35233,"date":"2024-12-11T09:44:32","date_gmt":"2024-12-11T09:44:32","guid":{"rendered":"https:\/\/visitaltotamegaebarroso.pt\/events\/chaves-presentacion-del-libro-chaves-e-dois-mil-anos-depois-chaves-y-dos-mil-anos-despues\/"},"modified":"2024-12-11T09:44:32","modified_gmt":"2024-12-11T09:44:32","slug":"chaves-presentacion-del-libro-chaves-e-dois-mil-anos-depois-chaves-y-dos-mil-anos-despues","status":"publish","type":"mec-events","link":"https:\/\/visitaltotamegaebarroso.pt\/es\/events\/chaves-presentacion-del-libro-chaves-e-dois-mil-anos-depois-chaves-y-dos-mil-anos-despues\/","title":{"rendered":"Chaves | Presentaci\u00f3n del libro \u00abChaves, e dois mil anos depois?\u00bb (Chaves, \u00bfy dos mil a\u00f1os despu\u00e9s?)"},"content":{"rendered":"<p>La entidad local presenta el libro infantil \u00abChaves, e dois mil anos depois?\u00bb (Chaves, \u00bfy dos mil a\u00f1os despu\u00e9s?), una edici\u00f3n did\u00e1ctica que pretende mostrar un poco sobre los antepasados locales. La sesi\u00f3n de presentaci\u00f3n tendr\u00e1 lugar en el Museo de las Termas Romanas de Chaves el viernes 13 a las 18.00 horas.<\/p>\n<p>Escrito por M\u00e1rcia Santos e ilustrado por T\u00f3 Ribeiro, este libro infantil cuenta la historia de Alice y su abuelo, descubriendo a nuestros antepasados a trav\u00e9s de hallazgos arqueol\u00f3gicos, de \u00abquienes heredamos el gui\u00f3n de nuestra historia\u00bb y que \u00abperpet\u00faan nuestra identidad cultural\u00bb.<\/p>\n<p>Aludiendo al tema \u00abChaves &#8211; 2000 a\u00f1os de historia para contar\u00bb, este libro pretende reforzar y divulgar el concepto y la nueva imagen gr\u00e1fica del municipio, al tiempo que fomenta el gusto por la lectura y favorece el conocimiento de la historia del municipio entre los alumnos de preescolar y primaria.<\/p>\n<p>Escritora en sus \u00abratos libres\u00bb, M\u00e1rcia Santos acept\u00f3 de buen grado el reto de crear \u00e9ste, su segundo cuento infantil. En esta obra, la autora realiza un creativo viaje al pasado para dar a conocer el patrimonio cultural local. \u00ab\u00a1Flavianos de todos los tiempos! No sab\u00edan, ni pod\u00edan saber, que ser\u00edan conocidos y reconocidos para siempre como los constructores del arte, la cultura, la ciencia, la arquitectura y la ingenier\u00eda, de la ciudad de Chaves, \u00a1nuestra ciudad!\u00bb, reza el cuento. Su primer libro infantil se public\u00f3 hace dos a\u00f1os con el t\u00edtulo \u00ab\u00a1Tengo un amigo debajo de la cama!\u00bb.<\/p>\n<p>Para el ilustrador, T\u00f3 Ribeiro, fue un \u00abgran honor ilustrar un libro que muestra a nuestros ni\u00f1os (\u00a1y a otros!) piezas tan importantes de nuestra rica historia y c\u00f3mo dieron lugar a la nueva imagen gr\u00e1fica de Chaves. Fue muy divertido y desafiante crear el dibujo del abuelo Jo\u00e3o y Alice, basado en una narraci\u00f3n tan rica\u00bb.<\/p>\n","protected":false},"excerpt":{"rendered":"<p>La entidad local presenta el libro infantil \u00abChaves, e dois mil anos depois?\u00bb (Chaves, \u00bfy dos mil a\u00f1os despu\u00e9s?), una edici\u00f3n did\u00e1ctica que pretende mostrar un poco sobre los antepasados locales. La sesi\u00f3n de presentaci\u00f3n tendr\u00e1 lugar en el Museo [&hellip;]<\/p>\n","protected":false},"author":5,"featured_media":35229,"comment_status":"closed","ping_status":"closed","template":"","tags":[],"mec_category":[1523],"_links":{"self":[{"href":"https:\/\/visitaltotamegaebarroso.pt\/es\/wp-json\/wp\/v2\/mec-events\/35233"}],"collection":[{"href":"https:\/\/visitaltotamegaebarroso.pt\/es\/wp-json\/wp\/v2\/mec-events"}],"about":[{"href":"https:\/\/visitaltotamegaebarroso.pt\/es\/wp-json\/wp\/v2\/types\/mec-events"}],"author":[{"embeddable":true,"href":"https:\/\/visitaltotamegaebarroso.pt\/es\/wp-json\/wp\/v2\/users\/5"}],"replies":[{"embeddable":true,"href":"https:\/\/visitaltotamegaebarroso.pt\/es\/wp-json\/wp\/v2\/comments?post=35233"}],"wp:featuredmedia":[{"embeddable":true,"href":"https:\/\/visitaltotamegaebarroso.pt\/es\/wp-json\/wp\/v2\/media\/35229"}],"wp:attachment":[{"href":"https:\/\/visitaltotamegaebarroso.pt\/es\/wp-json\/wp\/v2\/media?parent=35233"}],"wp:term":[{"taxonomy":"post_tag","embeddable":true,"href":"https:\/\/visitaltotamegaebarroso.pt\/es\/wp-json\/wp\/v2\/tags?post=35233"},{"taxonomy":"mec_category","embeddable":true,"href":"https:\/\/visitaltotamegaebarroso.pt\/es\/wp-json\/wp\/v2\/mec_category?post=35233"}],"curies":[{"name":"wp","href":"https:\/\/api.w.org\/{rel}","templated":true}]}}

Chaves | Presentación del libro «Chaves, e dois mil anos depois?» (Chaves, ¿y dos mil años después?)

<p>La entidad local presenta el libro infantil «Chaves, e dois mil anos depois?» (Chaves, ¿y dos mil años después?), una edición didáctica que pretende mostrar un poco sobre los antepasados locales. La sesión de presentación tendrá lugar en el Museo de las Termas Romanas de Chaves el viernes 13 a las 18.00 horas.</p>
<p>Escrito por Márcia Santos e ilustrado por Tó Ribeiro, este libro infantil cuenta la historia de Alice y su abuelo, descubriendo a nuestros antepasados a través de hallazgos arqueológicos, de «quienes heredamos el guión de nuestra historia» y que «perpetúan nuestra identidad cultural».</p>
<p>Aludiendo al tema «Chaves &#8211; 2000 años de historia para contar», este libro pretende reforzar y divulgar el concepto y la nueva imagen gráfica del municipio, al tiempo que fomenta el gusto por la lectura y favorece el conocimiento de la historia del municipio entre los alumnos de preescolar y primaria.</p>
<p>Escritora en sus «ratos libres», Márcia Santos aceptó de buen grado el reto de crear éste, su segundo cuento infantil. En esta obra, la autora realiza un creativo viaje al pasado para dar a conocer el patrimonio cultural local. «¡Flavianos de todos los tiempos! No sabían, ni podían saber, que serían conocidos y reconocidos para siempre como los constructores del arte, la cultura, la ciencia, la arquitectura y la ingeniería, de la ciudad de Chaves, ¡nuestra ciudad!», reza el cuento. Su primer libro infantil se publicó hace dos años con el título «¡Tengo un amigo debajo de la cama!».</p>
<p>Para el ilustrador, Tó Ribeiro, fue un «gran honor ilustrar un libro que muestra a nuestros niños (¡y a otros!) piezas tan importantes de nuestra rica historia y cómo dieron lugar a la nueva imagen gráfica de Chaves. Fue muy divertido y desafiante crear el dibujo del abuelo João y Alice, basado en una narración tan rica».</p>

<p>La entidad local presenta el libro infantil «Chaves, e dois mil anos depois?» (Chaves, ¿y dos mil años después?), una edición didáctica que pretende mostrar un poco sobre los antepasados locales. La sesión de presentación tendrá lugar en el Museo [&hellip;]</p>
