{"id":35134,"date":"2024-12-07T14:36:25","date_gmt":"2024-12-07T14:36:25","guid":{"rendered":"https:\/\/visitaltotamegaebarroso.pt\/events\/chaves-encuentro-coral-magnificat-cantando-a-la-reina-de-portugal\/"},"modified":"2024-12-07T14:36:25","modified_gmt":"2024-12-07T14:36:25","slug":"chaves-encuentro-coral-magnificat-cantando-a-la-reina-de-portugal","status":"publish","type":"mec-events","link":"https:\/\/visitaltotamegaebarroso.pt\/es\/events\/chaves-encuentro-coral-magnificat-cantando-a-la-reina-de-portugal\/","title":{"rendered":"Chaves | Encuentro Coral \u00abMagnificat &#8211; Cantando a la Reina de Portugal"},"content":{"rendered":"<p>El domingo 8 de diciembre, a las 17h, la Iglesia Matriz de Chaves acoger\u00e1 el Encuentro Coral \u00abMagnificat &#8211; Cantando a la Reina de Portugal\u00bb.<\/p>\n<p>Para celebrar la amistad y el amor por el arte vocal, este concierto re\u00fane a cuatro grupos corales con ra\u00edces diferentes, pero todos con el objetivo de ensalzar el arte de la polifon\u00eda vocal y promover la diversidad y versatilidad de la m\u00fasica cl\u00e1sica.<\/p>\n<p>Un concierto imperdible con la participaci\u00f3n del Coro Infantil y Juvenil del Grupo Escolar J\u00falio Martins, el Coro Vicentino, el Coro Vila das Aves y el Coro de Chaves.<\/p>\n<p>Organizado por la Coral de Chaves, con el apoyo del Ayuntamiento de Chaves y de la Parroquia de Santa Maria Maior de Chaves.<\/p>\n","protected":false},"excerpt":{"rendered":"<p>El domingo 8 de diciembre, a las 17h, la Iglesia Matriz de Chaves acoger\u00e1 el Encuentro Coral \u00abMagnificat &#8211; Cantando a la Reina de Portugal\u00bb. Para celebrar la amistad y el amor por el arte vocal, este concierto re\u00fane a [&hellip;]<\/p>\n","protected":false},"author":5,"featured_media":35130,"comment_status":"closed","ping_status":"closed","template":"","tags":[],"mec_category":[716],"_links":{"self":[{"href":"https:\/\/visitaltotamegaebarroso.pt\/es\/wp-json\/wp\/v2\/mec-events\/35134"}],"collection":[{"href":"https:\/\/visitaltotamegaebarroso.pt\/es\/wp-json\/wp\/v2\/mec-events"}],"about":[{"href":"https:\/\/visitaltotamegaebarroso.pt\/es\/wp-json\/wp\/v2\/types\/mec-events"}],"author":[{"embeddable":true,"href":"https:\/\/visitaltotamegaebarroso.pt\/es\/wp-json\/wp\/v2\/users\/5"}],"replies":[{"embeddable":true,"href":"https:\/\/visitaltotamegaebarroso.pt\/es\/wp-json\/wp\/v2\/comments?post=35134"}],"wp:featuredmedia":[{"embeddable":true,"href":"https:\/\/visitaltotamegaebarroso.pt\/es\/wp-json\/wp\/v2\/media\/35130"}],"wp:attachment":[{"href":"https:\/\/visitaltotamegaebarroso.pt\/es\/wp-json\/wp\/v2\/media?parent=35134"}],"wp:term":[{"taxonomy":"post_tag","embeddable":true,"href":"https:\/\/visitaltotamegaebarroso.pt\/es\/wp-json\/wp\/v2\/tags?post=35134"},{"taxonomy":"mec_category","embeddable":true,"href":"https:\/\/visitaltotamegaebarroso.pt\/es\/wp-json\/wp\/v2\/mec_category?post=35134"}],"curies":[{"name":"wp","href":"https:\/\/api.w.org\/{rel}","templated":true}]}}

<p>El domingo 8 de diciembre, a las 17h, la Iglesia Matriz de Chaves acogerá el Encuentro Coral «Magnificat &#8211; Cantando a la Reina de Portugal».</p>
<p>Para celebrar la amistad y el amor por el arte vocal, este concierto reúne a cuatro grupos corales con raíces diferentes, pero todos con el objetivo de ensalzar el arte de la polifonía vocal y promover la diversidad y versatilidad de la música clásica.</p>
<p>Un concierto imperdible con la participación del Coro Infantil y Juvenil del Grupo Escolar Júlio Martins, el Coro Vicentino, el Coro Vila das Aves y el Coro de Chaves.</p>
<p>Organizado por la Coral de Chaves, con el apoyo del Ayuntamiento de Chaves y de la Parroquia de Santa Maria Maior de Chaves.</p>

<p>El domingo 8 de diciembre, a las 17h, la Iglesia Matriz de Chaves acogerá el Encuentro Coral «Magnificat &#8211; Cantando a la Reina de Portugal». Para celebrar la amistad y el amor por el arte vocal, este concierto reúne a [&hellip;]</p>
