{"id":35114,"date":"2024-12-06T13:55:21","date_gmt":"2024-12-06T13:55:21","guid":{"rendered":"https:\/\/visitaltotamegaebarroso.pt\/events\/montalegre-trabalhos-do-campo-trabajos-del-campo\/"},"modified":"2024-12-06T13:55:21","modified_gmt":"2024-12-06T13:55:21","slug":"montalegre-trabalhos-do-campo-trabajos-del-campo","status":"publish","type":"mec-events","link":"https:\/\/visitaltotamegaebarroso.pt\/es\/events\/montalegre-trabalhos-do-campo-trabajos-del-campo\/","title":{"rendered":"Montalegre | \u00abTrabalhos do Campo\u00bb (Trabajos del Campo)"},"content":{"rendered":"<p>La exposici\u00f3n \u00abTrabalhos do Campo\u00bb de Mercedes V\u00e1squez Saavedra se inaugura este s\u00e1bado a las 15:00 horas en la sede del Ecomuseu de Barroso en Montalegre.<br \/>\nLas obras podr\u00e1n verse hasta el 2 de febrero.<\/p>\n","protected":false},"excerpt":{"rendered":"<p>La exposici\u00f3n \u00abTrabalhos do Campo\u00bb de Mercedes V\u00e1squez Saavedra se inaugura este s\u00e1bado a las 15:00 horas en la sede del Ecomuseu de Barroso en Montalegre. Las obras podr\u00e1n verse hasta el 2 de febrero.<\/p>\n","protected":false},"author":5,"featured_media":35110,"comment_status":"closed","ping_status":"closed","template":"","tags":[],"mec_category":[716],"_links":{"self":[{"href":"https:\/\/visitaltotamegaebarroso.pt\/es\/wp-json\/wp\/v2\/mec-events\/35114"}],"collection":[{"href":"https:\/\/visitaltotamegaebarroso.pt\/es\/wp-json\/wp\/v2\/mec-events"}],"about":[{"href":"https:\/\/visitaltotamegaebarroso.pt\/es\/wp-json\/wp\/v2\/types\/mec-events"}],"author":[{"embeddable":true,"href":"https:\/\/visitaltotamegaebarroso.pt\/es\/wp-json\/wp\/v2\/users\/5"}],"replies":[{"embeddable":true,"href":"https:\/\/visitaltotamegaebarroso.pt\/es\/wp-json\/wp\/v2\/comments?post=35114"}],"wp:featuredmedia":[{"embeddable":true,"href":"https:\/\/visitaltotamegaebarroso.pt\/es\/wp-json\/wp\/v2\/media\/35110"}],"wp:attachment":[{"href":"https:\/\/visitaltotamegaebarroso.pt\/es\/wp-json\/wp\/v2\/media?parent=35114"}],"wp:term":[{"taxonomy":"post_tag","embeddable":true,"href":"https:\/\/visitaltotamegaebarroso.pt\/es\/wp-json\/wp\/v2\/tags?post=35114"},{"taxonomy":"mec_category","embeddable":true,"href":"https:\/\/visitaltotamegaebarroso.pt\/es\/wp-json\/wp\/v2\/mec_category?post=35114"}],"curies":[{"name":"wp","href":"https:\/\/api.w.org\/{rel}","templated":true}]}}

<p>La exposición «Trabalhos do Campo» de Mercedes Vásquez Saavedra se inaugura este sábado a las 15:00 horas en la sede del Ecomuseu de Barroso en Montalegre.<br />
Las obras podrán verse hasta el 2 de febrero.</p>

<p>La exposición «Trabalhos do Campo» de Mercedes Vásquez Saavedra se inaugura este sábado a las 15:00 horas en la sede del Ecomuseu de Barroso en Montalegre. Las obras podrán verse hasta el 2 de febrero.</p>
