{"id":34788,"date":"2024-11-27T10:42:39","date_gmt":"2024-11-27T10:42:39","guid":{"rendered":"https:\/\/visitaltotamegaebarroso.pt\/?post_type=mec-events&#038;p=34788"},"modified":"2024-11-27T10:47:59","modified_gmt":"2024-11-27T10:47:59","slug":"chaves-jornadas-de-juventud-y-encuentro-en-chaves-feria-transfronteriza-de-empleo-juvenil-en-la-eurorregion-galicia-norte-de-portugal","status":"publish","type":"mec-events","link":"https:\/\/visitaltotamegaebarroso.pt\/es\/events\/chaves-jornadas-de-juventud-y-encuentro-en-chaves-feria-transfronteriza-de-empleo-juvenil-en-la-eurorregion-galicia-norte-de-portugal\/","title":{"rendered":"Chaves | Jornadas de Juventud y Encuentro en Chaves Feria Transfronteriza de Empleo Juvenil en la Eurorregi\u00f3n Galicia-Norte de Portugal"},"content":{"rendered":"<div><\/div>\n<div>El principal objetivo de este evento es dar a conocer las principales oportunidades y retos a los que se enfrentan los j\u00f3venes. Los participantes tendr\u00e1n acceso a temas como el empleo juvenil en la Eurorregi\u00f3n, la cooperaci\u00f3n transfronteriza y masterclass sobre emprendimiento e innovaci\u00f3n.<\/div>\n<div>Org: Esta actividad se desarrolla en el marco del proyecto Eurocidade 2030, coordinado por Eurocidade Chaves- Ver\u00edn, AECT, con la colaboraci\u00f3n del resto de socios: FNAJ &#8211; Federaci\u00f3n Nacional de Asociaciones Juveniles, IPDJ &#8211; Instituto Portugu\u00e9s para el Deporte y la Juventud, la Direcci\u00f3n General de Juventud de la Xunta de Galicia y la Fundaci\u00f3n Galicia Europa.<\/div>\n","protected":false},"excerpt":{"rendered":"<p>El principal objetivo de este evento es dar a conocer las principales oportunidades y retos a los que se enfrentan los j\u00f3venes. Los participantes tendr\u00e1n acceso a temas como el empleo juvenil en la Eurorregi\u00f3n, la cooperaci\u00f3n transfronteriza y masterclass [&hellip;]<\/p>\n","protected":false},"author":5,"featured_media":34784,"comment_status":"closed","ping_status":"closed","template":"","tags":[],"mec_category":[716],"_links":{"self":[{"href":"https:\/\/visitaltotamegaebarroso.pt\/es\/wp-json\/wp\/v2\/mec-events\/34788"}],"collection":[{"href":"https:\/\/visitaltotamegaebarroso.pt\/es\/wp-json\/wp\/v2\/mec-events"}],"about":[{"href":"https:\/\/visitaltotamegaebarroso.pt\/es\/wp-json\/wp\/v2\/types\/mec-events"}],"author":[{"embeddable":true,"href":"https:\/\/visitaltotamegaebarroso.pt\/es\/wp-json\/wp\/v2\/users\/5"}],"replies":[{"embeddable":true,"href":"https:\/\/visitaltotamegaebarroso.pt\/es\/wp-json\/wp\/v2\/comments?post=34788"}],"wp:featuredmedia":[{"embeddable":true,"href":"https:\/\/visitaltotamegaebarroso.pt\/es\/wp-json\/wp\/v2\/media\/34784"}],"wp:attachment":[{"href":"https:\/\/visitaltotamegaebarroso.pt\/es\/wp-json\/wp\/v2\/media?parent=34788"}],"wp:term":[{"taxonomy":"post_tag","embeddable":true,"href":"https:\/\/visitaltotamegaebarroso.pt\/es\/wp-json\/wp\/v2\/tags?post=34788"},{"taxonomy":"mec_category","embeddable":true,"href":"https:\/\/visitaltotamegaebarroso.pt\/es\/wp-json\/wp\/v2\/mec_category?post=34788"}],"curies":[{"name":"wp","href":"https:\/\/api.w.org\/{rel}","templated":true}]}}

Chaves | Jornadas de Juventud y Encuentro en Chaves Feria Transfronteriza de Empleo Juvenil en la Eurorregión Galicia-Norte de Portugal

<div></div>
<div>El principal objetivo de este evento es dar a conocer las principales oportunidades y retos a los que se enfrentan los jóvenes. Los participantes tendrán acceso a temas como el empleo juvenil en la Eurorregión, la cooperación transfronteriza y masterclass sobre emprendimiento e innovación.</div>
<div>Org: Esta actividad se desarrolla en el marco del proyecto Eurocidade 2030, coordinado por Eurocidade Chaves- Verín, AECT, con la colaboración del resto de socios: FNAJ &#8211; Federación Nacional de Asociaciones Juveniles, IPDJ &#8211; Instituto Portugués para el Deporte y la Juventud, la Dirección General de Juventud de la Xunta de Galicia y la Fundación Galicia Europa.</div>

<p>El principal objetivo de este evento es dar a conocer las principales oportunidades y retos a los que se enfrentan los jóvenes. Los participantes tendrán acceso a temas como el empleo juvenil en la Eurorregión, la cooperación transfronteriza y masterclass [&hellip;]</p>
