{"id":34608,"date":"2024-11-21T12:26:53","date_gmt":"2024-11-21T12:26:53","guid":{"rendered":"https:\/\/visitaltotamegaebarroso.pt\/?post_type=mec-events&#038;p=34608"},"modified":"2024-11-21T12:54:03","modified_gmt":"2024-11-21T12:54:03","slug":"valpacos-vive-y-deja-vivir","status":"publish","type":"mec-events","link":"https:\/\/visitaltotamegaebarroso.pt\/es\/events\/valpacos-vive-y-deja-vivir\/","title":{"rendered":"Valpa\u00e7os | Vive y deja vivir"},"content":{"rendered":"<p>El mundo no basta para cubrir todas las desgracias que afligen a Lucas, hu\u00e9rfano, solitario y pendenciero. Para \u00e9l, las cosas nunca son tan malas que no puedan empeorar: pierde su trabajo y est\u00e1 a punto de ser desahuciado de su casa. Cuando todo parece perdido, recibe una llamada de un amigo de la infancia pidi\u00e9ndole ayuda. Tiene que entretener a dos influencers durante un fin de semana en una lujosa mansi\u00f3n.<br \/>\nEste es el comienzo de la aventura de Lucas y de una comedia que no querr\u00e1 perderse el pr\u00f3ximo viernes, 22 de noviembre, a las 21:00 horas, en el Auditorio de Arte y Cultura Lu\u00eds Teixeira.<\/p>\n","protected":false},"excerpt":{"rendered":"<p>El mundo no basta para cubrir todas las desgracias que afligen a Lucas, hu\u00e9rfano, solitario y pendenciero. Para \u00e9l, las cosas nunca son tan malas que no puedan empeorar: pierde su trabajo y est\u00e1 a punto de ser desahuciado de [&hellip;]<\/p>\n","protected":false},"author":5,"featured_media":34604,"comment_status":"closed","ping_status":"closed","template":"","tags":[],"mec_category":[1316],"_links":{"self":[{"href":"https:\/\/visitaltotamegaebarroso.pt\/es\/wp-json\/wp\/v2\/mec-events\/34608"}],"collection":[{"href":"https:\/\/visitaltotamegaebarroso.pt\/es\/wp-json\/wp\/v2\/mec-events"}],"about":[{"href":"https:\/\/visitaltotamegaebarroso.pt\/es\/wp-json\/wp\/v2\/types\/mec-events"}],"author":[{"embeddable":true,"href":"https:\/\/visitaltotamegaebarroso.pt\/es\/wp-json\/wp\/v2\/users\/5"}],"replies":[{"embeddable":true,"href":"https:\/\/visitaltotamegaebarroso.pt\/es\/wp-json\/wp\/v2\/comments?post=34608"}],"wp:featuredmedia":[{"embeddable":true,"href":"https:\/\/visitaltotamegaebarroso.pt\/es\/wp-json\/wp\/v2\/media\/34604"}],"wp:attachment":[{"href":"https:\/\/visitaltotamegaebarroso.pt\/es\/wp-json\/wp\/v2\/media?parent=34608"}],"wp:term":[{"taxonomy":"post_tag","embeddable":true,"href":"https:\/\/visitaltotamegaebarroso.pt\/es\/wp-json\/wp\/v2\/tags?post=34608"},{"taxonomy":"mec_category","embeddable":true,"href":"https:\/\/visitaltotamegaebarroso.pt\/es\/wp-json\/wp\/v2\/mec_category?post=34608"}],"curies":[{"name":"wp","href":"https:\/\/api.w.org\/{rel}","templated":true}]}}

Valpaços | Vive y deja vivir

<p>El mundo no basta para cubrir todas las desgracias que afligen a Lucas, huérfano, solitario y pendenciero. Para él, las cosas nunca son tan malas que no puedan empeorar: pierde su trabajo y está a punto de ser desahuciado de su casa. Cuando todo parece perdido, recibe una llamada de un amigo de la infancia pidiéndole ayuda. Tiene que entretener a dos influencers durante un fin de semana en una lujosa mansión.<br />
Este es el comienzo de la aventura de Lucas y de una comedia que no querrá perderse el próximo viernes, 22 de noviembre, a las 21:00 horas, en el Auditorio de Arte y Cultura Luís Teixeira.</p>

<p>El mundo no basta para cubrir todas las desgracias que afligen a Lucas, huérfano, solitario y pendenciero. Para él, las cosas nunca son tan malas que no puedan empeorar: pierde su trabajo y está a punto de ser desahuciado de [&hellip;]</p>
