{"id":34400,"date":"2024-11-13T16:41:16","date_gmt":"2024-11-13T16:41:16","guid":{"rendered":"https:\/\/visitaltotamegaebarroso.pt\/?post_type=mec-events&#038;p=34400"},"modified":"2024-11-15T12:38:01","modified_gmt":"2024-11-15T12:38:01","slug":"ciclo-das-peeiras","status":"publish","type":"mec-events","link":"https:\/\/visitaltotamegaebarroso.pt\/es\/events\/ciclo-das-peeiras\/","title":{"rendered":"Chaves | Ciclo das Pieiras"},"content":{"rendered":"<p>El \u00abCiclo das Peeiras\u00bb se al\u00eda con la filial de Chaves de la Cruz Roja Portuguesa para una conversaci\u00f3n franca y necesaria sobre la violencia de g\u00e9nero.<\/p>\n<p>\u00abLa verg\u00fcenza tiene que estar del otro lado\u00bb es una actividad enmarcada en el D\u00eda Internacional de la Eliminaci\u00f3n de la Violencia contra la Mujer, y est\u00e1 abierta a cualquier persona que quiera abrir un espacio seguro para que reflexionemos juntos. Escucharemos historias, aprenderemos de expertos y compartiremos ideas sobre c\u00f3mo construir una sociedad m\u00e1s emp\u00e1tica y consciente.<\/p>\n<p>La actividad tiene lugar el <strong>viernes<\/strong> <strong>22 de noviembre<\/strong> a <strong>las 21.00 horas<\/strong> en la <strong>Sala Amarilla &#8211; INDIEROR.<\/strong> La entrada es gratuita.<\/p>\n","protected":false},"excerpt":{"rendered":"<p>El \u00abCiclo das Peeiras\u00bb se al\u00eda con la filial de Chaves de la Cruz Roja Portuguesa para una conversaci\u00f3n franca y necesaria sobre la violencia de g\u00e9nero. \u00abLa verg\u00fcenza tiene que estar del otro lado\u00bb es una actividad enmarcada en [&hellip;]<\/p>\n","protected":false},"author":5,"featured_media":34396,"comment_status":"closed","ping_status":"closed","template":"","tags":[],"mec_category":[716],"_links":{"self":[{"href":"https:\/\/visitaltotamegaebarroso.pt\/es\/wp-json\/wp\/v2\/mec-events\/34400"}],"collection":[{"href":"https:\/\/visitaltotamegaebarroso.pt\/es\/wp-json\/wp\/v2\/mec-events"}],"about":[{"href":"https:\/\/visitaltotamegaebarroso.pt\/es\/wp-json\/wp\/v2\/types\/mec-events"}],"author":[{"embeddable":true,"href":"https:\/\/visitaltotamegaebarroso.pt\/es\/wp-json\/wp\/v2\/users\/5"}],"replies":[{"embeddable":true,"href":"https:\/\/visitaltotamegaebarroso.pt\/es\/wp-json\/wp\/v2\/comments?post=34400"}],"wp:featuredmedia":[{"embeddable":true,"href":"https:\/\/visitaltotamegaebarroso.pt\/es\/wp-json\/wp\/v2\/media\/34396"}],"wp:attachment":[{"href":"https:\/\/visitaltotamegaebarroso.pt\/es\/wp-json\/wp\/v2\/media?parent=34400"}],"wp:term":[{"taxonomy":"post_tag","embeddable":true,"href":"https:\/\/visitaltotamegaebarroso.pt\/es\/wp-json\/wp\/v2\/tags?post=34400"},{"taxonomy":"mec_category","embeddable":true,"href":"https:\/\/visitaltotamegaebarroso.pt\/es\/wp-json\/wp\/v2\/mec_category?post=34400"}],"curies":[{"name":"wp","href":"https:\/\/api.w.org\/{rel}","templated":true}]}}

<p>El «Ciclo das Peeiras» se alía con la filial de Chaves de la Cruz Roja Portuguesa para una conversación franca y necesaria sobre la violencia de género.</p>
<p>«La vergüenza tiene que estar del otro lado» es una actividad enmarcada en el Día Internacional de la Eliminación de la Violencia contra la Mujer, y está abierta a cualquier persona que quiera abrir un espacio seguro para que reflexionemos juntos. Escucharemos historias, aprenderemos de expertos y compartiremos ideas sobre cómo construir una sociedad más empática y consciente.</p>
<p>La actividad tiene lugar el <strong>viernes</strong> <strong>22 de noviembre</strong> a <strong>las 21.00 horas</strong> en la <strong>Sala Amarilla &#8211; INDIEROR.</strong> La entrada es gratuita.</p>

<p>El «Ciclo das Peeiras» se alía con la filial de Chaves de la Cruz Roja Portuguesa para una conversación franca y necesaria sobre la violencia de género. «La vergüenza tiene que estar del otro lado» es una actividad enmarcada en [&hellip;]</p>
