{"id":34390,"date":"2024-11-13T15:22:49","date_gmt":"2024-11-13T15:22:49","guid":{"rendered":"https:\/\/visitaltotamegaebarroso.pt\/?post_type=mec-events&#038;p=34390"},"modified":"2024-11-15T12:31:31","modified_gmt":"2024-11-15T12:31:31","slug":"x-fiesta-de-la-castana","status":"publish","type":"mec-events","link":"https:\/\/visitaltotamegaebarroso.pt\/es\/events\/x-fiesta-de-la-castana\/","title":{"rendered":"Ribeira de Pena | X Fiesta de la Casta\u00f1a"},"content":{"rendered":"<p>El 17 de noviembre, a las 15.00 horas, el Mercado de la Cerva se llenar\u00e1 de sabor y tradici\u00f3n. Venga a saborear las famosas casta\u00f1as asadas y el cerdo al asador, mientras disfruta de la animaci\u00f3n de los grupos de canto locales.<br \/>\nOrganizado por la Junta Parroquial de Cerva y Lim\u00f5es y con el apoyo del Ayuntamiento de Ribeira de Pena, este evento promete alegrarle el d\u00eda con mucha m\u00fasica, buena comida y el calor de nuestra cultura. \u00a1No se lo pierda!<\/p>\n","protected":false},"excerpt":{"rendered":"<p>El 17 de noviembre, a las 15.00 horas, el Mercado de la Cerva se llenar\u00e1 de sabor y tradici\u00f3n. Venga a saborear las famosas casta\u00f1as asadas y el cerdo al asador, mientras disfruta de la animaci\u00f3n de los grupos de [&hellip;]<\/p>\n","protected":false},"author":5,"featured_media":34386,"comment_status":"closed","ping_status":"closed","template":"","tags":[],"mec_category":[716],"_links":{"self":[{"href":"https:\/\/visitaltotamegaebarroso.pt\/es\/wp-json\/wp\/v2\/mec-events\/34390"}],"collection":[{"href":"https:\/\/visitaltotamegaebarroso.pt\/es\/wp-json\/wp\/v2\/mec-events"}],"about":[{"href":"https:\/\/visitaltotamegaebarroso.pt\/es\/wp-json\/wp\/v2\/types\/mec-events"}],"author":[{"embeddable":true,"href":"https:\/\/visitaltotamegaebarroso.pt\/es\/wp-json\/wp\/v2\/users\/5"}],"replies":[{"embeddable":true,"href":"https:\/\/visitaltotamegaebarroso.pt\/es\/wp-json\/wp\/v2\/comments?post=34390"}],"wp:featuredmedia":[{"embeddable":true,"href":"https:\/\/visitaltotamegaebarroso.pt\/es\/wp-json\/wp\/v2\/media\/34386"}],"wp:attachment":[{"href":"https:\/\/visitaltotamegaebarroso.pt\/es\/wp-json\/wp\/v2\/media?parent=34390"}],"wp:term":[{"taxonomy":"post_tag","embeddable":true,"href":"https:\/\/visitaltotamegaebarroso.pt\/es\/wp-json\/wp\/v2\/tags?post=34390"},{"taxonomy":"mec_category","embeddable":true,"href":"https:\/\/visitaltotamegaebarroso.pt\/es\/wp-json\/wp\/v2\/mec_category?post=34390"}],"curies":[{"name":"wp","href":"https:\/\/api.w.org\/{rel}","templated":true}]}}

Ribeira de Pena | X Fiesta de la Castaña

<p>El 17 de noviembre, a las 15.00 horas, el Mercado de la Cerva se llenará de sabor y tradición. Venga a saborear las famosas castañas asadas y el cerdo al asador, mientras disfruta de la animación de los grupos de canto locales.<br />
Organizado por la Junta Parroquial de Cerva y Limões y con el apoyo del Ayuntamiento de Ribeira de Pena, este evento promete alegrarle el día con mucha música, buena comida y el calor de nuestra cultura. ¡No se lo pierda!</p>

<p>El 17 de noviembre, a las 15.00 horas, el Mercado de la Cerva se llenará de sabor y tradición. Venga a saborear las famosas castañas asadas y el cerdo al asador, mientras disfruta de la animación de los grupos de [&hellip;]</p>
