{"id":34277,"date":"2024-11-08T12:13:22","date_gmt":"2024-11-08T12:13:22","guid":{"rendered":"https:\/\/visitaltotamegaebarroso.pt\/?post_type=mec-events&#038;p=34277"},"modified":"2024-11-08T12:18:39","modified_gmt":"2024-11-08T12:18:39","slug":"chaves-cineclube-de-chaves-festival-de-cortometrajes-jovenes","status":"publish","type":"mec-events","link":"https:\/\/visitaltotamegaebarroso.pt\/es\/events\/chaves-cineclube-de-chaves-festival-de-cortometrajes-jovenes\/","title":{"rendered":"Chaves | Cineclube De Chaves &#8211; Festival de Cortometrajes J\u00f3venes"},"content":{"rendered":"<p>El Teatro Experimental Flaviense &#8211; Cineclube de Chaves se ha asociado con la Escuela Secundaria Dr. J\u00falio Martins para un proyecto que dur\u00f3 el primer semestre del a\u00f1o, reuniendo a las clases de 9\u00ba curso para realizar cortometrajes en un contexto escolar en la asignatura de Educaci\u00f3n Visual, donde el foco es la promoci\u00f3n de nuestro pueblo, experiencias y cultura.<br \/>\nLos mejores cortometrajes se presentar\u00e1n en esta sesi\u00f3n especial de la Muestra de Cortometrajes J\u00f3venes, donde el enfoque es ver nuestra regi\u00f3n a trav\u00e9s de los ojos de los nuevos artistas de Flavi.<br \/>\nEntrada: No socios 3,50 euros, socios gratis (con la cuota al d\u00eda).<br \/>\nOrg: Teatro Experimental Flaviense &#8211; Cineclube de Chaves<br \/>\nApoyo: Grupo Escolar Dr. J\u00falio Martins y Ayuntamiento de Chaves<\/p>\n","protected":false},"excerpt":{"rendered":"<p>El Teatro Experimental Flaviense &#8211; Cineclube de Chaves se ha asociado con la Escuela Secundaria Dr. J\u00falio Martins para un proyecto que dur\u00f3 el primer semestre del a\u00f1o, reuniendo a las clases de 9\u00ba curso para realizar cortometrajes en un [&hellip;]<\/p>\n","protected":false},"author":5,"featured_media":34273,"comment_status":"closed","ping_status":"closed","template":"","tags":[],"mec_category":[716],"_links":{"self":[{"href":"https:\/\/visitaltotamegaebarroso.pt\/es\/wp-json\/wp\/v2\/mec-events\/34277"}],"collection":[{"href":"https:\/\/visitaltotamegaebarroso.pt\/es\/wp-json\/wp\/v2\/mec-events"}],"about":[{"href":"https:\/\/visitaltotamegaebarroso.pt\/es\/wp-json\/wp\/v2\/types\/mec-events"}],"author":[{"embeddable":true,"href":"https:\/\/visitaltotamegaebarroso.pt\/es\/wp-json\/wp\/v2\/users\/5"}],"replies":[{"embeddable":true,"href":"https:\/\/visitaltotamegaebarroso.pt\/es\/wp-json\/wp\/v2\/comments?post=34277"}],"wp:featuredmedia":[{"embeddable":true,"href":"https:\/\/visitaltotamegaebarroso.pt\/es\/wp-json\/wp\/v2\/media\/34273"}],"wp:attachment":[{"href":"https:\/\/visitaltotamegaebarroso.pt\/es\/wp-json\/wp\/v2\/media?parent=34277"}],"wp:term":[{"taxonomy":"post_tag","embeddable":true,"href":"https:\/\/visitaltotamegaebarroso.pt\/es\/wp-json\/wp\/v2\/tags?post=34277"},{"taxonomy":"mec_category","embeddable":true,"href":"https:\/\/visitaltotamegaebarroso.pt\/es\/wp-json\/wp\/v2\/mec_category?post=34277"}],"curies":[{"name":"wp","href":"https:\/\/api.w.org\/{rel}","templated":true}]}}

Chaves | Cineclube De Chaves &#8211; Festival de Cortometrajes Jóvenes

<p>El Teatro Experimental Flaviense &#8211; Cineclube de Chaves se ha asociado con la Escuela Secundaria Dr. Júlio Martins para un proyecto que duró el primer semestre del año, reuniendo a las clases de 9º curso para realizar cortometrajes en un contexto escolar en la asignatura de Educación Visual, donde el foco es la promoción de nuestro pueblo, experiencias y cultura.<br />
Los mejores cortometrajes se presentarán en esta sesión especial de la Muestra de Cortometrajes Jóvenes, donde el enfoque es ver nuestra región a través de los ojos de los nuevos artistas de Flavi.<br />
Entrada: No socios 3,50 euros, socios gratis (con la cuota al día).<br />
Org: Teatro Experimental Flaviense &#8211; Cineclube de Chaves<br />
Apoyo: Grupo Escolar Dr. Júlio Martins y Ayuntamiento de Chaves</p>

<p>El Teatro Experimental Flaviense &#8211; Cineclube de Chaves se ha asociado con la Escuela Secundaria Dr. Júlio Martins para un proyecto que duró el primer semestre del año, reuniendo a las clases de 9º curso para realizar cortometrajes en un [&hellip;]</p>
